{"id":1061,"date":"2016-10-27T18:11:58","date_gmt":"2016-10-27T21:11:58","guid":{"rendered":"http:\/\/blogs.magicjudges.org\/brasil\/?page_id=1061"},"modified":"2016-10-27T18:14:02","modified_gmt":"2016-10-27T21:14:02","slug":"ipg2-2","status":"publish","type":"page","link":"https:\/\/blogs.magicjudges.org\/brasil\/regras\/ipg\/ipg2-0\/ipg2-2\/","title":{"rendered":"IPG 2.2 Erro de Jogo &#8211; Olhar Cards Extras"},"content":{"rendered":"<h2>2.2 Erro De Jogo \u2013 Olhar Cards Extras<\/h2>\n<div class=\"alert alert-warning\" role=\"alert\">  <\/p>\n<h2>Penalidade: Advert\u00eancia.<\/h2>\n<h2>Defini\u00e7\u00e3o<\/h2>\n<p>Um jogador olha um card que ele n\u00e3o deveria ter visto.<br \/>\n<em>Esta infra\u00e7\u00e3o \u00e9 muito f\u00e1cil de ser cometida. A todo momento que os jogadores mexem no baralho, \u00e9 poss\u00edvel que um card caia, ou vire; ou, ao comprar, dois cards podem ficar presos ou serem pegos juntos.<br \/>\nGeralmente, quando estamos falando de Olhar Cards Extras (OCE), estamos falando de um jogador ver a face de algum card de seu pr\u00f3prio grim\u00f3rio. No entanto, tamb\u00e9m existe a possibilidade de voc\u00ea ver alguns cards no grim\u00f3rio do seu oponente, enquanto o embaralha.<br \/>\nTenha cuidado para n\u00e3o confundir esta infra\u00e7\u00e3o com a infra\u00e7\u00e3o Erro de Card Oculto. Em particular, a infra\u00e7\u00e3o de Erro de Card Oculto abrange situa\u00e7\u00f5es em que voc\u00ea deveria olhar um determinado n\u00famero de cards no topo de seu grim\u00f3rio, mas acaba olhando um n\u00famero excessivo destes. Assim, neste caso espec\u00edfico, voc\u00ea est\u00e1 olhando cards extras, mas voc\u00ea n\u00e3o est\u00e1 a Olhar Cards Extras. Ser\u00e1 que o seu c\u00e9rebro d\u00f3i? O meu sim.<br \/>\nPara esclarecimento, derrubar um card enquanto voc\u00ea estiver embaralhando seu pr\u00f3prio baralho n\u00e3o \u00e9 Olhar Cards Extras. Basta colocar o card de volta e continuar a embaralhar.<br \/>\nObservar a face de um card ca\u00eddo ou virado de seu oponente tamb\u00e9m n\u00e3o \u00e9 Olhar Cards Extras. H\u00e1 duas raz\u00f5es para isso: 1) Se jogadores pudessem derrubar um card e fazer com que seu o seu oponente levasse uma Advert\u00eancia por isso, eles iriam embaralhar desajeitadamente rumo a um top 8. 2) MTR 3.12 permite aos jogadores revelar informa\u00e7\u00e3o oculta \u2013 como, por exemplo, os cards da m\u00e3o \u2013 a seus oponentes, desde que tais jogadores tenham, eles pr\u00f3prios, acesso legal a essa informa\u00e7\u00e3o.<\/em><\/div>\n<p>\u00c9 considerado que um jogador tenha olhado um card quando ele tiver sido capaz de observar a face oculta de um card, ou quando um card foi significativamente separado do deck, mas antes que ele toque qualquer outro card de um outro conjunto. Um conjunto \u00e9 um grupo fisicamente distinto definido por uma regra ou efeito. Ele pode corresponder a uma zona espec\u00edfica, ou pode representar s\u00f3 parte de uma zona. Isso inclui erros de destreza ou notar um erro de jogo antes de se colocar um card extra na m\u00e3o.<br \/>\n<div class=\"alert alert-info\" role=\"alert\"> <em>Esta frase define os limites do Olhar Cards Extras, mas deve ser entendida dentro do contexto de Erro de Card Oculto (ECO). Como mencionado na se\u00e7\u00e3o acima, ECO tomou uma parte do espa\u00e7o que Olhar Cards Extras costumava ter. Quando voc\u00ea manipula um conjunto de cards do topo do baralho, mas acessa um n\u00famero excessivo destes, esta infra\u00e7\u00e3o passa a ser considerada ECO. Para efeitos de ECO, uma vez que os cards sacados deixem significativamente o grim\u00f3rio como parte de uma compra, a infra\u00e7\u00e3o n\u00e3o pode mais ser considerada Olhar Cards Extras.<br \/>\nOlhar Cards Extras d\u00e1 conta de quando voc\u00ea derrubar um card, deixar cair um card enquanto embaralha, iniciar a compra de um card indevidamente, ou mover cards em excesso do topo do grim\u00f3rio para o cemit\u00e9rio. Olhar Cards Extras n\u00e3o abrange olhar 8 cards durante um Revirar o Tempo, ou usar vid\u00eancia 2 quando o correto seria usar apenas um vid\u00eancia 1.<br \/>\nMover cartas do topo do grim\u00f3rio para o cemit\u00e9rio cabe em Olhar Cards Extras porque os cards est\u00e3o sendo colocados em uma zona p\u00fablica, enquanto Revirar o Tempo \u00e9 coberto por Erro de Card Oculto porque os cards n\u00e3o est\u00e3o em uma zona p\u00fablica.<br \/>\nSe voc\u00ea j\u00e1 viu indevidamente a face de um card, mas n\u00e3o o adicionou a um outro conjunto, a infra\u00e7\u00e3o ainda \u00e9 Olhar Cards Extras. O &#8220;significativamente separado do deck&#8221; est\u00e1 l\u00e1 para que o juiz n\u00e3o tenha que lidar com a pergunta &#8220;eles viram ou n\u00e3o viram o card?&#8221;. Se houve uma separa\u00e7\u00e3o &#8220;significativa&#8221; entre carta e deck, ent\u00e3o estamos diante de Olhar Cards Extras.<br \/>\nA discuss\u00e3o sobre o que \u00e9 um \u201cconjunto\u201d \u00e9 encontrada nas defini\u00e7\u00f5es de Erro de Card Oculto. Este trecho est\u00e1 aqui para dizer que, uma vez que o card para o qual voc\u00ea est\u00e1 olhando seja adicionado a um conjunto de cards, voc\u00ea n\u00e3o estar\u00e1 mais \u201colhando\u201d para ele. A infra\u00e7\u00e3o deixa de ser Olhar Cards Extras e passa a ser Erro de Card Oculto.<\/em><\/div><\/p>\n<p>Uma vez que o card foi colocado em sua m\u00e3o, a infra\u00e7\u00e3o n\u00e3o \u00e9 Olhar Cards Extras.<br \/>\n<div class=\"alert alert-info\" role=\"alert\"> <em>Como mencionado anteriormente, h\u00e1 uma grande diferen\u00e7a \u2013 do ponto de vista da infra\u00e7\u00e3o \u2013 entre Olhar Cards Extras e Erro de Card Oculto. Apesar dessa grande diferen\u00e7a, a linha entre Olhar Cards Extras e Erro de Card Oculto \u00e9 um pouco emba\u00e7ada. Esta frase \u00e9 melhor lida como &#8220;Uma vez que um card tenha sido colocado em sua m\u00e3o, a infra\u00e7\u00e3o n\u00e3o pode ser Olhar Cards Extras\u201d. Na verdade, a infra\u00e7\u00e3o deixa de ser Olhar Cards Extras quando o conjunto de cards \u00e9 deslocado significativamente o topo do baralho.<\/em><\/div><\/p>\n<p>N\u00e3o \u00e9 considerado que um jogador tenha olhado cards extras quando ele coloca os cards de face para baixo na mesa (sem olhar o card) durante a contagem de cards.<br \/>\n<div class=\"alert alert-info\" role=\"alert\"> <em>\u00c0s vezes, os jogadores colocam cards na mesa virados para baixo antes de compr\u00e1-los, com a finalidade de contar os cards ou pensar antes de adicion\u00e1-los \u00e0 sua m\u00e3o. Isto n\u00e3o \u00e9 proibido, e os ju\u00edzes n\u00e3o devem penalizar jogadores que pratiquem a a\u00e7\u00e3o descrita. Nesta situa\u00e7\u00e3o, o crucial \u00e9 que o jogador faz isso intencionalmente e toma cuidado para n\u00e3o olhar qualquer card indevidamente. Esta afirma\u00e7\u00e3o tamb\u00e9m se aplica \u00e0 infra\u00e7\u00e3o de ECO.<\/em><\/div><\/p>\n<p>Esta penalidade \u00e9 aplicada se somente se um ou mais cards s\u00e3o vistos na mesma a\u00e7\u00e3o ou em a\u00e7\u00f5es seq\u00fcenciais.<br \/>\n<div class=\"alert alert-info\" role=\"alert\"> <em>N\u00f3s n\u00e3o penalizamos um jogador para cada card visto, caso todos eles tenham sido vistos durante a mesma jogada ou sequ\u00eancia de a\u00e7\u00f5es de jogo.<\/em><\/div><\/p>\n<h2>Exemplos<\/h2>\n<p>A. Um jogador acidentalmente revela (deixa cair, vira pra cima) o card enquanto embaralha o deck do seu oponente.<br \/>\nB. Um jogador pega um card extra enquanto est\u00e1 comprando de seu deck.<br \/>\nC. Um jogador v\u00ea o card do fundo de seu deck enquanto o apresenta para seu oponente para o corte\/embaralhamento.<br \/>\n<div class=\"alert alert-info\" role=\"alert\"> <em>Exemplo B: esta \u00faltima atualiza\u00e7\u00e3o foi v\u00edtima de um erro de edi\u00e7\u00e3o infeliz. Por favor, onde est\u00e1 \u201cpega\u201d, leia \u201clevanta, mas n\u00e3o o bastante para separar significativamente do grim\u00f3rio\u201d. Outros exemplos poderiam ser: Um jogador revela um card extra ao resolver uma habilidade de cascata. Um jogador revela cards extras ao mover cards do topo de seu deck para o cemit\u00e9rio, e o erro \u00e9 notado imediatamente.<\/em><\/div><\/p>\n<h2>Filosofia<\/h2>\n<p>\u00c9 muito f\u00e1cil um jogador acidentalmente olhar cards extras e essa infra\u00e7\u00e3o lida com situa\u00e7\u00f5es onde um erro de destreza ou de regras levou um jogador a ver cards que n\u00e3o deveria.<br \/>\n<div class=\"alert alert-info\" role=\"alert\"> <em>Jogadores mexem muito em seus decks. Mexem para embaralhar, mexem para comprar, mexem para procurar. A cada vez que um deck \u00e9 tocado, surge a possibilidade de que algu\u00e9m veja algo que n\u00e3o deveria. Considerando que \u00e9 f\u00e1cil de acontecer, f\u00e1cil de perceber e f\u00e1cil de corrigir, uma advert\u00eancia \u00e9 a penalidade adequada.<\/em><\/div><\/p>\n<p>Uma vez que os cards se juntaram a outro conjunto, esta infra\u00e7\u00e3o \u00e9 considerada um Erro de Card Oculto ou Viola\u00e7\u00e3o de Regras de jogo.<br \/>\n<div class=\"alert alert-info\" role=\"alert\"> <em>Todos sabemos que comprar \u00e9 diferente de olhar, mas \u00e0s vezes esta linha n\u00e3o \u00e9 f\u00e1cil de determinar. A linha aqui \u00e9 quando o card que estamos olhando \u00e9 adicionado a um outro conjunto de cards, seja a m\u00e3o, sejam os outros sete cards de um Revirar o Tempo. Tenha em mente que, para esta infra\u00e7\u00e3o, voc\u00ea \u00e9 autorizado a se valer um pouco do seu julgamento quando se trata de &#8220;Eu quis pegar um card e em vez disso, peguei dois\u201d. Isso ainda n\u00e3o \u00e9 &#8220;acrescentar a um conjunto&#8221;.<\/em><\/div><\/p>\n<p>Jogadores n\u00e3o podem usar essa penalidade para obter um \u201cembaralhamento gratuito\u201d ou para for\u00e7ar o embaralhamento de cards que ele n\u00e3o deseja comprar, podendo dessa forma caracteriza-se como Conduta Antidesportiva \u2013 Trapa\u00e7a.<br \/>\n<div class=\"alert alert-info\" role=\"alert\"> <em>Este ponto envolve a capacidade do juiz para investigar se um jogador est\u00e1 mentindo. Alguns jogadores sabem que a corre\u00e7\u00e3o adicional para Olhar Cards Extras \u00e9 um embaralhamento, ent\u00e3o eles podem &#8220;acidentalmente&#8221; olhar um card, a fim de tentar obter um embaralhamento. Isto \u00e9 Trapa\u00e7a, e ajuda a enfatizar o ponto que precisamos determinar se existem cards com posi\u00e7\u00f5es conhecidas antes de aplicar a corre\u00e7\u00e3o adicional. Quando voc\u00ea chegar \u00e0 mesa fa\u00e7a algumas perguntas a ambos os jogadores para ter uma boa no\u00e7\u00e3o do que est\u00e1 realmente acontecendo.<\/em><\/div><\/p>\n<p>Os jogadores tamb\u00e9m n\u00e3o podem permitir o uso dessa penalidade como uma estrat\u00e9gia para gastar o tempo.<\/p>\n<div class=\"alert alert-info\" role=\"alert\"> <em>Embaralhar um grim\u00f3rio requer algum tempo, e os jogadores sabem disso. Como ju\u00edzes, devemos evitar que os jogadores tirem proveito do limite de tempo, assim como temos que entender quando um jogador est\u00e1 tentando fazer isso. Isto tamb\u00e9m \u00e9 considerado trapa\u00e7a (Protelar, a bem da verdade), mas ser\u00e1 muito dif\u00edcil descobrir. Se a rodada estiver terminando, mantenha-se pr\u00f3ximo e observe, caso voc\u00ea suspeite que este possa ser o caso.<\/em><\/div>\n<p>O deck j\u00e1 est\u00e1 aleat\u00f3rio, ent\u00e3o embaralhar os cards revelados n\u00e3o deve envolver um esfor\u00e7o excessivo.<br \/>\n<div class=\"alert alert-info\" role=\"alert\"> <em>Isto significa que o jogador n\u00e3o tem que perder tempo embaralhando como ele faria nos procedimentos antes do jogo. Alguns embaralhamentos simples devem ser suficientes. O objetivo \u00e9 &#8220;perder de vista&#8221; no grim\u00f3rio os cards ilegalmente vistos.<\/em><\/div><\/p>\n<h2>Solu\u00e7\u00e3o Adicional<\/h2>\n<p>Embaralhar a parte aleat\u00f3ria do deck, incluindo quaisquer cards que eram desconhecidos anteriormente, mais os que foram vistos.<br \/>\n<div class=\"alert alert-info\" role=\"alert\"> <em>Veja IPG 1.3 para detalhes sobre como embaralhar um deck. Mas o resumo \u00e9: descobrir quais cards s\u00e3o legalmente conhecidos por meio de coisas como vid\u00eancia ou cascata, e, deixando esses cards de lado, embaralhe todos os cards que sobraram. Se os cards vistos acidentalmente eram previamente conhecidos (como os colocados de volta por uma Tempestade Cerebral), voc\u00ea n\u00e3o deve fazer este procedimento.<\/em><\/div><\/p>\n","protected":false},"excerpt":{"rendered":"<p>2.2 Erro De Jogo \u2013 Olhar Cards Extras \u00c9 considerado que um jogador tenha olhado um card quando ele tiver sido capaz de observar a face oculta de um card, ou quando um card foi significativamente separado do deck, mas antes que ele toque qualquer outro card de um outro conjunto. Um conjunto \u00e9 um [&hellip;]<\/p>\n","protected":false},"author":249,"featured_media":0,"parent":1054,"menu_order":0,"comment_status":"closed","ping_status":"closed","template":"page_width-index.php","meta":{"footnotes":"","_links_to":"","_links_to_target":""},"language":[],"class_list":["post-1061","page","type-page","status-publish","hentry"],"_links":{"self":[{"href":"https:\/\/blogs.magicjudges.org\/brasil\/wp-json\/wp\/v2\/pages\/1061","targetHints":{"allow":["GET"]}}],"collection":[{"href":"https:\/\/blogs.magicjudges.org\/brasil\/wp-json\/wp\/v2\/pages"}],"about":[{"href":"https:\/\/blogs.magicjudges.org\/brasil\/wp-json\/wp\/v2\/types\/page"}],"author":[{"embeddable":true,"href":"https:\/\/blogs.magicjudges.org\/brasil\/wp-json\/wp\/v2\/users\/249"}],"replies":[{"embeddable":true,"href":"https:\/\/blogs.magicjudges.org\/brasil\/wp-json\/wp\/v2\/comments?post=1061"}],"version-history":[{"count":2,"href":"https:\/\/blogs.magicjudges.org\/brasil\/wp-json\/wp\/v2\/pages\/1061\/revisions"}],"predecessor-version":[{"id":1066,"href":"https:\/\/blogs.magicjudges.org\/brasil\/wp-json\/wp\/v2\/pages\/1061\/revisions\/1066"}],"up":[{"embeddable":true,"href":"https:\/\/blogs.magicjudges.org\/brasil\/wp-json\/wp\/v2\/pages\/1054"}],"wp:attachment":[{"href":"https:\/\/blogs.magicjudges.org\/brasil\/wp-json\/wp\/v2\/media?parent=1061"}],"wp:term":[{"taxonomy":"language","embeddable":true,"href":"https:\/\/blogs.magicjudges.org\/brasil\/wp-json\/wp\/v2\/language?post=1061"}],"curies":[{"name":"wp","href":"https:\/\/api.w.org\/{rel}","templated":true}]}}