{"id":1080,"date":"2016-10-27T18:25:01","date_gmt":"2016-10-27T21:25:01","guid":{"rendered":"http:\/\/blogs.magicjudges.org\/brasil\/?page_id=1080"},"modified":"2016-10-27T18:33:52","modified_gmt":"2016-10-27T21:33:52","slug":"ipg-3-2-erro-de-torneio-ajuda-externa","status":"publish","type":"page","link":"https:\/\/blogs.magicjudges.org\/brasil\/regras\/ipg\/ipg3-0\/ipg-3-2-erro-de-torneio-ajuda-externa\/","title":{"rendered":"IPG 3.2 Erro de Torneio \u2013 Ajuda Externa"},"content":{"rendered":"<h2>3.2 Erro de Torneio \u2013 Ajuda Externa<\/h2>\n<div class=\"alert alert-warning\" role=\"alert\">  <\/p>\n<h2> Penalidade: Perda de Partida <\/h2>\n<p> <\/div>\n<h2>Defini\u00e7\u00e3o<\/h2>\n<p>Um jogador, espectador, ou outro participante do torneio executa qualquer uma das seguintes op\u00e7\u00f5es: <\/p>\n<p>\u25cf Busca conselhos de jogo ou informa\u00e7\u00f5es ocultas sobre o seu jogo a partir de outros, uma vez que ele tenha se sentado para jogar.<br \/>\n<div class=\"alert alert-info\" role=\"alert\"> <em>Assim que um jogador senta para sua partida, ele n\u00e3o pode receber instru\u00e7\u00f5es ou informa\u00e7\u00f5es de outras pessoas sobre a sua partida. Conversas casuais n\u00e3o s\u00e3o proibidas, a n\u00e3o ser que elas incluam informa\u00e7\u00e3o que possa beneficiar um dos jogadores. Isto n\u00e3o inclui pedir conselhos quando os pareamentos s\u00e3o postados, na banca de trocas ou fora do recinto enquanto fumam um cigarro. Jogadores v\u00e3o conversar sobre os decks que enfrentaram ou pensam que ir\u00e3o enfrentar. N\u00f3s n\u00e3o podemos controlar o que eles conversam no banheiro. <\/em><\/div><\/p>\n<p>\u25cf D\u00e1 conselhos de jogo ou revela informa\u00e7\u00f5es ocultas para os jogadores que se sentaram para a sua partida.<br \/>\n<div class=\"alert alert-info\" role=\"alert\"> <em>Este cen\u00e1rio geralmente acontece quando um jogador j\u00e1 acabou sua partida e est\u00e1 assistindo a um amigo jogar. Especialmente para jogadores que ainda se encontram no torneio, esse comportamento deve ser punido, e uma Perda de Partida deve ser aplicada. Tenha em mente que estamos tratando de conselhos sobre o jogo. \u201cN\u00e3o esque\u00e7a de atacar\u201d \u00e9 conselho de jogo. \u201cConcede para irmos comer\u201d n\u00e3o \u00e9 conselho de jogo \u2013 muito embora ambas as conversas possam resultar no fim do jogo. <\/em><\/div><\/p>\n<p>\u25cf Durante um jogo, consulta notas (exceto p\u00e1ginas da Oracle\u2122) feitas antes do in\u00edcio oficial do jogo atual.<br \/>\n<div class=\"alert alert-info\" role=\"alert\"> <em>A forma das notas podem ser variadas, mas geralmente est\u00e3o em papel. Olhar essas anota\u00e7\u00f5es entre os jogos \u00e9 perfeitamente legal. No entanto, consult\u00e1-las durante um jogo n\u00e3o \u00e9 permitido. Como exce\u00e7\u00e3o, a consulta a um texto oficial do Oracle \u00e9 permitida a qualquer momento de um jogo. Normalmente os jogadores chamar\u00e3o um juiz, quando surgir a necessidade dessa consulta, mas, caso algu\u00e9m possua uma c\u00f3pia impressa do texto Oracle das cartas em quest\u00e3o, essa pessoa poder\u00e1 us\u00e1-la, desde que seja r\u00e1pida. <\/em><\/div><\/p>\n<p>Estes crit\u00e9rios tamb\u00e9m se aplicam a qualquer constru\u00e7\u00e3o da decks e escolhas em drafts de um torneio limitado. Al\u00e9m disso, nenhuma nota de qualquer tipo pode ser feita durante um draft. Alguns formatos de times t\u00eam regras de comunica\u00e7\u00e3o adicionais que podem modificar a defini\u00e7\u00e3o desta infra\u00e7\u00e3o.<br \/>\n<div class=\"alert alert-info\" role=\"alert\"> <em>Durante eventos Limitados, seja o formato selado ou draft, jogadores no decorrer das por\u00e7\u00f5es de draft ou constru\u00e7\u00e3o de deck ser\u00e3o tratados como se efetivamente estivessem em uma partida. Assim, qualquer comportamento que se encaixe nas defini\u00e7\u00f5es acima ser\u00e1 considerado Ajuda Externa e submetido \u00e0 mesma penalidade. Exemplos s\u00e3o: \u201cVoc\u00ea for\u00e7ou branco?\u201d, \u201cQuantas florestas devo usar?\u201d ou \u201cO que devo tentar montar durante o draft?\u201d. Em alguns formatos, como Gigante de Duas Cabe\u00e7as, os membros da equipe podem discutir decks e estrat\u00e9gias entre eles. <\/em><\/div><\/p>\n<p>Anota\u00e7\u00f5es feitas fora do jogo em curso s\u00f3 podem ser referenciadas entre os jogos, e devem estar sob posse do jogador desde o in\u00edcio da partida.<br \/>\n<div class=\"alert alert-info\" role=\"alert\"> <em>Estas notas podem ser um guia de como utilizar a reserva em diferentes partidas. Uma nota tomada durante o primeiro jogo de uma partida pode ser utilizada durante o jogo dois. O \u201ccome\u00e7o da partida\u201d \u00e9 a linha limite porque necessitamos de uma, e esta \u00e9 a que mais faz sentido. Jogadores n\u00e3o podem checar a internet por estrat\u00e9gias de utiliza\u00e7\u00e3o da reserva entre os jogos. <\/em><\/div><\/p>\n<h2>Exemplos <\/h2>\n<p>A. Durante um jogo, um jogador consulta notas que foram criadas antes do torneio. <\/p>\n<p>B. Um espectador informa a jogada correta para um jogador que n\u00e3o havia solicitado tais informa\u00e7\u00f5es. <\/p>\n<h2>Filosofia <\/h2>\n<p>Torneios devem testar a habilidade de um jogador, e n\u00e3o a sua capacidade de seguir conselhos ou dire\u00e7\u00f5es externas. Alguns conselhos estrat\u00e9gicos, assessoria no jogo, ou conselho de constru\u00e7\u00e3o de um deck a partir de uma fonte externa \u00e9 considerada Ajuda Externa.<br \/>\n<div class=\"alert alert-info\" role=\"alert\"> <em>Um jogo \u00e9 disputado por dois jogadores. N\u00e3o entre um jogador e seu amigo, ou o Google ou o universo do Twitter. Ajuda Externa pode ser uma palavra, um peda\u00e7o de papel ou um gesto. Pode ser a mera solicita\u00e7\u00e3o de conselho. Se houve comunica\u00e7\u00e3o que pode ter transmitido ajuda estrat\u00e9gica a um dos jogadores, ent\u00e3o esta deve ser tida e tratada como Ajuda Externa. Por\u00e9m, tenha em mente (e isto \u00e9 controverso em muitos c\u00edrculos) que dizer ou perguntar pelo o resultado de outra partida a um jogador n\u00e3o configura Ajuda Externa, ainda que essa informa\u00e7\u00e3o seja utilizada para terminar um jogo. <\/em><\/div><\/p>\n<p>Modifica\u00e7\u00f5es visuais nos cards, incluindo textos breves, que fornecem informa\u00e7\u00f5es estrat\u00e9gicas menores ou sugest\u00f5es s\u00e3o aceit\u00e1veis e n\u00e3o s\u00e3o considerados notas. Instru\u00e7\u00f5es detalhadas ou conselhos estrat\u00e9gicos complexos n\u00e3o podem ser escritas em cards. O Juiz Mor tem a decis\u00e3o final do que se refere a card e notas aceit\u00e1veis para um torneio.<br \/>\n<div class=\"alert alert-info\" role=\"alert\"> <em>Alguns jogadores escrevem nos cards notas que podem conter informa\u00e7\u00e3o estrat\u00e9gica. Diversas palavras, marcas, ou uma imagem s\u00e3o toler\u00e1veis, mas senten\u00e7as podem extrapolar o permitido. Marcar pequenos sinais na face de cards da reserva, ou \u201cataque comigo\u201d em uma Esfera de Raios ou um Mago das Quinquilharias alterado com a imagem do artefato que se pretende buscar com sua habilidade. Caso voc\u00ea n\u00e3o tenha certeza sobre a admissibilidade de uma modifica\u00e7\u00e3o desse tipo, pergunte ao juiz mor. <\/em><\/div><\/p>\n<p>Espectadores que cometem essa infra\u00e7\u00e3o podem ser convidados a deixar o local, caso n\u00e3o estejam inscritos no torneio.<br \/>\n<div class=\"alert alert-info\" role=\"alert\"> <em>Para jogadores que ainda est\u00e3o no torneio, Ajuda Externa pode ser a Espada de D\u00e2mocles que previne que eles ofere\u00e7am ajuda ou busquem sugest\u00f5es de outros jogadores. No entanto, espectadores n\u00e3o precisam se preocupar com uma potencial puni\u00e7\u00e3o pois eles n\u00e3o t\u00eam \u201cuma pr\u00f3xima partida\u201d \u00e0 qual se aplicaria a Perda de Partida. Nesse caso, os ju\u00edzes devem pedir, educadamente, que o espectador se retire da \u00e1rea de jogo. Isto servir\u00e1 de aviso a outros espectadores que n\u00e3o conseguem se conter de que esse tipo de comportamento n\u00e3o ser\u00e1 aceito. N\u00e3o estar inscrito no torneio n\u00e3o protege ningu\u00e9m desta infra\u00e7\u00e3o. Se um espectador n\u00e3o inscrito comete Ajuda Externa, inscreva-o no torneio, insira a penalidade no WER e retire-o do evento. <\/em><\/div><\/p>\n","protected":false},"excerpt":{"rendered":"<p>3.2 Erro de Torneio \u2013 Ajuda Externa Defini\u00e7\u00e3o Um jogador, espectador, ou outro participante do torneio executa qualquer uma das seguintes op\u00e7\u00f5es: \u25cf Busca conselhos de jogo ou informa\u00e7\u00f5es ocultas sobre o seu jogo a partir de outros, uma vez que ele tenha se sentado para jogar. \u25cf D\u00e1 conselhos de jogo ou revela informa\u00e7\u00f5es [&hellip;]<\/p>\n","protected":false},"author":249,"featured_media":0,"parent":1075,"menu_order":0,"comment_status":"closed","ping_status":"closed","template":"page_width-index.php","meta":{"footnotes":"","_links_to":"","_links_to_target":""},"language":[],"class_list":["post-1080","page","type-page","status-publish","hentry"],"_links":{"self":[{"href":"https:\/\/blogs.magicjudges.org\/brasil\/wp-json\/wp\/v2\/pages\/1080","targetHints":{"allow":["GET"]}}],"collection":[{"href":"https:\/\/blogs.magicjudges.org\/brasil\/wp-json\/wp\/v2\/pages"}],"about":[{"href":"https:\/\/blogs.magicjudges.org\/brasil\/wp-json\/wp\/v2\/types\/page"}],"author":[{"embeddable":true,"href":"https:\/\/blogs.magicjudges.org\/brasil\/wp-json\/wp\/v2\/users\/249"}],"replies":[{"embeddable":true,"href":"https:\/\/blogs.magicjudges.org\/brasil\/wp-json\/wp\/v2\/comments?post=1080"}],"version-history":[{"count":1,"href":"https:\/\/blogs.magicjudges.org\/brasil\/wp-json\/wp\/v2\/pages\/1080\/revisions"}],"predecessor-version":[{"id":1081,"href":"https:\/\/blogs.magicjudges.org\/brasil\/wp-json\/wp\/v2\/pages\/1080\/revisions\/1081"}],"up":[{"embeddable":true,"href":"https:\/\/blogs.magicjudges.org\/brasil\/wp-json\/wp\/v2\/pages\/1075"}],"wp:attachment":[{"href":"https:\/\/blogs.magicjudges.org\/brasil\/wp-json\/wp\/v2\/media?parent=1080"}],"wp:term":[{"taxonomy":"language","embeddable":true,"href":"https:\/\/blogs.magicjudges.org\/brasil\/wp-json\/wp\/v2\/language?post=1080"}],"curies":[{"name":"wp","href":"https:\/\/api.w.org\/{rel}","templated":true}]}}