{"id":1099,"date":"2016-10-29T22:15:20","date_gmt":"2016-10-30T01:15:20","guid":{"rendered":"http:\/\/blogs.magicjudges.org\/brasil\/?page_id=1099"},"modified":"2016-11-25T11:45:03","modified_gmt":"2016-11-25T14:45:03","slug":"ipg4","status":"publish","type":"page","link":"https:\/\/blogs.magicjudges.org\/brasil\/regras\/ipg\/ipg4\/","title":{"rendered":"IPG 4 Condutas Antidesportivas"},"content":{"rendered":"<h2>4 CONDUTAS ANTIDESPORTIVAS<\/h2>\n<p>Conduta antidesportiva \u00e9 um comportamento disruptivo que pode afetar a seguran\u00e7a, competitividade, entretenimento ou integridade de um evento de maneira significativamente negativa.<br \/>\n<div class=\"alert alert-info\" role=\"alert\"> <em>Esta \u00e9 uma defini\u00e7\u00e3o geral do que constitui uma \u201cConduta Antidesportiva\u201d e \u00e9 bem abrangente. Alguns de voc\u00eas podem pensar que isto cobre muito mais do que o esperado \u2013 mas tenha em mente que todas essas coisas s\u00e3o vitais para proporcionar uma boa experi\u00eancia de torneio. Como ju\u00edzes, n\u00f3s devemos atentar para coisas que podem criar uma experi\u00eancia negativa para os jogadores e lidar com elas de maneira apropriada.<\/em><\/div><\/p>\n<p>Comportamento antidesportivo n\u00e3o \u00e9 o mesmo que aus\u00eancia de comportamento esportivo. Existe um grande n\u00famero de comportamentos \u201ccompetitivos\u201d que certamente n\u00e3o s\u00e3o \u201clegais\u201d ou \u201cesportivos\u201d, mas ainda assim n\u00e3o se qualificam como \u201cantidesportivos\u201d.<br \/>\n<div class=\"alert alert-info\" role=\"alert\"> <em>\u00c9 importante pontuar este esclarecimento: se um jogador n\u00e3o est\u00e1 sendo \u201clegal\u201d com voc\u00ea, n\u00e3o significa, necessariamente, que ele est\u00e1 apresentando conduta antidesportiva. Por exemplo, voc\u00ea n\u00e3o \u00e9 obrigado a dizer \u201cbom jogo\u201d depois de uma derrota esmagadora. N\u00e3o \u00e9 mandat\u00f3rio cumprimentar seu oponente ou apertar sua m\u00e3o. Seu oponente n\u00e3o \u00e9 obrigado a dizer exatamente o que um card faz. Nenhum desses casos constitui Conduta Antidesportiva. Cada um \u00e9 livre para manter sua \u201ccara de jogador s\u00e9rio\u201d durante uma partida.<\/em><\/div><\/p>\n<p>O Juiz Mor \u00e9 o \u00e1rbitro final no que constitui conduta antidesportiva.<br \/>\n<div class=\"alert alert-info\" role=\"alert\"> <em>Ju\u00edzes de sal\u00e3o podem decidir aplicar uma penalidade por Conduta Antidesportiva, por\u00e9m os jogadores podem apelar ao Juiz Mor. Assim como expresso em diversas se\u00e7\u00f5es deste documento, o Juiz Mor \u00e9 a autoridade final quando \u00e9 preciso determinar se algo \u00e9 Conduta Antidesportiva. Tamb\u00e9m \u00e9 necess\u00e1rio a autoriza\u00e7\u00e3o do Juiz Mor para que sejam aplicadas quaisquer penalidades mais severas, como Perda de Jogo ou superiores. No caso de uma Desqualifica\u00e7\u00e3o, a penalidade deve ser aplicada pelo pr\u00f3prio Juiz Mor.<\/em><\/div><\/p>\n<p>Ju\u00edzes devem informar aos jogadores de que maneira sua conduta \u00e9 disruptiva. Espera-se que o jogador corrija a situa\u00e7\u00e3o e comportamento imediatamente. No entanto, embora fazer com que o jogador entenda a severidade da situa\u00e7\u00e3o seja importante, os ju\u00edzes devem antes focar em acalmar uma situa\u00e7\u00e3o, e lidar com infra\u00e7\u00f5es e penalidades depois.<br \/>\n<div class=\"alert alert-info\" role=\"alert\"> <em>Algumas vezes os jogadores n\u00e3o percebem que seu comportamento est\u00e1 comprometendo o evento. Eles est\u00e3o imersos em seus assuntos, ent\u00e3o os ju\u00edzes devem avis\u00e1-los sobre sua atitude problem\u00e1tica. Ap\u00f3s esse aviso, o jogador deve corrigir sua atitude imediatamente. No entanto, para evitar que situa\u00e7\u00f5es escalem, os ju\u00edzes devem ter como foco principal manter os acontecimentos sob controle. Se voc\u00ea tem um jogador que est\u00e1 nervoso, aplicar a penalidade naquele momento provavelmente s\u00f3 far\u00e1 piorar o caso. Controle a situa\u00e7\u00e3o, e s\u00f3 ent\u00e3o se preocupe com as infra\u00e7\u00f5es.<\/em><\/div><\/p>\n","protected":false},"excerpt":{"rendered":"<p>4 CONDUTAS ANTIDESPORTIVAS Conduta antidesportiva \u00e9 um comportamento disruptivo que pode afetar a seguran\u00e7a, competitividade, entretenimento ou integridade de um evento de maneira significativamente negativa. Comportamento antidesportivo n\u00e3o \u00e9 o mesmo que aus\u00eancia de comportamento esportivo. Existe um grande n\u00famero de comportamentos \u201ccompetitivos\u201d que certamente n\u00e3o s\u00e3o \u201clegais\u201d ou \u201cesportivos\u201d, mas ainda assim n\u00e3o se [&hellip;]<\/p>\n","protected":false},"author":249,"featured_media":0,"parent":1009,"menu_order":0,"comment_status":"closed","ping_status":"closed","template":"page_width-index.php","meta":{"footnotes":"","_links_to":"","_links_to_target":""},"language":[],"class_list":["post-1099","page","type-page","status-publish","hentry"],"_links":{"self":[{"href":"https:\/\/blogs.magicjudges.org\/brasil\/wp-json\/wp\/v2\/pages\/1099","targetHints":{"allow":["GET"]}}],"collection":[{"href":"https:\/\/blogs.magicjudges.org\/brasil\/wp-json\/wp\/v2\/pages"}],"about":[{"href":"https:\/\/blogs.magicjudges.org\/brasil\/wp-json\/wp\/v2\/types\/page"}],"author":[{"embeddable":true,"href":"https:\/\/blogs.magicjudges.org\/brasil\/wp-json\/wp\/v2\/users\/249"}],"replies":[{"embeddable":true,"href":"https:\/\/blogs.magicjudges.org\/brasil\/wp-json\/wp\/v2\/comments?post=1099"}],"version-history":[{"count":3,"href":"https:\/\/blogs.magicjudges.org\/brasil\/wp-json\/wp\/v2\/pages\/1099\/revisions"}],"predecessor-version":[{"id":1233,"href":"https:\/\/blogs.magicjudges.org\/brasil\/wp-json\/wp\/v2\/pages\/1099\/revisions\/1233"}],"up":[{"embeddable":true,"href":"https:\/\/blogs.magicjudges.org\/brasil\/wp-json\/wp\/v2\/pages\/1009"}],"wp:attachment":[{"href":"https:\/\/blogs.magicjudges.org\/brasil\/wp-json\/wp\/v2\/media?parent=1099"}],"wp:term":[{"taxonomy":"language","embeddable":true,"href":"https:\/\/blogs.magicjudges.org\/brasil\/wp-json\/wp\/v2\/language?post=1099"}],"curies":[{"name":"wp","href":"https:\/\/api.w.org\/{rel}","templated":true}]}}