{"id":1108,"date":"2016-10-29T22:42:56","date_gmt":"2016-10-30T01:42:56","guid":{"rendered":"http:\/\/blogs.magicjudges.org\/brasil\/?page_id=1108"},"modified":"2016-10-30T20:46:22","modified_gmt":"2016-10-30T23:46:22","slug":"ipg4-4","status":"publish","type":"page","link":"https:\/\/blogs.magicjudges.org\/brasil\/regras\/ipg\/ipg4\/ipg4-4\/","title":{"rendered":"IPG 4.4 Conduta Antidesportiva &#8211; Suborno e Aposta"},"content":{"rendered":"<h2>4.4 Conduta Antidesportiva \u2014 Suborno e Aposta<\/h2>\n<div class=\"alert alert-warning\" role=\"alert\"> <\/p>\n<h2>Penalidade: Desqualifica\u00e7\u00e3o<\/h2>\n<p><\/div>\n<h2>Defini\u00e7\u00e3o<\/h2>\n<p>Um jogador oferece um incentivo para que seu oponente conceda, empate, ou mude o resultado da partida, ou aceita uma dessas ofertas. Referencie a se\u00e7\u00e3o 5.2 das Regras de Torneio de Magic para uma descri\u00e7\u00e3o mais detalhada do que constitui Suborno.<br \/>\n<div class=\"alert alert-info\" role=\"alert\"> <em>Onde o IPG diz \u201cconsulte as Regras de Torneio de Magic\u201d isto significa \u201ctudo a respeito de Suborno menos a penalidade est\u00e1 no documento Regras de Torneios de Magic\u201d. Portanto vamos enumerar os pontos-chave aqui (por favor consulte as Regras de Torneios de Magic para detalhes sobre a quest\u00e3o). Artigos inteiros foram escritos sobre o que \u00e9\/n\u00e3o \u00e9 permitido. Estamos apenas enumerando aqui.<br \/>\nAbandonar o torneio, conceder, ou concordar com um empate intencional n\u00e3o devem ser feitos em troca de qualquer tipo de recompensa ou incentivo. Afirma\u00e7\u00f5es como \u201cte concedo se eu ficar com sua promo de FNM\u201d ou \u201cOlha, se eu fizer Top 8, entro na premia\u00e7\u00e3o em dinheiro e posso ser bem generoso\u201d s\u00e3o inaceit\u00e1veis. \u201cOlha, estou com fome, vamos empatar pra poder comer antes da pr\u00f3xima rodada\u201d n\u00e3o \u00e9 uma oferta ou incentivo, e portanto \u00e9 aceit\u00e1vel.<br \/>\nSe um jogador recebe uma proposta de Suborno, este jogador deve chamar um juiz imediatamente, ou vai receber a mesma penalidade que o jogador que fez a oferta. Isto pode parecer que estamos incentivando os jogadores a serem dedo-duros, mas existem muitas raz\u00f5es para tal. Uma das maiores raz\u00f5es \u00e9 que isto aumenta o risco para o jogador que faz a oferta caso o outro jogador a recuse. Os jogadores podem concordar em dividir o pr\u00eamio antes ou durante uma partida, contanto que n\u00e3o esteja condicionado a um resultado espec\u00edfico.<br \/>\nEm uma Final, existe uma exce\u00e7\u00e3o nas regras de Suborno que permite aos jogadores dividirem o pr\u00eamio como quiserem, contanto que n\u00e3o inclua incentivos de fora da premia\u00e7\u00e3o. Se a Final tiver um pr\u00eamio que n\u00e3o \u00e9 divis\u00edvel, como um convite para um Pro Tour, ent\u00e3o o jogador que n\u00e3o ficar como pr\u00eamio deve abandonar o torneio &#8211; n\u00e3o conceder a partida, abandonar o torneio.<br \/>\nOs jogadores podem usar informa\u00e7\u00f5es de resultado de outra partida para determinar se querem oferecer um empate intencional. Entretanto, eles n\u00e3o podem ficar esperando estas outras partidas terminarem, levantarem de seus assentos, ou chegar num acordo com outros jogadores.<br \/>\nEm alguns eventos, durante as eliminat\u00f3rias simples, os jogadores podem decidir dividir toda a premia\u00e7\u00e3o por igual. Isto requer a concord\u00e2ncia do Organizador do Torneio, e deve ser un\u00e2nime entre os jogadores.<\/em><\/div><\/p>\n<p>Apostas ocorrem quando um jogador ou espectador em um torneio faz ou oferece fazer uma aposta sobre o resultado de um torneio, partida ou por\u00e7\u00e3o de um torneio ou partida. A aposta n\u00e3o precisa ser monet\u00e1ria, e \u00e9 irrelevante se o jogador est\u00e1 ou n\u00e3o apostando em sua pr\u00f3pria partida.<br \/>\n<div class=\"alert alert-info\" role=\"alert\"> <em>Aposta \u00e9 mais simples de se entender. Se voc\u00ea aposta em qualquer coisa dentro do evento, isto constitui jogatina, o que n\u00e3o \u00e9 permitido em eventos sancionados. Uma vez que as pessoas apostam qualquer coisa no resultado de jogos de um evento, se os ju\u00edzes n\u00e3o tomarem uma atitude e removerem os jogadores do evento, corre-se o risco de danificar a imagem do Magic como um todo, al\u00e9m deste evento espec\u00edfico. Existiram casos de FNM fechados pela policia local por parecerem estar quebrando as leis locais sobre jogos de azar. Este \u00e9 o tipo de coisa que a Wizards of the Coast n\u00e3o quer que pensem a respeito quando pensam do seu jogo, por isto esta \u00e9 uma pol\u00edtica de toler\u00e2ncia zero.<\/em><\/div><\/p>\n<h2>Exemplos<\/h2>\n<p>A. Um jogador nas rodadas de Su\u00ed\u00e7o oferece $100 para seu oponente conceder a partida.<br \/>\n<div class=\"alert alert-info\" role=\"alert\"> <em>Este \u00e9 um exemplo de comprar uma vit\u00f3ria, o que n\u00e3o \u00e9 permitido. \u00c9 uma vantagem injusta que basicamente possibilita \u00e0 pessoa com a carteira mais recheada a habilidade de comprar vit\u00f3rias.<\/em><\/div><br \/>\nB. Um jogador oferece ao oponente uma carta em troca de um empate.<br \/>\n<div class=\"alert alert-info\" role=\"alert\"> <em>Este \u00e9 um exemplo de incentivo que determina o resultado de uma partida. N\u00e3o \u00e9 t\u00e3o sedutor quanto a nota de $100 anterior, mas ainda assim n\u00e3o \u00e9 justo para todos os outros que algu\u00e9m use alguma outra coisa para influenciar o resultado de suas partidas.<\/em><\/div><br \/>\nC. Um jogador pede uma concess\u00e3o em troca de dividir a premia\u00e7\u00e3o.<br \/>\n<div class=\"alert alert-info\" role=\"alert\"> <em>Lembre-se que os jogadores podem concordar em dividir a premia\u00e7\u00e3o &#8211; talvez por serem amigos, ou se sentirem mal sobre alguma coisa que aconteceu com algu\u00e9m durante o evento &#8211; mas n\u00e3o se a divis\u00e3o ou troca estiverem sujeitas a qualquer tipo de resultado de jogo. Dizer que voc\u00ea concede para dividir o pr\u00eamio \u00e9 ilegal. Entretanto um cen\u00e1rio legal seria: voc\u00ea oferece a divis\u00e3o da premia\u00e7\u00e3o, e uma vez aceita, voc\u00ea pede pro oponente conceder ou voc\u00ea concede. Neste cen\u00e1rio, a divis\u00e3o da premia\u00e7\u00e3o n\u00e3o dependia da concess\u00e3o, apesar do fato que uma vez dividida a premia\u00e7\u00e3o, os jogadores n\u00e3o queiram mais jogar.<\/em><\/div><br \/>\nD. Dois jogadores concordam que o vencedor da partida poder\u00e1 escolher uma carta rara do baralho do jogador depois da partida.<br \/>\n<div class=\"alert alert-info\" role=\"alert\"> <em>Mesmo coisas como \u201cum refrigerante pelo empate\u201d ou \u201cuma massagem nos p\u00e9s mais tarde em casa\u201d s\u00e3o coisas que est\u00e3o afetando as decis\u00f5es dos jogadores, independente da inten\u00e7\u00e3o da oferta. Pode ser uma \u201cpiada\u201d entre os jogadores, mas nunca saberemos com certeza.<\/em><\/div><br \/>\nE. Dois espectadores fazem uma aposta sobre o n\u00famero de jogos necess\u00e1rios para decidir uma partida.<br \/>\n<div class=\"alert alert-info\" role=\"alert\"> <em>Este \u00e9 um grande exemplo de aposta que voc\u00ea pode n\u00e3o ter pensado imediatamente.<\/em><\/div><\/p>\n<h2>Filosofia<\/h2>\n<p>Suborno e aposta comprometem a integridade do torneio e s\u00e3o estritamente proibidos.<br \/>\n<div class=\"alert alert-info\" role=\"alert\"> <em>Ao oferecer qualquer incentivo para um resultado de uma partida, ou colocar incentivo em um resultado, os jogadores mancham a integridade do evento, e criam um ambiente de deslealdade onde resultados s\u00e3o decididos por outras coisas que n\u00e3o jogos de Magic. Por isto ser muito nocivo e dif\u00edcil de se detectar, \u00e9 penalizado com uma Desqualifica\u00e7\u00e3o, e mesmo o ato de n\u00e3o reportar o ocorrido resulta em penalidade caso o jogador receba a oferta. N\u00e3o importa se n\u00e3o existe inten\u00e7\u00e3o de aceitar a oferta, se a oferta foi s\u00e9ria, ou se a pessoa que fez a oferta \u00e9 amigo do outro jogador. Uma vez feita a oferta, n\u00e3o existe como saber se est\u00e1 ou n\u00e3o influenciando a decis\u00e3o de outro jogador. E n\u00e3o existe como saber se esta pessoa vai ou n\u00e3o fazer a mesma oferta novamente para outra pessoa.<\/em><\/div><\/p>\n","protected":false},"excerpt":{"rendered":"<p>4.4 Conduta Antidesportiva \u2014 Suborno e Aposta Defini\u00e7\u00e3o Um jogador oferece um incentivo para que seu oponente conceda, empate, ou mude o resultado da partida, ou aceita uma dessas ofertas. Referencie a se\u00e7\u00e3o 5.2 das Regras de Torneio de Magic para uma descri\u00e7\u00e3o mais detalhada do que constitui Suborno. Apostas ocorrem quando um jogador ou [&hellip;]<\/p>\n","protected":false},"author":249,"featured_media":0,"parent":1099,"menu_order":0,"comment_status":"closed","ping_status":"closed","template":"page_width-index.php","meta":{"footnotes":"","_links_to":"","_links_to_target":""},"language":[],"class_list":["post-1108","page","type-page","status-publish","hentry"],"_links":{"self":[{"href":"https:\/\/blogs.magicjudges.org\/brasil\/wp-json\/wp\/v2\/pages\/1108","targetHints":{"allow":["GET"]}}],"collection":[{"href":"https:\/\/blogs.magicjudges.org\/brasil\/wp-json\/wp\/v2\/pages"}],"about":[{"href":"https:\/\/blogs.magicjudges.org\/brasil\/wp-json\/wp\/v2\/types\/page"}],"author":[{"embeddable":true,"href":"https:\/\/blogs.magicjudges.org\/brasil\/wp-json\/wp\/v2\/users\/249"}],"replies":[{"embeddable":true,"href":"https:\/\/blogs.magicjudges.org\/brasil\/wp-json\/wp\/v2\/comments?post=1108"}],"version-history":[{"count":2,"href":"https:\/\/blogs.magicjudges.org\/brasil\/wp-json\/wp\/v2\/pages\/1108\/revisions"}],"predecessor-version":[{"id":1130,"href":"https:\/\/blogs.magicjudges.org\/brasil\/wp-json\/wp\/v2\/pages\/1108\/revisions\/1130"}],"up":[{"embeddable":true,"href":"https:\/\/blogs.magicjudges.org\/brasil\/wp-json\/wp\/v2\/pages\/1099"}],"wp:attachment":[{"href":"https:\/\/blogs.magicjudges.org\/brasil\/wp-json\/wp\/v2\/media?parent=1108"}],"wp:term":[{"taxonomy":"language","embeddable":true,"href":"https:\/\/blogs.magicjudges.org\/brasil\/wp-json\/wp\/v2\/language?post=1108"}],"curies":[{"name":"wp","href":"https:\/\/api.w.org\/{rel}","templated":true}]}}