{"id":1112,"date":"2016-10-29T22:47:27","date_gmt":"2016-10-30T01:47:27","guid":{"rendered":"http:\/\/blogs.magicjudges.org\/brasil\/?page_id=1112"},"modified":"2016-10-30T20:45:30","modified_gmt":"2016-10-30T23:45:30","slug":"ipg4-6","status":"publish","type":"page","link":"https:\/\/blogs.magicjudges.org\/brasil\/regras\/ipg\/ipg4\/ipg4-6\/","title":{"rendered":"IPG 4.6 Conduta Antidesportiva &#8211; Roubo de Material de Torneio"},"content":{"rendered":"<h2>4.6 Conduta Antidesportiva &#8211; Roubo de Material de Torneio<\/h2>\n<div class=\"alert alert-warning\" role=\"alert\"> <\/p>\n<h2>Penalidade: Desqualifica\u00e7\u00e3o<\/h2>\n<p><\/div>\n<h2>Defini\u00e7\u00e3o<\/h2>\n<p>Um jogador rouba material do evento, como cards ou equipamento de torneio.<br \/>\n<div class=\"alert alert-info\" role=\"alert\"> <em>Se voc\u00ea derivar seu sistema moral das leis de sua jurisdi\u00e7\u00e3o local, os Dez Mandamentos ou o C\u00f3digo de Hamurabi, voc\u00ea provavelmente j\u00e1 sabe que roubar \u00e9 um comportamento inaceit\u00e1vel. Este tipo de conduta tamb\u00e9m \u00e9 intoler\u00e1vel em torneios de Magic, uma vez que isso \u00e9 intoler\u00e1vel dentro de qualquer sociedade. Existe uma linha clara aqui; a fim de receber esta penalidade, o roubo deve ser de materiais do evento. Roubar um baralho EDH da mochila de um jogador inscrito n\u00e3o \u00e9 roubo de material torneio. Embora isso ainda seja inaceit\u00e1vel. Roubar \u00e9 errado. Sua m\u00e3e nunca te ensinou isso?<\/em><\/div><\/p>\n<h2>Exemplos<\/h2>\n<p>A. Um jogador rouba cards da reserva de seu oponente.<br \/>\nB. Um jogador rouba o n\u00famero da mesa.<br \/>\n<div class=\"alert alert-info\" role=\"alert\"> <em>Se um n\u00famero de mesa est\u00e1 faltando, a probabilidade \u00e9 de que o n\u00famero seja 69 ou 420.<\/em><\/div><br \/>\nC. Um jogador percebe que ele tem um card de um oponente anterior, mas o esconde ao inv\u00e9s de alertar um oficial do torneio.<\/p>\n<div class=\"alert alert-info\" role=\"alert\"> <em>O Exemplo C deixa claro que um jogador que n\u00e3o pretendia roubar algo ainda pode cometer essa infra\u00e7\u00e3o por ser omisso. Um fen\u00f4meno t\u00e3o antigo quanto Magic \u00e9 quando um jogador esquece de devolver uma criatura de seu oponente que foi alvo de uma Magia de Controle, e acidentalmente junta com seu baralho e mistura tudo. Fazer isso n\u00e3o \u00e9 um problema por si s\u00f3, desde que o jogador devolva o card ou chame um juiz no momento que este jogador perceber o problema. No entanto, um jogador notar que ele ainda tem acidentalmente um Thragueopresa de seu oponente no seu deck e resolve ficar quieto, isso sim \u00e9 um grande problema. E isso \u00e9 um dos exemplos dessa infra\u00e7\u00e3o, pense nisso como sendo uma forma de \u201cfurto passivo\u201d.<\/em><\/div>\n<h2>Filosofia<\/h2>\n<p>Jogadores entram num torneio esperando que seu material seja protegido.<br \/>\n<div class=\"alert alert-info\" role=\"alert\"> <em>Como diz o ditado, os seus direitos acabam aonde come\u00e7am os dos outros. Os jogadores t\u00eam direito a seu pr\u00f3prio material, e assim voc\u00ea n\u00e3o tem o direito de lev\u00e1-lo. N\u00e3o dever\u00edamos realmente precisar do IPG para nos dizer isso.<\/em><\/div><\/p>\n<p>Isso n\u00e3o isenta os jogadores de se responsabilizar pelas suas posses, mas eles podem esperar manter o produto que eles adquiriram atrav\u00e9s do torneio.<br \/>\n<div class=\"alert alert-info\" role=\"alert\"> <em>Furto \u00e9 uma preocupa\u00e7\u00e3o sempre presente, e ficar atento sobre o seu pr\u00f3prio material \u00e9 importante. Apesar de lembretes constantes de ju\u00edzes, Organizadores de Torneios, e aqui mesmo no pr\u00f3prio IPG, \u00e9 raro ter um grande evento sem pelo menos alguns fins de semana de jogadores serem arruinados por mochilas roubados. Enquanto os ju\u00edzes devem permanecer vigilantes para os ladr\u00f5es, os jogadores s\u00e3o respons\u00e1veis por suas pr\u00f3prias posses.<\/em><\/div><\/p>\n<p>Outras situa\u00e7\u00f5es de roubo n\u00e3o envolvendo os materiais do torneio s\u00e3o responsabilidade do Organizador do Torneio, embora ju\u00edzes sejam encorajados a ajudar de todas as maneiras poss\u00edveis.<br \/>\n<div class=\"alert alert-info\" role=\"alert\"> <em>Esta frase \u00e9 um pouco complicado. O que acontece se um jogador rouba uma Mochila de Pastas de Troca, mas n\u00e3o o baralho de um jogador? Tecnicamente, este n\u00e3o \u00e9 realmente o roubo de materiais de torneios, embora o resultado (a remo\u00e7\u00e3o do jogador do seu evento) tenha mais ou menos as mesmas consequ\u00eancias. Se o roubo \u00e9 trazido \u00e0 aten\u00e7\u00e3o de um juiz, o juiz deve envolver o Organizador do Torneio. Eles v\u00e3o lidar com a remo\u00e7\u00e3o do indiv\u00edduo da loja, ou lidar com o envolvimento da pol\u00edcia. Em tal caso, esta informa\u00e7\u00e3o ainda deve ser comunicada ao comit\u00ea de investiga\u00e7\u00e3o atrav\u00e9s daquela guia acess\u00edvel &#8220;Investiga\u00e7\u00f5es&#8221; no Centro de Ju\u00edzes. Para todos os efeitos, um jogador roubar uma bolsa deve ser tratado da mesma forma que algu\u00e9m que cometeu esta infra\u00e7\u00e3o.<br \/>\nAl\u00e9m disso, os ju\u00edzes n\u00e3o s\u00e3o aplicadores da lei &#8211; o termo &#8220;qualquer maneira poss\u00edvel&#8221; n\u00e3o deve incluir deter o agressor, cubri-lo de \u00f3leo e penas, ou deix\u00e1-lo amarrado no estacionamento do Departamento de Pol\u00edtica de Gotham City. Vamos deixar a justi\u00e7a vigilante para os super-her\u00f3is.<\/em><\/div><\/p>\n<h2>Solu\u00e7\u00e3o Adicional<\/h2>\n<p>O infrator deve ser pedido para se retirar do local pelo organizador.<br \/>\n<div class=\"alert alert-info\" role=\"alert\"> <em>Tchau tchau. Voc\u00ea n\u00e3o ganha nada. V\u00e1 embora.<\/em><\/div><\/p>\n","protected":false},"excerpt":{"rendered":"<p>4.6 Conduta Antidesportiva &#8211; Roubo de Material de Torneio Defini\u00e7\u00e3o Um jogador rouba material do evento, como cards ou equipamento de torneio. Exemplos A. Um jogador rouba cards da reserva de seu oponente. B. Um jogador rouba o n\u00famero da mesa. C. Um jogador percebe que ele tem um card de um oponente anterior, mas [&hellip;]<\/p>\n","protected":false},"author":249,"featured_media":0,"parent":1099,"menu_order":0,"comment_status":"closed","ping_status":"closed","template":"page_width-index.php","meta":{"footnotes":"","_links_to":"","_links_to_target":""},"language":[],"class_list":["post-1112","page","type-page","status-publish","hentry"],"_links":{"self":[{"href":"https:\/\/blogs.magicjudges.org\/brasil\/wp-json\/wp\/v2\/pages\/1112","targetHints":{"allow":["GET"]}}],"collection":[{"href":"https:\/\/blogs.magicjudges.org\/brasil\/wp-json\/wp\/v2\/pages"}],"about":[{"href":"https:\/\/blogs.magicjudges.org\/brasil\/wp-json\/wp\/v2\/types\/page"}],"author":[{"embeddable":true,"href":"https:\/\/blogs.magicjudges.org\/brasil\/wp-json\/wp\/v2\/users\/249"}],"replies":[{"embeddable":true,"href":"https:\/\/blogs.magicjudges.org\/brasil\/wp-json\/wp\/v2\/comments?post=1112"}],"version-history":[{"count":2,"href":"https:\/\/blogs.magicjudges.org\/brasil\/wp-json\/wp\/v2\/pages\/1112\/revisions"}],"predecessor-version":[{"id":1128,"href":"https:\/\/blogs.magicjudges.org\/brasil\/wp-json\/wp\/v2\/pages\/1112\/revisions\/1128"}],"up":[{"embeddable":true,"href":"https:\/\/blogs.magicjudges.org\/brasil\/wp-json\/wp\/v2\/pages\/1099"}],"wp:attachment":[{"href":"https:\/\/blogs.magicjudges.org\/brasil\/wp-json\/wp\/v2\/media?parent=1112"}],"wp:term":[{"taxonomy":"language","embeddable":true,"href":"https:\/\/blogs.magicjudges.org\/brasil\/wp-json\/wp\/v2\/language?post=1112"}],"curies":[{"name":"wp","href":"https:\/\/api.w.org\/{rel}","templated":true}]}}