{"id":230,"date":"2015-03-09T09:30:00","date_gmt":"2015-03-09T12:30:00","guid":{"rendered":"http:\/\/blogs.magicjudges.org\/brasil\/?page_id=230"},"modified":"2019-03-24T11:29:17","modified_gmt":"2019-03-24T14:29:17","slug":"canais-de-comunicacao","status":"publish","type":"page","link":"https:\/\/blogs.magicjudges.org\/brasil\/canais-de-comunicacao\/","title":{"rendered":"Canais de Comunica\u00e7\u00e3o"},"content":{"rendered":"<p>Estes s\u00e3o os canais de comunica\u00e7\u00e3o oficiais mantidos pela Comunidade de Ju\u00edzes de Magic do Brasil.<\/p>\n<h3>Lista de Emails &#8211; Ju\u00edzes de Magic &#8211; Brasil<\/h3>\n<p>Esta \u00e9 a lista oficial de emails de todos os ju\u00edzes do Brasil. \u00c9 atrav\u00e9s dela que comunicados oficiais s\u00e3o dados e embora a lista seja restrita a conte\u00fados relacionados ao programa de ju\u00edzes, podemos postar diversas coisas, como: d\u00favidas, sugest\u00f5es, quiz, reports de torneios, divulga\u00e7\u00f5es, etc.<br \/>\nTodos os ju\u00edzes e ju\u00edzas do Brasil est\u00e3o nesta lista. Todos podem postar e fazer uso dela.<br \/>\n<em>Todos os ju\u00edzes N2+ brasileiros s\u00e3o administradores.<\/em><\/p>\n<h3>Lista de Emails &#8211; Ju\u00edzes L2+<\/h3>\n<p>Nesta lista apenas ju\u00edzes de N\u00edvel 2 e N\u00edvel 3 est\u00e3o presentes. Nela discutem-se diferentes assuntos relacionados ao desenvolvimento de nossa comunidade: diretrizes, projetos, condutas, etc.<br \/>\n<em>Todos os ju\u00edzes N3+ brasileiros s\u00e3o administradores.<\/em><\/p>\n<h3>Facebook &#8211; Ju\u00edzes de Magic do Brasil<\/h3>\n<p><a href=\"https:\/\/www.facebook.com\/groups\/620995374593981\/\" target=\"_blank\" rel=\"noopener\">https:\/\/www.facebook.com\/groups\/620995374593981\/<\/a><br \/>\n\u00c9 um canal oficial, assim como a lista de emails. As mesmas regras e diretrizes valem para ele.<br \/>\n<i>Os ju\u00edzes n\u00edvel 3 e a Coordenadora Regional s\u00e3o administradores. Alguns ju\u00edzes n\u00edvel 2 s\u00e3o moderadores.<\/i><\/p>\n<h3>WhatsApp &#8211; D\u00favidas Urgentes<\/h3>\n<p>Este canal tem um prop\u00f3sito: ajudar ju\u00edzes e ju\u00edzas que estejam no meio de um torneio, com ele parado, precisando de ajuda para resolver uma situa\u00e7\u00e3o.<br \/>\nNeste canal n\u00e3o \u00e9 permitido nenhum tipo de discuss\u00e3o. Ele serve \u00fanica e exclusivamente para sanar uma d\u00favida urgente durante um torneio. Por isso \u00e9 pedido que s\u00f3 respondam quando tiverem certeza da resposta que est\u00e3o dando. Todos os ju\u00edzes podem postar neste canal desde que as regras sejam respeitadas.<br \/>\nA partir do momento em que uma d\u00favida foi respondida qualquer discuss\u00e3o futura dever\u00e1 ser feita por PVT ou por exemplo pela lista de emails.<br \/>\n<em>Basicamente todo judge n\u00edvel 2 \u00e9 moderador e todo judge n\u00edvel 3 \u00e9 administrador.<\/em><\/p>\n<h3>Facebook &#8211; MTG D\u00favidas? Pergunte ao Juiz<\/h3>\n<p><a href=\"https:\/\/www.facebook.com\/PergunteAoJuizMTG\" target=\"_blank\" rel=\"noopener\">https:\/\/www.facebook.com\/PergunteAoJuizMTG<\/a><br \/>\nEste \u00e9 nosso maior canal de comunica\u00e7\u00e3o com a comunidade de jogadores. Nesta p\u00e1gina d\u00favidas s\u00e3o respondidas. Apenas membros do projeto tem permiss\u00e3o para responder na p\u00e1gina.<br \/>\n<em>Diferentes ju\u00edzes administram a p\u00e1gina e <span class='judge-tooltip'><a href='https:\/\/apps.magicjudges.org\/judges\/dci\/6111406425' >Rafael Raimundo<\/a><span class='avatar'><img width='200' height='200' src='https:\/\/apps.magicjudges.org\/dci\/avatar?dci=6111406425&size=200'><\/span><\/span> \u00e9 o coordenador do projeto.<\/em><\/p>\n<h3>Blog &#8211; Ju\u00edzes de Magic do Brasil<\/h3>\n<p><a href=\"http:\/\/blogs.magicjudges.org\/brasil\/\" target=\"_blank\" rel=\"noopener\">http:\/\/blogs.magicjudges.org\/brasil\/<\/a><br \/>\nBlog oficial da comunidade brasileira. \u00c9 um projeto onde artigos, documentos e materiais produzidos pela comunidade brasileira s\u00e3o postados. Apenas membros do projeto podem postar.<br \/>\n<em><span class='judge-tooltip'><a href='https:\/\/apps.magicjudges.org\/judges\/dci\/3115445295' >Leonardo da Luz<\/a><span class='avatar'><img width='200' height='200' src='https:\/\/apps.magicjudges.org\/dci\/avatar?dci=3115445295&size=200'><\/span><\/span> \u00e9 administrador.<\/em><\/p>\n","protected":false},"excerpt":{"rendered":"<p>Estes s\u00e3o os canais de comunica\u00e7\u00e3o oficiais mantidos pela Comunidade de Ju\u00edzes de Magic do Brasil. Lista de Emails &#8211; Ju\u00edzes de Magic &#8211; Brasil Esta \u00e9 a lista oficial de emails de todos os ju\u00edzes do Brasil. \u00c9 atrav\u00e9s dela que comunicados oficiais s\u00e3o dados e embora a lista seja restrita a conte\u00fados relacionados [&hellip;]<\/p>\n","protected":false},"author":125,"featured_media":0,"parent":0,"menu_order":0,"comment_status":"open","ping_status":"open","template":"","meta":{"footnotes":"","_links_to":"","_links_to_target":""},"language":[],"class_list":["post-230","page","type-page","status-publish","hentry"],"_links":{"self":[{"href":"https:\/\/blogs.magicjudges.org\/brasil\/wp-json\/wp\/v2\/pages\/230","targetHints":{"allow":["GET"]}}],"collection":[{"href":"https:\/\/blogs.magicjudges.org\/brasil\/wp-json\/wp\/v2\/pages"}],"about":[{"href":"https:\/\/blogs.magicjudges.org\/brasil\/wp-json\/wp\/v2\/types\/page"}],"author":[{"embeddable":true,"href":"https:\/\/blogs.magicjudges.org\/brasil\/wp-json\/wp\/v2\/users\/125"}],"replies":[{"embeddable":true,"href":"https:\/\/blogs.magicjudges.org\/brasil\/wp-json\/wp\/v2\/comments?post=230"}],"version-history":[{"count":19,"href":"https:\/\/blogs.magicjudges.org\/brasil\/wp-json\/wp\/v2\/pages\/230\/revisions"}],"predecessor-version":[{"id":2242,"href":"https:\/\/blogs.magicjudges.org\/brasil\/wp-json\/wp\/v2\/pages\/230\/revisions\/2242"}],"wp:attachment":[{"href":"https:\/\/blogs.magicjudges.org\/brasil\/wp-json\/wp\/v2\/media?parent=230"}],"wp:term":[{"taxonomy":"language","embeddable":true,"href":"https:\/\/blogs.magicjudges.org\/brasil\/wp-json\/wp\/v2\/language?post=230"}],"curies":[{"name":"wp","href":"https:\/\/api.w.org\/{rel}","templated":true}]}}