{"id":2691,"date":"2017-02-05T17:33:40","date_gmt":"2017-02-05T15:33:40","guid":{"rendered":"http:\/\/blogs.magicjudges.org\/francais\/?page_id=2691"},"modified":"2018-04-20T18:56:27","modified_gmt":"2018-04-20T17:56:27","slug":"page-daccueil","status":"publish","type":"page","link":"https:\/\/blogs.magicjudges.org\/francais\/","title":{"rendered":"Bienvenue sur le blog des arbitres francophones !"},"content":{"rendered":"<p style=\"text-align: justify\">Si vous \u00eates nouvellement certifi\u00e9 arbitre, f\u00e9licitations et bienvenue dans la communaut\u00e9 francophone des arbitres Magic The Gathering ! Si vous faites\u00a0d\u00e9j\u00e0 partie de la communaut\u00e9, vous \u00eates \u00e9galement\u00a0le bienvenue ! Enfin, si vous \u00eates candidat arbitre, ne partez pas, ce blog vous est aussi destin\u00e9 !<\/p>\n<p style=\"text-align: justify\">Quelque soit votre profil, ou si vous cherchez les derni\u00e8res actualit\u00e9s de la communaut\u00e9 arbitrale francophone ou des informations pratiques, ce blog devrait pouvoir r\u00e9pondre \u00e0 vos attentes. N&rsquo;h\u00e9sitez donc pas \u00e0 naviguer sur le site pour d\u00e9couvrir touts les options offertes par celui-ci.<\/p>\n<p style=\"text-align: justify\">Dans la partie <strong><a href=\"http:\/\/blogs.magicjudges.org\/francais\/presentation\/\">Communaut\u00e9<\/a><\/strong>, vous trouverez une pr\u00e9sentation de la communaut\u00e9 arbitrale francophones, une description des principaux projets port\u00e9s en France, des billets d&rsquo;actualit\u00e9s ainsi que l&rsquo;agenda avec les principales dates des tournois en France ainsi que des \u00e9v\u00e9nements li\u00e9s \u00e0 l&rsquo;arbitrage.<\/p>\n<p style=\"text-align: justify\">Dans la partie <a href=\"http:\/\/blogs.magicjudges.org\/francais\/ressources-pour-larbitre\/\"><strong>Ressources<\/strong><\/a>, divis\u00e9e en trois sections, vous trouverez des ressources utiles \u00e0 destination des arbitres, des organisateurs de tournoi et des scorekeepers.\u00a0Les Comprehensives Rules, les Policies, les listes de scell\u00e9es, toutes les principales ressources de l&rsquo;arbitrage s&rsquo;y trouvent (ou presque) ! Et m\u00eame plus ! Petite astuce, si vous voulez directement acc\u00e9der aux r\u00e8gles, cliquez directement sur le lien d\u00e9di\u00e9 dans la colonne de droite de cette page (cela ne fonctionne pas si vous \u00eates actuellement sur smartphone).<\/p>\n<p style=\"text-align: justify\">La partie <a href=\"http:\/\/blogs.magicjudges.org\/francais\/category\/article_a_la_une\/\"><strong>Articles<\/strong><\/a>, vous y trouverez des articles des blogs officiels mis en lumi\u00e8re et qu&rsquo;il serait int\u00e9ressants de lire ou des articles d&rsquo;arbitres francophones. Si vous souhaitez d\u00e9velopper des comp\u00e9tences, ou d\u00e9couvrir de nouveaux sujets, cette partie est faite pour vous. Ainsi que des archives utiles pour\u00a0d\u00e9couvrir les meilleures publications (en cours d&rsquo;\u00e9laboration) !<\/p>\n<p>La partie <a href=\"http:\/\/blogs.magicjudges.org\/francais\/evoluer-et-progresser\/\"><strong>\u00c9voluer et Progresser<\/strong><\/a> traite de conseils et ressources utiles pour \u00e9voluer dans l&rsquo;arbitrage. \u00c0 consulter sans mod\u00e9ration (en cours d&rsquo;\u00e9laboration) !<\/p>\n<p style=\"text-align: justify\">Je n&rsquo;ai plus qu&rsquo;\u00e0 vous souhaiter une bonne visite !<\/p>\n<p style=\"text-align: justify\">Le Webmestre.<\/p>\n","protected":false},"excerpt":{"rendered":"<p>Si vous \u00eates nouvellement certifi\u00e9 arbitre, f\u00e9licitations et bienvenue dans la communaut\u00e9 francophone des arbitres Magic The Gathering ! Si vous faites\u00a0d\u00e9j\u00e0 partie de la communaut\u00e9, vous \u00eates \u00e9galement\u00a0le bienvenue ! Enfin, si vous \u00eates candidat arbitre, ne partez pas, ce blog vous est aussi destin\u00e9 ! Quelque soit votre profil, ou si vous cherchez [&hellip;]<\/p>\n","protected":false},"author":176,"featured_media":0,"parent":0,"menu_order":0,"comment_status":"closed","ping_status":"closed","template":"","meta":{"footnotes":"","_links_to":"","_links_to_target":""},"language":[],"class_list":["post-2691","page","type-page","status-publish","hentry"],"_links":{"self":[{"href":"https:\/\/blogs.magicjudges.org\/francais\/wp-json\/wp\/v2\/pages\/2691","targetHints":{"allow":["GET"]}}],"collection":[{"href":"https:\/\/blogs.magicjudges.org\/francais\/wp-json\/wp\/v2\/pages"}],"about":[{"href":"https:\/\/blogs.magicjudges.org\/francais\/wp-json\/wp\/v2\/types\/page"}],"author":[{"embeddable":true,"href":"https:\/\/blogs.magicjudges.org\/francais\/wp-json\/wp\/v2\/users\/176"}],"replies":[{"embeddable":true,"href":"https:\/\/blogs.magicjudges.org\/francais\/wp-json\/wp\/v2\/comments?post=2691"}],"version-history":[{"count":23,"href":"https:\/\/blogs.magicjudges.org\/francais\/wp-json\/wp\/v2\/pages\/2691\/revisions"}],"predecessor-version":[{"id":3673,"href":"https:\/\/blogs.magicjudges.org\/francais\/wp-json\/wp\/v2\/pages\/2691\/revisions\/3673"}],"wp:attachment":[{"href":"https:\/\/blogs.magicjudges.org\/francais\/wp-json\/wp\/v2\/media?parent=2691"}],"wp:term":[{"taxonomy":"language","embeddable":true,"href":"https:\/\/blogs.magicjudges.org\/francais\/wp-json\/wp\/v2\/language?post=2691"}],"curies":[{"name":"wp","href":"https:\/\/api.w.org\/{rel}","templated":true}]}}