{"id":2902,"date":"2017-02-18T16:32:37","date_gmt":"2017-02-18T15:32:37","guid":{"rendered":"http:\/\/blogs.magicjudges.org\/francais\/?page_id=2902"},"modified":"2017-04-04T21:53:42","modified_gmt":"2017-04-04T20:53:42","slug":"contact","status":"publish","type":"page","link":"https:\/\/blogs.magicjudges.org\/francais\/contact\/","title":{"rendered":"Contact"},"content":{"rendered":"<p style=\"text-align: justify\">Vous \u00eates int\u00e9ress\u00e9 par l&rsquo;arbitrage mais vous ne savez pas o\u00f9 commencer ? Vous \u00eates organisateur de tournoi et vous recherchez un ou plusieurs arbitres ? Vous voulez nous faire part d&rsquo;une suggestion, d&rsquo;une am\u00e9lioration sur ce blog ou sur le programme d&rsquo;arbitrage ? Vous souhaitez int\u00e9grer un projet ou obtenir des informations \u00e0 son propos ?<\/p>\n<p style=\"text-align: justify\">Contactez <a href=\"https:\/\/blogs.magicjudges.org\/francais\/presentation\/\">un capitaine de r\u00e9gion, le coordinateur r\u00e9gional<\/a>, le webmestre, la superviseur de projet en utilisant le formulaire ci-dessous :<\/p>\n<p style=\"text-align: justify\">\n                <div class='gf_browser_gecko gform_wrapper' id='gform_wrapper_1' style='display:none'><form method='post' enctype='multipart\/form-data'  id='gform_1'  action='\/francais\/wp-json\/wp\/v2\/pages\/2902'>\n                        <div class='gform_body'><ul id='gform_fields_1' class='gform_fields top_label form_sublabel_below description_below'><li id='field_1_1' class='gfield gfield_contains_required field_sublabel_below field_description_above' ><label class='gfield_label' for='input_1_1' >Destinataire :<span class='gfield_required'>*<\/span><\/label><div class='ginput_container'><select name='input_1' id='input_1_1' onchange='gf_apply_rules(1,[0]);' class='medium gfield_select' tabindex='1' ><option value='Destinataire...' selected='selected'>Destinataire...<\/option><option value='Webmestre Blog \u2500 Jean-Fran\u00e7ois Durmont' >Webmestre Blog \u2500 Jean-Fran\u00e7ois Durmont<\/option><option value='Supervision Projets \u2500 Sophie Pag\u00e8s' >Supervision Projets \u2500 Sophie Pag\u00e8s<\/option><option value='Capitaine Grand Est \u2500 Mathieu Andr\u00e9' >Capitaine Grand Est \u2500 Mathieu Andr\u00e9<\/option><option value='Capitaine Grand Ouest \u2500 Arnaud Perrouin' >Capitaine Grand Ouest \u2500 Arnaud Perrouin<\/option><option value='Capitaine Rh\u00f4ne Alpes Auvergne Suisse \u2500 Th\u00e9o Cheng' >Capitaine Rh\u00f4ne Alpes Auvergne Suisse \u2500 Th\u00e9o Cheng<\/option><option value='Capitaine Sud Ouest \u2500 Julien Laronde' >Capitaine Sud Ouest \u2500 Julien Laronde<\/option><option value='Capitaine Nord \u2500 Julie Bouchonville' >Capitaine Nord \u2500 Julie Bouchonville<\/option><option value='Capitaine Centre Ouest \u2500 Quentin Boussardon' >Capitaine Centre Ouest \u2500 Quentin Boussardon<\/option><option value='Capitaine Normandie \u2500 Pierre-Jean Cha\u00efb' >Capitaine Normandie \u2500 Pierre-Jean Cha\u00efb<\/option><option value='Capitaine Provence Alpes C\u00f4tes d&#039;Azur \u2500 G\u00e9rard Trpin' >Capitaine Provence Alpes C\u00f4tes d&#039;Azur \u2500 G\u00e9rard Trpin<\/option><option value='Capitaine \u00cele de France \u2500 Rapha\u00ebl Delbarre' >Capitaine \u00cele de France \u2500 Rapha\u00ebl Delbarre<\/option><option value='Coordinatrice r\u00e9gionale \u2500 Sophie Pag\u00e8s' >Coordinatrice r\u00e9gionale \u2500 Sophie Pag\u00e8s<\/option><\/select><\/div><\/li><li id='field_1_8' class='gfield gfield_contains_required field_sublabel_below field_description_below' ><label class='gfield_label' for='input_1_8' >Votre nom :<span class='gfield_required'>*<\/span><\/label><div class='ginput_container'><input name='input_8' id='input_1_8' type='text' value='' class='medium' maxlength='100' tabindex='2' onchange='gf_apply_rules(1,[0]);' onkeyup='clearTimeout(__gf_timeout_handle); __gf_timeout_handle = setTimeout(\"gf_apply_rules(1,[0])\", 300);'  \/><\/div><\/li><li id='field_1_7' class='gfield gfield_contains_required field_sublabel_below field_description_above' ><label class='gfield_label' for='input_1_7' >E-mail :<span class='gfield_required'>*<\/span><\/label><div class='gfield_description'>Indiquez votre E-mail afin que nous puissions vous recontacter.<\/div><div class='ginput_container'>\n                            <input name='input_7' id='input_1_7' type='email' value='' class='medium' tabindex='3' onchange='gf_apply_rules(1,[0]);' onkeyup='clearTimeout(__gf_timeout_handle); __gf_timeout_handle = setTimeout(\"gf_apply_rules(1,[0])\", 300);'  \/>\n                        <\/div><\/li><li id='field_1_9' class='gfield field_sublabel_below field_description_above' ><label class='gfield_label' for='input_1_9' >Votre localisation<\/label><div class='gfield_description'>Nous nous efforcerons de trouver l'interlocuteur le plus proche de vous pour vous aider.<\/div><div class='ginput_container'><input name='input_9' id='input_1_9' type='text' value='' class='large' maxlength='100' tabindex='4' onchange='gf_apply_rules(1,[0]);' onkeyup='clearTimeout(__gf_timeout_handle); __gf_timeout_handle = setTimeout(\"gf_apply_rules(1,[0])\", 300);'  \/><\/div><\/li><li id='field_1_3' class='gfield gfield_contains_required field_sublabel_below field_description_above' ><label class='gfield_label' for='input_1_3' >Objet :<span class='gfield_required'>*<\/span><\/label><div class='gfield_description'>Indiquez le sujet du message.<\/div><div class='ginput_container'><input name='input_3' id='input_1_3' type='text' value='' class='medium' maxlength='100' tabindex='5' onchange='gf_apply_rules(1,[0]);' onkeyup='clearTimeout(__gf_timeout_handle); __gf_timeout_handle = setTimeout(\"gf_apply_rules(1,[0])\", 300);'  \/><\/div><\/li><li id='field_1_2' class='gfield field_sublabel_below field_description_above' ><label class='gfield_label' for='input_1_2' >Message :<\/label><div class='ginput_container'>\n\t\t\t\t\t<textarea name='input_2' id='input_1_2' class='textarea large' tabindex='6' onchange='gf_apply_rules(1,[0]);' onkeyup='clearTimeout(__gf_timeout_handle); __gf_timeout_handle = setTimeout(\"gf_apply_rules(1,[0])\", 300);'   rows='10' cols='50'><\/textarea>\n\t\t\t\t<\/div><\/li><li id='field_1_10' class='gfield gform_validation_container field_sublabel_below field_description_below' ><label class='gfield_label' for='input_1_10' >Comments<\/label><div class='ginput_container'><input name='input_10' id='input_1_10' type='text' value='' autocomplete='off'\/><\/div><div class='gfield_description'>Ce champ n'est utilis\u00e9 qu'\u00e0 des fins de validation et devrait rester inchang\u00e9.<\/div><\/li>\n                            <\/ul><\/div>\n        <div class='gform_footer top_label'> <input type='submit' id='gform_submit_button_1' class='gform_button button' value='Envoyer' tabindex='7' onclick='if(window[\"gf_submitting_1\"]){return false;}  if( !jQuery(\"#gform_1\")[0].checkValidity || jQuery(\"#gform_1\")[0].checkValidity()){window[\"gf_submitting_1\"]=true;}  ' \/> \n            <input type='hidden' class='gform_hidden' name='is_submit_1' value='1' \/>\n            <input type='hidden' class='gform_hidden' name='gform_submit' value='1' \/>\n            \n            <input type='hidden' class='gform_hidden' name='gform_unique_id' value='' \/>\n            <input type='hidden' class='gform_hidden' name='state_1' value='WyJbXSIsIjM4NzNiZmYzODU3MTQ3NzcxYzljNjVlMDkzM2RlZmNlIl0=' \/>\n            <input type='hidden' class='gform_hidden' name='gform_target_page_number_1' id='gform_target_page_number_1' value='0' \/>\n            <input type='hidden' class='gform_hidden' name='gform_source_page_number_1' id='gform_source_page_number_1' value='1' \/>\n            <input type='hidden' name='gform_field_values' value='' \/>\n            \n        <\/div>\n                        <p style=\"display: none !important;\" class=\"akismet-fields-container\" data-prefix=\"ak_\"><label>&#916;<textarea name=\"ak_hp_textarea\" cols=\"45\" rows=\"8\" maxlength=\"100\"><\/textarea><\/label><input type=\"hidden\" id=\"ak_js_1\" name=\"ak_js\" value=\"138\"\/><script>document.getElementById( \"ak_js_1\" ).setAttribute( \"value\", ( new Date() ).getTime() );<\/script><\/p><\/form>\n                        <\/div><script type='text\/javascript'> if(typeof gf_global == 'undefined') var gf_global = {\"gf_currency_config\":{\"name\":\"Euro\",\"symbol_left\":\"\",\"symbol_right\":\"&#8364;\",\"symbol_padding\":\" \",\"thousand_separator\":\".\",\"decimal_separator\":\",\",\"decimals\":2},\"base_url\":\"https:\\\/\\\/blogs.magicjudges.org\\\/francais\\\/wp-content\\\/plugins\\\/gravityforms\",\"number_formats\":[],\"spinnerUrl\":\"https:\\\/\\\/blogs.magicjudges.org\\\/francais\\\/wp-content\\\/plugins\\\/gravityforms\\\/images\\\/spinner.gif\"};jQuery(document).bind('gform_post_render', function(event, formId, currentPage){if(formId == 1) {if(window['jQuery']){if(!window['gf_form_conditional_logic'])window['gf_form_conditional_logic'] = new Array();window['gf_form_conditional_logic'][1] = {'logic' : {0: {\"field\":{\"actionType\":\"show\",\"logicType\":\"any\",\"rules\":[{\"fieldId\":\"1\",\"operator\":\"is\",\"value\":\"Webmestre Blog \\u2500 Jean-Fran\\u00e7ois Durmont\"},{\"fieldId\":\"1\",\"operator\":\"is\",\"value\":\"Supervision Projets \\u2500 Sophie Pag\\u00e8s\"},{\"fieldId\":\"1\",\"operator\":\"is\",\"value\":\"Capitaine Grand Est \\u2500 Mathieu Andr\\u00e9\"},{\"fieldId\":\"1\",\"operator\":\"is\",\"value\":\"Capitaine Grand Ouest \\u2500 Arnaud Perrouin\"},{\"fieldId\":\"1\",\"operator\":\"is\",\"value\":\"Capitaine Rh\\u00f4ne Alpes Auvergne Suisse \\u2500 Th\\u00e9o Cheng\"},{\"fieldId\":\"1\",\"operator\":\"is\",\"value\":\"Capitaine Sud Ouest \\u2500 Julien Laronde\"},{\"fieldId\":\"1\",\"operator\":\"is\",\"value\":\"Capitaine Nord \\u2500 Julie Bouchonville\"},{\"fieldId\":\"1\",\"operator\":\"is\",\"value\":\"Capitaine Normandie \\u2500 Pierre-Jean Cha\\u00efb\"},{\"fieldId\":\"1\",\"operator\":\"is\",\"value\":\"Capitaine \\u00cele de France \\u2500 Rapha\\u00ebl Delbarre\"},{\"fieldId\":\"1\",\"operator\":\"is\",\"value\":\"Coordinatrice r\\u00e9gionale \\u2500 Sophie Pag\\u00e8s\"},{\"fieldId\":\"1\",\"operator\":\"is\",\"value\":\"Capitaine Centre Ouest \\u2500 Quentin Boussardon\"},{\"fieldId\":\"1\",\"operator\":\"is\",\"value\":\"Capitaine Provence Alpes C\\u00f4tes d'Azur \\u2500 G\\u00e9rard Trpin\"}]},\"section\":null} }, 'dependents' : {0: [0] }, 'animation' : 0 , 'defaults' : {\"1\":\"Destinataire...\"} }; if(!window['gf_number_format'])window['gf_number_format'] = 'decimal_dot';jQuery(document).ready(function(){gf_apply_rules(1, [0], true);jQuery('#gform_wrapper_1').show();jQuery(document).trigger('gform_post_conditional_logic', [1, null, true]);jQuery('#gform_1').submit(function(event, isButtonPress){    var visibleButton = jQuery(\".gform_next_button:visible, .gform_button:visible, .gform_image_button:visible\");    return visibleButton.length > 0 || isButtonPress == true;});} );} jQuery('#input_1_8').textareaCount(    {    'maxCharacterSize': 100,    'originalStyle': 'ginput_counter',    'displayFormat' : '#input de #max caract\u00e8res maximum'    } );jQuery('#input_1_9').textareaCount(    {    'maxCharacterSize': 100,    'originalStyle': 'ginput_counter',    'displayFormat' : '#input de #max caract\u00e8res maximum'    } );jQuery('#input_1_3').textareaCount(    {    'maxCharacterSize': 100,    'originalStyle': 'ginput_counter',    'displayFormat' : '#input de #max caract\u00e8res maximum'    } );jQuery('#input_1_2').textareaCount(    {    'maxCharacterSize': 1500,    'originalStyle': 'ginput_counter',    'displayFormat' : '#input de #max caract\u00e8res maximum'    } );} } );jQuery(document).bind('gform_post_conditional_logic', function(event, formId, fields, isInit){} );<\/script><script type='text\/javascript'> jQuery(document).ready(function(){jQuery(document).trigger('gform_post_render', [1, 1]) } ); <\/script><\/p>\n","protected":false},"excerpt":{"rendered":"<p>Vous \u00eates int\u00e9ress\u00e9 par l&rsquo;arbitrage mais vous ne savez pas o\u00f9 commencer ? Vous \u00eates organisateur de tournoi et vous recherchez un ou plusieurs arbitres ? Vous voulez nous faire part d&rsquo;une suggestion, d&rsquo;une am\u00e9lioration sur ce blog ou sur le programme d&rsquo;arbitrage ? Vous souhaitez int\u00e9grer un projet ou obtenir des informations \u00e0 son [&hellip;]<\/p>\n","protected":false},"author":176,"featured_media":0,"parent":0,"menu_order":0,"comment_status":"closed","ping_status":"closed","template":"","meta":{"footnotes":"","_links_to":"","_links_to_target":""},"language":[],"class_list":["post-2902","page","type-page","status-publish","hentry"],"_links":{"self":[{"href":"https:\/\/blogs.magicjudges.org\/francais\/wp-json\/wp\/v2\/pages\/2902","targetHints":{"allow":["GET"]}}],"collection":[{"href":"https:\/\/blogs.magicjudges.org\/francais\/wp-json\/wp\/v2\/pages"}],"about":[{"href":"https:\/\/blogs.magicjudges.org\/francais\/wp-json\/wp\/v2\/types\/page"}],"author":[{"embeddable":true,"href":"https:\/\/blogs.magicjudges.org\/francais\/wp-json\/wp\/v2\/users\/176"}],"replies":[{"embeddable":true,"href":"https:\/\/blogs.magicjudges.org\/francais\/wp-json\/wp\/v2\/comments?post=2902"}],"version-history":[{"count":9,"href":"https:\/\/blogs.magicjudges.org\/francais\/wp-json\/wp\/v2\/pages\/2902\/revisions"}],"predecessor-version":[{"id":3017,"href":"https:\/\/blogs.magicjudges.org\/francais\/wp-json\/wp\/v2\/pages\/2902\/revisions\/3017"}],"wp:attachment":[{"href":"https:\/\/blogs.magicjudges.org\/francais\/wp-json\/wp\/v2\/media?parent=2902"}],"wp:term":[{"taxonomy":"language","embeddable":true,"href":"https:\/\/blogs.magicjudges.org\/francais\/wp-json\/wp\/v2\/language?post=2902"}],"curies":[{"name":"wp","href":"https:\/\/api.w.org\/{rel}","templated":true}]}}