{"id":58,"date":"2018-01-24T22:05:46","date_gmt":"2018-01-24T22:05:46","guid":{"rendered":"http:\/\/blogs.magicjudges.org\/iberia-es\/?page_id=58"},"modified":"2018-02-27T11:33:40","modified_gmt":"2018-02-27T11:33:40","slug":"58-2","status":"publish","type":"page","link":"https:\/\/blogs.magicjudges.org\/iberia-es\/","title":{"rendered":"Home"},"content":{"rendered":"<p><a href=\"http:\/\/blogs.magicjudges.org\/iberia-es\/files\/2018\/01\/cropped-top_banner.png\"><img loading=\"lazy\" decoding=\"async\" class=\" wp-image-8 alignright\" src=\"http:\/\/blogs.magicjudges.org\/iberia-es\/files\/2018\/01\/cropped-top_banner.png\" alt=\"\" width=\"128\" height=\"128\" srcset=\"https:\/\/blogs.magicjudges.org\/iberia-es\/files\/2018\/01\/cropped-top_banner.png 512w, https:\/\/blogs.magicjudges.org\/iberia-es\/files\/2018\/01\/cropped-top_banner-150x150.png 150w, https:\/\/blogs.magicjudges.org\/iberia-es\/files\/2018\/01\/cropped-top_banner-300x300.png 300w, https:\/\/blogs.magicjudges.org\/iberia-es\/files\/2018\/01\/cropped-top_banner-125x125.png 125w, https:\/\/blogs.magicjudges.org\/iberia-es\/files\/2018\/01\/cropped-top_banner-270x270.png 270w, https:\/\/blogs.magicjudges.org\/iberia-es\/files\/2018\/01\/cropped-top_banner-192x192.png 192w, https:\/\/blogs.magicjudges.org\/iberia-es\/files\/2018\/01\/cropped-top_banner-180x180.png 180w, https:\/\/blogs.magicjudges.org\/iberia-es\/files\/2018\/01\/cropped-top_banner-32x32.png 32w\" sizes=\"auto, (max-width: 128px) 100vw, 128px\" \/><\/a><\/p>\n<p><span style=\"font-weight: 400\">Hola, has llegado a la web de los jueces de Iberia, secci\u00f3n de Espa\u00f1a.<\/span><\/p>\n<p><span style=\"font-weight: 400\">Y te preguntar\u00e1s \u00bfEsto qu\u00e9 es? Pues es el punto de referencia sobre reglas y torneos de todos los jueces y jugadores espa\u00f1oles. <\/span><\/p>\n<p><span style=\"font-weight: 400\">Si eres un jugador, aqu\u00ed podr\u00e1s encontrar \u00a0las \u00faltimas novedades sobre reglas, el calendario de torneos por zonas y adem\u00e1s art\u00edculos sobre cartas, reglas, interacciones comunes, situaciones en torneos y mucho m\u00e1s. <\/span><\/p>\n<p><span style=\"font-weight: 400\">Si eres juez, o quieres serlo, aqu\u00ed podr\u00e1s encontrar \u00a0documentos oficiales, informaciones sobre el programa de jueces los mejores recursos para seguir aprendiendo y muchas m\u00e1s cosas. Es decir, \u00a0todo lo que puedas necesitar para crecer como juez o para unirte a nuestra comunidad. <\/span><\/p>\n","protected":false},"excerpt":{"rendered":"<p>Hola, has llegado a la web de los jueces de Iberia, secci\u00f3n de Espa\u00f1a. Y te preguntar\u00e1s \u00bfEsto qu\u00e9 es? Pues es el punto de referencia sobre reglas y torneos de todos los jueces y jugadores espa\u00f1oles. Si eres un jugador, aqu\u00ed podr\u00e1s encontrar \u00a0las \u00faltimas novedades sobre reglas, el calendario de torneos por zonas [&hellip;]<\/p>\n","protected":false},"author":278,"featured_media":0,"parent":0,"menu_order":0,"comment_status":"closed","ping_status":"closed","template":"","meta":{"footnotes":"","_links_to":"","_links_to_target":""},"language":[],"class_list":["post-58","page","type-page","status-publish","hentry"],"_links":{"self":[{"href":"https:\/\/blogs.magicjudges.org\/iberia-es\/wp-json\/wp\/v2\/pages\/58","targetHints":{"allow":["GET"]}}],"collection":[{"href":"https:\/\/blogs.magicjudges.org\/iberia-es\/wp-json\/wp\/v2\/pages"}],"about":[{"href":"https:\/\/blogs.magicjudges.org\/iberia-es\/wp-json\/wp\/v2\/types\/page"}],"author":[{"embeddable":true,"href":"https:\/\/blogs.magicjudges.org\/iberia-es\/wp-json\/wp\/v2\/users\/278"}],"replies":[{"embeddable":true,"href":"https:\/\/blogs.magicjudges.org\/iberia-es\/wp-json\/wp\/v2\/comments?post=58"}],"version-history":[{"count":6,"href":"https:\/\/blogs.magicjudges.org\/iberia-es\/wp-json\/wp\/v2\/pages\/58\/revisions"}],"predecessor-version":[{"id":258,"href":"https:\/\/blogs.magicjudges.org\/iberia-es\/wp-json\/wp\/v2\/pages\/58\/revisions\/258"}],"wp:attachment":[{"href":"https:\/\/blogs.magicjudges.org\/iberia-es\/wp-json\/wp\/v2\/media?parent=58"}],"wp:term":[{"taxonomy":"language","embeddable":true,"href":"https:\/\/blogs.magicjudges.org\/iberia-es\/wp-json\/wp\/v2\/language?post=58"}],"curies":[{"name":"wp","href":"https:\/\/api.w.org\/{rel}","templated":true}]}}