{"id":63,"date":"2018-01-25T20:27:44","date_gmt":"2018-01-25T20:27:44","guid":{"rendered":"http:\/\/blogs.magicjudges.org\/iberia-es\/?page_id=63"},"modified":"2021-06-28T06:15:23","modified_gmt":"2021-06-28T06:15:23","slug":"documentos","status":"publish","type":"page","link":"https:\/\/blogs.magicjudges.org\/iberia-es\/documentos\/","title":{"rendered":"Recursos"},"content":{"rendered":"<p><a href=\"http:\/\/blogs.magicjudges.org\/iberia-es\/files\/2018\/01\/scroll-rack.jpg\"><img loading=\"lazy\" decoding=\"async\" class=\"wp-image-32 size-full alignright\" src=\"http:\/\/blogs.magicjudges.org\/iberia-es\/files\/2018\/01\/scroll-rack-e1516800325527.jpg\" alt=\"\" width=\"252\" height=\"206\" srcset=\"https:\/\/blogs.magicjudges.org\/iberia-es\/files\/2018\/01\/scroll-rack-e1516800325527.jpg 252w, https:\/\/blogs.magicjudges.org\/iberia-es\/files\/2018\/01\/scroll-rack-e1516800325527-125x102.jpg 125w\" sizes=\"auto, (max-width: 252px) 100vw, 252px\" \/><\/a><span style=\"font-weight: 400\">Aqu\u00ed puedes encontrar todo lo que necesitas\u00a0para mantenerte al d\u00eda, tanto documentos \u00a0oficiales como recursos variados y casuales.<strong> Todo en su versi\u00f3n m\u00e1s reciente.<\/strong><\/span><\/p>\n<p><strong><a href=\"https:\/\/blogs.magicjudges.org\/translatedrules\/files\/2020\/09\/MagicCompRules-20200925_ES.pdf\" target=\"_blank\" rel=\"noopener\">Reglas Completas de Magic (CR)<\/a><\/strong><br \/>\nLas Reglas Completas de Magic:\u00a0The Gathering\u2122\u00a0son la autoridad final del juego. Normalmente no necesitar\u00e1s referirte a ellas salvo en casos espec\u00edficos o durante juegos competitivos. No est\u00e1n pensadas para leer de principio a fin.<\/p>\n<p><strong><a href=\"https:\/\/blogs.magicjudges.org\/translatedrules\/files\/2020\/09\/MTG_MTR_25Sep20_ES.pdf\" target=\"_blank\" rel=\"noopener\">Reglas de Torneo de Magic (MTR)<\/a><\/strong><br \/>\n<span style=\"font-weight: 400\">Las Reglas de Torneo de Magic: The Gathering\u2122 proporcionan el marco usado en los torneos. \u00a0Definen \u00a0las reglas a utilizar, las responsabilidades y los procedimientos a seguir en todos los torneos sancionados. Esto garantiza que \u00a0todos los torneos sancionados son consistentes independientemente de su ubicaci\u00f3n. Tambi\u00e9n asegura igualdad de trato para jugadores en las diferentes regiones y permiten de esta manera una transici\u00f3n fluida a torneos internacionales.\u00a0<\/span><\/p>\n<p><strong><a href=\"https:\/\/blogs.magicjudges.org\/translatedrules\/files\/2020\/09\/MTG_IPG_25Sep20_ES.pdf\" target=\"_blank\" rel=\"noopener\">Gu\u00eda de Procedimientos de Infracciones de Magic (IPG)<\/a><\/strong><br \/>\n<span style=\"font-weight: 400\">La Gu\u00eda de procedimientos de infracciones de Magic: The Gathering\u2122 da a los jueces la informaci\u00f3n necesaria para aplicar las penalizaciones y establece los procedimientos adecuados para manejar violaciones de reglas que ocurran durante un torneo realizado con Nivel de Imposici\u00f3n de Reglas (NIR) Competitivo o Profesional, as\u00ed como la filosof\u00eda que respalda su implementaci\u00f3n.\u00a0<\/span><\/p>\n<p><strong><a href=\"https:\/\/blogs.magicjudges.org\/translatedrules\/files\/2020\/09\/MTG_JAR_25Sep20_ES.pdf\" target=\"_blank\" rel=\"noopener\">Arbitrando en Nivel de Imposici\u00f3n de Reglas (NIR) Normal<br \/>\n<\/a><\/strong>El documento Arbitrando en NIR Normal de Magic:\u00a0The Gathering\u2122\u00a0es usado en la mayor\u00eda de los torneos en tiendas.<\/p>\n<p><strong><a href=\"https:\/\/blogs.magicjudges.org\/translatedrules\/files\/2019\/03\/Magic-Judge-Code-Feb-2019_ES.pdf\" target=\"_blank\" rel=\"noopener\">C\u00f3digo del juez de Magic (Legacy)<\/a><\/strong><br \/>\nEl C\u00f3digo de Jueces de Magic\u00a0es el documento que detalla los alineamientos y las reglas de comportamiento para los jueces dentro de la comunidad de Magic. Adem\u00e1s, menciona lo que puede ocurrir si no se cumple el c\u00f3digo.<\/p>\n<p><strong><a href=\"https:\/\/static1.squarespace.com\/static\/5d8cc5b65e0a4b5357bc692e\/t\/5d9393eb5650d84838b04919\/1569952761478\/Judge+Conduct+Code+10-01-19.pdf\" target=\"_blank\" rel=\"noopener\">C\u00f3digo del Juez\u00a0 de <em>Judge Academy<\/em>\u00a0(Versi\u00f3n en ingl\u00e9s)<\/a><\/strong><\/p>\n<p><strong><a href=\"https:\/\/wpn.wizards.com\/es\/article\/disqualification-reports-moved-wpnwizardscom\" target=\"_blank\" rel=\"noopener\">Proceso de Descalificaci\u00f3n<\/a><\/strong><br \/>\n<span style=\"font-weight: 400\">El Proceso de Descalificaci\u00f3n tiene instrucciones espec\u00edficas tanto para jugadores como para jueces y Organizadores de eventos a seguir tras una descalificaci\u00f3n (DQ) . En este enlace encontrar\u00e1s la Informaci\u00f3n para el jugador descalificado y el Procedimiento de descalificaci\u00f3n para el juez principal y organizador del evento, que contiene todos los pasos a seguir tras descalificar a un jugador. Recuerda que ahora el proceso de descalificaci\u00f3n se realiza desde la p\u00e1gina de la WPN.\u00a0<\/span><\/p>\n<p><strong>Checklist para limitado<\/strong><br \/>\nEn estas hojas se pueden listar los pools y las barajas para los torneos limitados (sellado y draft).<br \/>\n<a href=\"https:\/\/media.wpn.wizards.com\/attachements\/sp_mtgthb_dckcklst.pdf\">\u00a0<\/a><a href=\"https:\/\/media.wpn.wizards.com\/attachements\/sp_iko_dckcklst.pdf\">IKO\u00a0<\/a><a href=\"https:\/\/media.wpn.wizards.com\/attachements\/mtgm21_sp_dckcklst.pdf\">M21\u00a0\u00a0<\/a><a href=\"https:\/\/media.wpn.wizards.com\/attachements\/mtg_dcl_es.pdf\">ZNR<\/a><\/p>\n<p><strong><a href=\"http:\/\/blogs.magicjudges.org\/iberia-es\/files\/2018\/01\/MTG_Constructed_Deck_Registration_Sheet_PDF1.pdf\">Hoja para listar la baraja<\/a><\/strong><br \/>\nEsta hoja se puede utilizar para apuntar las barajas para los torneos de construido Standard, Modern, Legacy, etc. Tambien puedes utilizar esta<a href=\"https:\/\/decklist.org\"> otra web<\/a> para tener tu lista de mazo rellenada.<\/p>\n<p><strong><a href=\"http:\/\/booth.magicjudges.org\/\" target=\"_blank\" rel=\"noopener\">Judge Booth<\/a><br \/>\n<\/strong>Entretenida web para practicar tu conocimiento de reglas, en la que se te presenta una situaci\u00f3n y debes encontrar la soluci\u00f3n antes de que te den la respuesta correcta.<\/p>\n<p><strong><a href=\"https:\/\/docs.google.com\/spreadsheets\/d\/1A1txPHyfh4dgka9AgwqrZpzgPD7MexcCRR_TInCbhvE\/edit#gid=0\" target=\"_blank\" rel=\"noopener\">Vocabulario de torneo para jueces<\/a><br \/>\n<\/strong>Si vas a viajar a otro plano (o a otro pa\u00eds) aqu\u00ed tienes un \u00fatil compendio de las expresiones m\u00e1s utilizadas en los torneos. \u00a1Y en varios idiomas!<\/p>\n<p><strong><a href=\"http:\/\/alfchaval.epizy.com\/ipgtree\/\">IPG TREE<\/a><\/strong><\/p>\n<p>\u00datil aplicaci\u00f3n m\u00f3vil (Android) con consulta de oracle, reglas y muchas m\u00e1s cosas. Realizada por nuestro compa\u00f1ero juez Alfonso Chamorro.<\/p>\n<p>&nbsp;<\/p>\n<p>&nbsp;<\/p>\n<p><strong>Agradecimientos<\/strong><\/p>\n<p>Esta secci\u00f3n est\u00e1 mantenida y actualizada por\u00a0<span class=\"_5yl5\"><span class='judge-tooltip'><a href='https:\/\/apps.magicjudges.org\/judges\/dci\/9106785059' >Monica Gonzalez<\/a><span class='avatar'><img width='200' height='200' src='https:\/\/apps.magicjudges.org\/dci\/avatar?dci=9106785059&size=200'><\/span><\/span>.<\/span><\/p>\n","protected":false},"excerpt":{"rendered":"<p>Aqu\u00ed puedes encontrar todo lo que necesitas\u00a0para mantenerte al d\u00eda, tanto documentos \u00a0oficiales como recursos variados y casuales. Todo en su versi\u00f3n m\u00e1s reciente. Reglas Completas de Magic (CR) Las Reglas Completas de Magic:\u00a0The Gathering\u2122\u00a0son la autoridad final del juego. Normalmente no necesitar\u00e1s referirte a ellas salvo en casos espec\u00edficos o durante juegos competitivos. No [&hellip;]<\/p>\n","protected":false},"author":278,"featured_media":0,"parent":0,"menu_order":0,"comment_status":"closed","ping_status":"closed","template":"","meta":{"footnotes":"","_links_to":"","_links_to_target":""},"language":[],"class_list":["post-63","page","type-page","status-publish","hentry"],"_links":{"self":[{"href":"https:\/\/blogs.magicjudges.org\/iberia-es\/wp-json\/wp\/v2\/pages\/63","targetHints":{"allow":["GET"]}}],"collection":[{"href":"https:\/\/blogs.magicjudges.org\/iberia-es\/wp-json\/wp\/v2\/pages"}],"about":[{"href":"https:\/\/blogs.magicjudges.org\/iberia-es\/wp-json\/wp\/v2\/types\/page"}],"author":[{"embeddable":true,"href":"https:\/\/blogs.magicjudges.org\/iberia-es\/wp-json\/wp\/v2\/users\/278"}],"replies":[{"embeddable":true,"href":"https:\/\/blogs.magicjudges.org\/iberia-es\/wp-json\/wp\/v2\/comments?post=63"}],"version-history":[{"count":71,"href":"https:\/\/blogs.magicjudges.org\/iberia-es\/wp-json\/wp\/v2\/pages\/63\/revisions"}],"predecessor-version":[{"id":4436,"href":"https:\/\/blogs.magicjudges.org\/iberia-es\/wp-json\/wp\/v2\/pages\/63\/revisions\/4436"}],"wp:attachment":[{"href":"https:\/\/blogs.magicjudges.org\/iberia-es\/wp-json\/wp\/v2\/media?parent=63"}],"wp:term":[{"taxonomy":"language","embeddable":true,"href":"https:\/\/blogs.magicjudges.org\/iberia-es\/wp-json\/wp\/v2\/language?post=63"}],"curies":[{"name":"wp","href":"https:\/\/api.w.org\/{rel}","templated":true}]}}