{"id":17,"date":"2016-08-03T11:42:11","date_gmt":"2016-08-03T11:42:11","guid":{"rendered":"http:\/\/blogs.magicjudges.org\/judgeclasses\/?page_id=17"},"modified":"2017-06-28T12:23:12","modified_gmt":"2017-06-28T12:23:12","slug":"class-1-answers-es","status":"publish","type":"page","link":"https:\/\/blogs.magicjudges.org\/judgeclasses\/spanish\/class-1-answers-es\/","title":{"rendered":"Clase 1 &#8211; Respuestas"},"content":{"rendered":"<p style=\"text-align: right\"><em>\u00daltima actualizaci\u00f3n: 17 de junio de 2016<\/em><\/p>\n<p><strong>1.\u00ad En una partida, Aurora pasa la fase de ataque, y en el paso de declarar atacantes decide no atacar. \u00bfCu\u00e1ntos pasos tendr\u00e1 esa fase?<\/strong><\/p>\n<p><em>El paso de inicio de combate, el de declarar atacantes, y el de final de combate, ya que al no declarar atacantes el de declarar bloqueadoras y da\u00f1o de combate se saltan.<\/em><\/p>\n<p><em>\u00a0<\/em><\/p>\n<p><strong>2.\u00ad \u00bfEn qu\u00e9 fases y pasos reciben prioridad los jugadores?<\/strong><\/p>\n<p><em>De forma general, en todos, excepto en la Fase de enderezar, y en el Paso de limpieza.<\/em><\/p>\n<p><em>En el paso de limpieza, como caso excepcional, si se crease una habilidad disparada, se pondr\u00eda en pila y se recibir\u00e1 prioridad para lanzar hechizos y activar habilidades.<\/em><\/p>\n<p>&nbsp;<\/p>\n<p><strong>3.\u00ad \u00bfCu\u00e1ndo se disparan las habilidades de \u201cal comienzo del paso final\u201d? \u00bfY las que dicen \u201cal final del turno\u201d?<\/strong><\/p>\n<p><em>Ambas son lo mismo, solo que la segunda frase utiliza el texto antiguo que ha quedado obsoleto y ha sido erratado. Este tipo de habilidades se disparan nada m\u00e1s comenzar el paso final, antes de que el jugador activo reciba la prioridad.<\/em><\/p>\n<p><em>\u00a0<\/em><\/p>\n<p><strong>4.\u00ad Si no quiero atacar, \u00bfcu\u00e1ntas fases tendr\u00e1 mi turno?<\/strong><\/p>\n<p><em>Cinco igualmente. La Fase de combate tendr\u00e1 menos pasos, pero el n\u00famero de fases no cambia.<\/em><\/p>\n<p>&nbsp;<\/p>\n<p><strong>5.\u00ad \u00bfQu\u00e9 es lo primero que sucede en el paso de declarar bloqueadores?<\/strong><\/p>\n<p><em>Que el jugador defensor designa criaturas bloqueadoras.<\/em><\/p>\n<p>&nbsp;<\/p>\n<p><strong>6.\u00ad Yo ataco con una criatura 5\/5 y mi oponente me bloquea con un 1\/1, un 1\/5 y un 3\/3. \u00bfCu\u00e1ndo se ordenan los bloqueadores? \u00bfQui\u00e9n lo hace? \u00bfCu\u00e1ndo se asigna el da\u00f1o?<\/strong><\/p>\n<p><em>Son ordenadas por el jugador atacante, inmediatamente despu\u00e9s de haber sido designadas como bloqueadoras por su controlador. El da\u00f1o se asigna nada m\u00e1s comenzar el paso de da\u00f1o de combate.<\/em><\/p>\n<p>&nbsp;<\/p>\n<p><strong>7.\u00ad Antioco me est\u00e1 atacando y yo tengo una criatura con Destello que quiero usar para bloquear. \u00bfCu\u00e1ndo es el \u00faltimo momento en que puedo lanzarlo para poder bloquear con \u00e9l?<\/strong><\/p>\n<p><em>En el paso de declarar atacantes, despu\u00e9s de que las criaturas atacantes hayan sido designadas, cuando el jugador activo me ceda la prioridad para poder jugar hechizos, y antes de que comience el paso de Declarar bloqueadores.<\/em><\/p>\n<p>&nbsp;<\/p>\n<p><strong><br \/>\n<\/strong><\/p>\n<p><strong>\u00a0<\/strong><\/p>\n<p><strong>8.\u00ad Tengo un Confiscar pensamientos en la mano y quiero quitar a mi oponente la \u00fanica carta que tiene en la mano. En el paso de robar, antes de que robe, lanzo un Apresurar y despu\u00e9s el Confiscar, pero el oponente no est\u00e1 de acuerdo con mi acci\u00f3n. \u00bfQui\u00e9n tiene raz\u00f3n?<\/strong><\/p>\n<p><em>El oponente. El primer momento en que los jugadores podr\u00e1n lanzar hechizos o activar habilidades en el Paso de robar, ser\u00e1 despu\u00e9s de que el jugador activo robe la carta del turno.<\/em><\/p>\n<p>&nbsp;<\/p>\n<p><strong>9.\u00ad En el paso de da\u00f1o de combate, \u00bfqu\u00e9 acciones o decisiones tiene que tomar un jugador, y cu\u00e1les podr\u00eda tomar opcionalmente?<\/strong><\/p>\n<p><em>Obligatoriamente, debe asignar el da\u00f1o de cada criatura con la que haya atacado y que vaya a realizar da\u00f1o de combate.<\/em><\/p>\n<p><em>Opcionalmente, puede activar habilidades, lanzar hechizos instant\u00e1neos, o generar mana, una vez el da\u00f1o ha sido asignado y resuelto, antes del paso de fin de combate.<\/em><\/p>\n<p>&nbsp;<\/p>\n<p><strong>10.\u00ad \u00bfCu\u00e1ndo deja una criatura de ser atacante? \u00bfY bloqueadora?<\/strong><\/p>\n<p><em>En el momento en que termine el paso de final de combate.<\/em><\/p>\n<p>&nbsp;<\/p>\n<p><strong>11.\u00ad Mi oponente bloquea a mi 5\/3 con su 3\/3. Yo le lanzo un Rel\u00e1mpago, y \u00e9l en respuesta regenera a su criatura. \u00bfCu\u00e1nto da\u00f1o recibe mi oponente? \u00bfPor qu\u00e9, qu\u00e9 pasa exactamente?<\/strong><\/p>\n<p><em>Si la atacante no ten\u00eda Arrollar, el oponente no recibir\u00e1 ning\u00fan da\u00f1o.<\/em><\/p>\n<p><em>Al regenerarse la criatura, una de las cosas que le pasan es que es retirada del combate (las otras dos es que se le retiran los da\u00f1os y se gira). Aun as\u00ed, aunque la bloqueadora sea retirada, la criatura atacante sigue estando bloqueada. Si la criatura atacante ten\u00eda Arrollar, entonces pasar\u00edan 5 da\u00f1os al no haber ninguna criatura bloqueadora la que asignarle da\u00f1o.<\/em><\/p>\n<p>&nbsp;<\/p>\n<p><strong>12.\u00ad \u00bfQu\u00e9 sucede en el paso de limpieza?<\/strong><\/p>\n<ol>\n<li><em>a) Si el jugador activo tiene m\u00e1s cartas en mano que su tama\u00f1o m\u00e1ximo de mano (normalmente siete), se descarta de suficientes cartas como para reducir su tama\u00f1o de mano a ese n\u00famero, como acci\u00f3n basada en el turno. <\/em><\/li>\n<li><em>b) A continuaci\u00f3n, y a la vez, todo el da\u00f1o marcado en permanentes (incluyendo permanentes fuera de fase) es removido y todos los efectos que duran \u201chasta el final del turno\u201d o \u201ceste turno\u201d terminan, como acci\u00f3n basada en el turno. <\/em><\/li>\n<li><em>c) Por \u00faltimo, se comprueban las acciones basadas en estado. Si hay alguna habilidad esperando a ponerse en la pila, se pone, se recibe prioridad\u2026 y tenemos un nuevo paso de limpieza.<\/em><\/li>\n<\/ol>\n<p>&nbsp;<\/p>\n<p><strong>13.\u00ad \u00bfQu\u00e9 son las acciones basadas en el turno? \u00bfUsan la pila? \u00bfSuceden antes o despu\u00e9s de que los jugadores reciban prioridad?<\/strong><\/p>\n<p><em>Son acciones especiales que se han de hacer en el juego en momentos determinados, que no usan la pila, y se realizan al inicio del paso en el que tengan lugar, antes de que los jugadores reciban prioridad.<\/em><\/p>\n<p><strong>14.- Si un jugador agrega man\u00e1 a su reserva de man\u00e1 durante su mantenimiento, \u00bfen qu\u00e9 momento el man\u00e1 no usado deja su reserve de man\u00e1?<\/strong><\/p>\n<p><em>Al finalizar el paso de mantenimiento.<\/em><\/p>\n<p><strong>\u00a0<\/strong><\/p>\n<p><strong>15.- \u00bfQu\u00e9 fases y pasos hay en un turno normal, y cu\u00e1les son?<\/strong><\/p>\n<ul>\n<li><em>Fase inicial<\/em>\n<ul>\n<li><em>Pasos de Enderezar, Mantenimiento y Robar<\/em><\/li>\n<\/ul>\n<\/li>\n<li><em>Fase Principal Precombate<\/em><\/li>\n<li><em>Fase de combate<\/em>\n<ul>\n<li><em>Pasos de Inicio de combate, Declarar atacantes, Declarar bloqueadoras, Da\u00f1o de combate y Final del combate) <\/em><\/li>\n<\/ul>\n<\/li>\n<li><em>Fase Principal Poscombate <\/em><\/li>\n<li><em>Fase de Finalizaci\u00f3n<\/em>\n<ul>\n<li><em>Pasos Final y de Limpieza<\/em><\/li>\n<\/ul>\n<\/li>\n<\/ul>\n<p>&nbsp;<\/p>\n<p><strong>16.- Aaron tiene unos Osos pardos y los declara como criatura atacante. Nancy desea girar los Osos con su Magneto tumbante\u00a0para evitar que le ataquen. \u00bfPuede hacerlo?\u00a0<\/strong><\/p>\n<p><em>Podr\u00e1 hacerlos objetivo con el Magneto Turmbante, aunque no evitar\u00e1 que ataquen. Como ya han sido declarados como atacantes, el girarlos no evitar\u00e1 que ataquen. El efecto del Magneto ser\u00e1 dejarlo girado (ya que al ser declarados como atacantes estar\u00e1n girados si no ten\u00edan vigilancia) o girarlos (si es que ten\u00edan vigilancia al atacar).<\/em><\/p>\n<p><em>Para poder evitar que ataquen, deber\u00eda hacerlo antes del Paso de Declarar Atacantes (Paso de Inicio de Combate, Fase principal\u2026).<\/em><\/p>\n<p>&nbsp;<\/p>\n<p><strong>17.- Amanda controla unos Lacayos mogg encantados con Fiebre de sangre, y unos Osos pardos. \u00bfCu\u00e1les son todas las declaraciones de atacantes que tiene Amanda disponibles?<\/strong><\/p>\n<p><em>La \u00fanica declaraci\u00f3n legal posible es atacar con los dos. Para que la declaraci\u00f3n sea legal hay que cumplir el m\u00e1ximo n\u00famero de requerimientos sin violar ninguna restricci\u00f3n. Aqu\u00ed tenemos:<\/em><\/p>\n<p><em>&#8211; Requerimientos: los Lacayos Mogg atacan si pueden<\/em><\/p>\n<p><em>&#8211; Restricci\u00f3n: los Lacayos Mogg no atacan solos<\/em><\/p>\n<p><em>As\u00ed que:<\/em><\/p>\n<p><em>&#8211; Si atacan los Lacayos Mogg solos, cumplimos un requerimiento pero violamos una restricci\u00f3n.<\/em><\/p>\n<p><em>&#8211; Si atacan los Osos pardos, no cumplimos un requerimiento que s\u00ed podr\u00edamos haber hecho.<\/em><\/p>\n<p><em>&#8211; Si no ataca nadie, no cumplimos ning\u00fan requerimiento.<\/em><\/p>\n<p><em>&#8211; Si atacan los dos cumplimos el requerimiento sin violar ninguna restricci\u00f3n.<\/em><\/p>\n<p><strong><br \/>\n<\/strong><\/p>\n<p><strong>\u00a0<\/strong><\/p>\n<p><strong>18.- Los jugadores, \u00bfreciben prioridad entre que el da\u00f1o es asignado y el da\u00f1o es hecho?<\/strong><\/p>\n<p><em>No, las dos son acciones basadas en el turno que se tienen que realizar antes de recibir la prioridad.<\/em><\/p>\n<p><em>\u00a0<\/em><\/p>\n<p><strong>19.- Menciona tres acciones basadas en turno que suceden durante el combate.<\/strong><\/p>\n<p><em>&#8211; En el paso de Comienzo del combate; en un juego de varios jugadores declarar cu\u00e1l de tus oponentes es el jugador defensor (si el juego es uno en el cual los oponentes del jugador no se convierten autom\u00e1ticamente en los jugadores defensores) <\/em><\/p>\n<p><em>&#8211; Al comienzo del paso de Declarar atacantes; el jugador activo declara atacantes <\/em><\/p>\n<p><em>&#8211; Al comienzo del paso de Declarar bloqueadores; el jugador defensor declara bloqueadores <\/em><\/p>\n<p><em>&#8211; Despu\u00e9s de que los bloqueadores fueron declarados; anunciar el orden de asignaci\u00f3n de da\u00f1o para cualquier criatura bloqueada por varias criaturas <\/em><\/p>\n<p><em>&#8211; Despu\u00e9s de que se anunci\u00f3 la asignaci\u00f3n de da\u00f1os del jugador activo; anunciar el orden de asignaci\u00f3n de da\u00f1o para cualquier criatura bloqueadora que est\u00e1 bloqueando a varios atacantes (si corresponde) <\/em><\/p>\n<p><em>&#8211; Al comienzo del paso de Da\u00f1o de combate; anunciar c\u00f3mo asigna el da\u00f1o de combate cada criatura (en orden JAJNA) <\/em><\/p>\n<p><em>&#8211; Despu\u00e9s de que el da\u00f1o es asignado en el paso de Da\u00f1o de combate; todo el da\u00f1o de combate se hace simult\u00e1neamente.<\/em><\/p>\n","protected":false},"excerpt":{"rendered":"<p>\u00daltima actualizaci\u00f3n: 17 de junio de 2016 1.\u00ad En una partida, Aurora pasa la fase de ataque, y en el paso de declarar atacantes decide no atacar. \u00bfCu\u00e1ntos pasos tendr\u00e1 esa fase? El paso de inicio de combate, el de declarar atacantes, y el de final de combate, ya que al no declarar atacantes el [&hellip;]<\/p>\n","protected":false},"author":28,"featured_media":0,"parent":188,"menu_order":0,"comment_status":"closed","ping_status":"closed","template":"","meta":{"footnotes":"","_links_to":"","_links_to_target":""},"language":[5],"class_list":["post-17","page","type-page","status-publish","hentry","language-es_es"],"_links":{"self":[{"href":"https:\/\/blogs.magicjudges.org\/judgeclasses\/wp-json\/wp\/v2\/pages\/17","targetHints":{"allow":["GET"]}}],"collection":[{"href":"https:\/\/blogs.magicjudges.org\/judgeclasses\/wp-json\/wp\/v2\/pages"}],"about":[{"href":"https:\/\/blogs.magicjudges.org\/judgeclasses\/wp-json\/wp\/v2\/types\/page"}],"author":[{"embeddable":true,"href":"https:\/\/blogs.magicjudges.org\/judgeclasses\/wp-json\/wp\/v2\/users\/28"}],"replies":[{"embeddable":true,"href":"https:\/\/blogs.magicjudges.org\/judgeclasses\/wp-json\/wp\/v2\/comments?post=17"}],"version-history":[{"count":1,"href":"https:\/\/blogs.magicjudges.org\/judgeclasses\/wp-json\/wp\/v2\/pages\/17\/revisions"}],"predecessor-version":[{"id":18,"href":"https:\/\/blogs.magicjudges.org\/judgeclasses\/wp-json\/wp\/v2\/pages\/17\/revisions\/18"}],"up":[{"embeddable":true,"href":"https:\/\/blogs.magicjudges.org\/judgeclasses\/wp-json\/wp\/v2\/pages\/188"}],"wp:attachment":[{"href":"https:\/\/blogs.magicjudges.org\/judgeclasses\/wp-json\/wp\/v2\/media?parent=17"}],"wp:term":[{"taxonomy":"language","embeddable":true,"href":"https:\/\/blogs.magicjudges.org\/judgeclasses\/wp-json\/wp\/v2\/language?post=17"}],"curies":[{"name":"wp","href":"https:\/\/api.w.org\/{rel}","templated":true}]}}