{"id":228,"date":"2017-06-26T20:08:16","date_gmt":"2017-06-26T20:08:16","guid":{"rendered":"http:\/\/blogs.magicjudges.org\/judgeclasses\/?page_id=228"},"modified":"2017-07-06T18:20:27","modified_gmt":"2017-07-06T18:20:27","slug":"class-5-answers-pt","status":"publish","type":"page","link":"https:\/\/blogs.magicjudges.org\/judgeclasses\/portuguese\/class-5-answers-pt\/","title":{"rendered":"Respostas simulado &#8211; Li\u00e7\u00e3o 5"},"content":{"rendered":"<p style=\"text-align: center\">\n<ol>\n<li><strong>Quantas etapas devem ser seguidas para conjurar uma m\u00e1gica? Quais s\u00e3o essas etapas?<\/strong><\/li>\n<\/ol>\n<p><em>1) Anunciar e colocar a m\u00e1gica na pilha<\/em><\/p>\n<p><em>2) Escolher modos e\/ou custos adicionais \/ alternativos (evocar, unir em arcana, refor\u00e7o, recuperar)<\/em><\/p>\n<p><em>3) Escolher alvos<\/em><\/p>\n<p><em>4) Escolher a forma como os efeitos ser\u00e3o distribu\u00eddos (dano, marcadores, etc.)<\/em><\/p>\n<p><em>5) Verificar a legalidade do alvo<\/em><\/p>\n<p><em>6) Calcular o custo total<\/em><\/p>\n<p><em>7) Ativar habilidades de mana para pagar custos<\/em><\/p>\n<p><em>8) Pagar todo o custo em qualquer ordem<\/em><\/p>\n<p>&nbsp;<\/p>\n<ol start=\"2\">\n<li><strong> Em que ordem s\u00e3o pagos os custos?<\/strong><\/li>\n<\/ol>\n<p><em>Em qualquer ordem que voc\u00ea quiser.<\/em><\/p>\n<p>&nbsp;<\/p>\n<ol start=\"3\">\n<li><strong> Se eu quiser conjurar uma m\u00e1gica com recapitular, que etapas s\u00e3o afetadas pelo recapitular?<\/strong><\/li>\n<\/ol>\n<p><em>A segunda etapa, escolher custos alternativos.<\/em><\/p>\n<p>&nbsp;<\/p>\n<ol start=\"4\">\n<li><strong> Se eu conjurar uma Varada Selvagem, posso escolher a mesma criatura tr\u00eas vezes?<\/strong><\/li>\n<\/ol>\n<p><em>N\u00e3o, uma vez que para cada inst\u00e2ncia \u00fanica da palavra &#8220;alvo&#8221; em uma m\u00e1gica ou habilidade o mesmo alvo n\u00e3o pode ser escolhido mais de uma vez.<\/em><\/p>\n<p>&nbsp;<\/p>\n<ol start=\"5\">\n<li><strong> Se eu conjurar Chuva de Espinhos, posso escolher um terreno artefato duas vezes como alvo?<\/strong><\/li>\n<\/ol>\n<p><em>Sim, uma vez que podemos escolher um alvo uma vez para cada inst\u00e2ncia da palavra alvo no texto.<\/em><\/p>\n<p>&nbsp;<\/p>\n<ol start=\"6\">\n<li><strong> Quando eu escolho pagar ou n\u00e3o o refor\u00e7o de um Goblin Explode-ru\u00edna?<\/strong><\/li>\n<\/ol>\n<p><em>Durante a segunda etapa de conjurar o goblin: custos adicionais.<\/em><\/p>\n<p>&nbsp;<\/p>\n<ol start=\"7\">\n<li><strong> Se eu conjurar um Raio Voltaico tornando alvo dois Urso Fantasmal e meu oponente, quanto dano meu oponente recebe? E porque?<\/strong><\/li>\n<\/ol>\n<p><em>Um ponto, j\u00e1 que embora a habilidade relacionada ao alvo dos Ursos vai disparar e eles ser\u00e3o sacrificados, perdendo esses alvos, o Raio ir\u00e1 resolver, j\u00e1 que ele ter\u00e1 pelo menos um alvo v\u00e1lido.<\/em><\/p>\n<p><em>\u00a0<\/em><\/p>\n<ol start=\"8\">\n<li><strong> Se eu conjurar um Elo Comum, posso colocar os dois marcadores para a mesma criatura? Posso colocar um marcador para uma criatura do oponente?<\/strong><\/li>\n<\/ol>\n<p><em>Sim, podemos, uma vez que s\u00e3o duas inst\u00e2ncias da palavra alvo no texto do card. E, claro, podemos colocar um em uma criatura do oponente; n\u00e3o h\u00e1 nada que nos impe\u00e7a de faz\u00ea-lo: o alvo tem de ser uma criatura, sem qualquer outra caracter\u00edstica ou restri\u00e7\u00e3o adicional.<\/em><\/p>\n<p>&nbsp;<\/p>\n<ol start=\"9\">\n<li><strong> Existe alguma diferen\u00e7a entre conjurar uma Saraivada de Flechas e uma Bola de Fogo?<\/strong><\/li>\n<\/ol>\n<p><em>No caso da Saraivada de Flechas, o dano \u00e9 dividido na quarta etapa de conjurar, porque nos pedem uma escolha, enquanto isso o dano da Bola de Fogo \u00e9 dividido durante a resolu\u00e7\u00e3o em forma equitativa, sem ser capaz de distribu\u00ed-lo como queremos.<\/em><\/p>\n<p>&nbsp;<\/p>\n<ol start=\"10\">\n<li><strong> Alberto ativar sua Abertura Temporal e revela do topo de seu grim\u00f3rio um Vaga-Pensador. Ele pode evocar o Vaga-Pensador? E se ele o fizer, ele tem que pagar o custo de evocar?<\/strong><\/li>\n<\/ol>\n<p><em>Ele n\u00e3o pode evoc\u00e1-lo. Ambos &#8220;jogue sem pagar seu custo de mana&#8221; e Evocar s\u00e3o custos alternativos, e apenas um pode ser escolhido quando \u00e9 conjurado. O \u00fanico custo alternativo que nos permite Abertura Temporal \u00e9 jogar sem pagar seu custo de mana, ent\u00e3o se quisermos jogar o card, podemos apenas escolher essa op\u00e7\u00e3o.<\/em><\/p>\n<p>&nbsp;<\/p>\n<ol start=\"11\">\n<li><strong> Adelaida controla um Maro no campo de batalha e em sua m\u00e3o tem uma Queda Monumental. Ela pode conjurar sua Queda e sacrificar seu Maro? Se ela puder faz\u00ea-lo, quantos cards ela compraria e quantos pontos de vida ganharia?<\/strong><\/li>\n<\/ol>\n<p><em>Sim, ela pode fazer isso, ela ganhar\u00e1 0 pontos de vida e comprar\u00e1 0 cartas devido ao poder e resist\u00eancia de Maro serem determinadas por uma Habilidade de Defini\u00e7\u00e3o-Caracter\u00edstica e como Queda Monumental est\u00e1 na pilha, Adelaida n\u00e3o ter\u00e1 cartas na m\u00e3o.<\/em><\/p>\n<p>&nbsp;<\/p>\n<ol start=\"12\">\n<li><strong> Arnold controla um Ciclope de Olho Injetado equipado com uma Espada dos Parnus. Se ele ativa a habilidade do Ciclope e se sacrifica e ter como alvo Nancy, quanto dano ela receber\u00e1?<\/strong><\/li>\n<\/ol>\n<p><em>Ela receber\u00e1 6. H\u00e1 dois custos para a habilidade do Ciclope: Virar o Ciclope e sacrificar uma criatura. O custo pode ser pago em qualquer ordem, mas Arnold n\u00e3o pode virar o Ciclope se sacrific\u00e1-lo primeiro, ent\u00e3o ele deve virar em primeiro lugar, e sacrific\u00e1-lo, em seguida, e a \u00faltima informa\u00e7\u00e3o conhecida sobre criatura quando a habilidade resolve ser\u00e1 um 6\/4.<\/em><\/p>\n<p>&nbsp;<\/p>\n<ol start=\"13\">\n<li><strong> Andrea s\u00f3 tem uma Montanha no campo de batalha. Ela pode conjurar um Arrasar para destruir a Caverna Mut\u00e1vel do Oponente?<\/strong><\/li>\n<\/ol>\n<p><em>Sim, ela pode faz\u00ea-lo. Durante a etapa 7, as habilidades de mana podem ser ativadas. Ent\u00e3o, no passo 8 ela ter\u00e1 que pagar R e sacrificar a Montanha.<\/em><\/p>\n<p>&nbsp;<\/p>\n<ol start=\"14\">\n<li><strong> Eu conjurei um Arremessar, sacrificando um Tarmogoyf (com apenas feiti\u00e7o e terrenos nos cemit\u00e9rios), sobre um Centauro-ca\u00e7ador Nessiano do oponente. A criatura morrer\u00e1? O que acontecer\u00e1 se o Tarmogoyf tiver um Colar de Basilisco equipado?<\/strong><\/li>\n<\/ol>\n<p><em>Quando Arremessar resolve, usaremos as \u00faltimas informa\u00e7\u00f5es conhecidas sobre Tarmogoyf, neste caso ser\u00e1 uma criatura de poder 2, ent\u00e3o n\u00e3o, n\u00e3o vai destruir o Centauro-ca\u00e7ador. Se ele tivesse sido equipado com o colar nem destruiria a criatura, nem ganharia qualquer vida, pois embora Tarmogoyf tivesse Toque Mort\u00edfero e V\u00ednculo com a Vida quando foi sacrificado, a fonte de dano \u00e9 Arremessar, n\u00e3o a criatura sacrificada.<\/em><\/p>\n<p>&nbsp;<\/p>\n<ol start=\"15\">\n<li><strong> Artemisa controla uma Mast\u00edcora da Cauda Incandescente e Altar de Ashnod. Artemisa pode sacrificar sua Mast\u00edcora para ajudar o pagamento da primeira habilidade? Se ela puder, ela pode exilar a Mast\u00edcora de seu cemit\u00e9rio para pagar a habilidade ativada?<\/strong><\/li>\n<\/ol>\n<p><em>Sim, e tamb\u00e9m sim. A fim de ativar uma habilidade, voc\u00ea anuncia que vai us\u00e1-la, ent\u00e3o voc\u00ea escolhe alvos, depois que quando voc\u00ea ativa habilidades de mana voc\u00ea pode sacrificar Mast\u00edcora no Altar para produzir mana, ent\u00e3o quando voc\u00ea tem que pagar custos em qualquer ordem, Mast\u00edcora j\u00e1 est\u00e1 no cemit\u00e9rio e pode ser exilado.<\/em><\/p>\n<p>&nbsp;<\/p>\n<ol start=\"16\">\n<li><strong> Antonio controla uma Estrela Crom\u00e1tica, uma Grande Fornalha e uma \u00c1rvore dos Contos. Ele pode conjurar um Conjurado por Pensamento? Por qu\u00ea?<\/strong><\/li>\n<\/ol>\n<p><em>Sim ele pode. Na sexta etapa, o custo da m\u00e1gica est\u00e1 bloqueado: com afinidade determinamos que o custo necess\u00e1rio para pagar Conjurado por Pensamento \u00e9 de 1U. Este custo j\u00e1 est\u00e1 bloqueado e n\u00e3o vai mudar mesmo que as condi\u00e7\u00f5es do campo de batalha mudem.<\/em><\/p>\n<p><em>Uma vez que \u00e9 determinado, quando as habilidades de mana ativam no passo sete, Antonio pode filtrar uma mana com sua Estrela Crom\u00e1tica para obter a mana azul que ele precisa para conjurar Conjurado por Pensamento. Embora Estrela Crom\u00e1tica \u00e9 sacrificada, o custo j\u00e1 est\u00e1 bloqueado na sexta etapa e n\u00e3o muda.<\/em><\/p>\n<p>&nbsp;<\/p>\n<ol start=\"17\">\n<li><strong> Tenho no campo de batalha uma Barreira de Ra\u00edzes com 4 marcadores e quatro Florestas. Qual \u00e9 o valor m\u00e1ximo do X quando eu conjuro um Acorde do Chamado com esses recursos?<\/strong><\/li>\n<\/ol>\n<p><em>Tr\u00eas, durante a conjura\u00e7\u00e3o da m\u00e1gica eu posso usar a habilidade da barreira para obter mana, e mesmo se eu colocar um quinto marcador sobre ela, at\u00e9 que a m\u00e1gica esteja completamente conjurada, n\u00e3o vamos verificar as a\u00e7\u00f5es baseadas no estado e, portanto, estar\u00e1 viva tempo o suficiente para ser capaz de ser usada para pagar a habilidade de Convocar.<\/em><\/p>\n<p>&nbsp;<\/p>\n<ol start=\"18\">\n<li><strong> Quantas criaturas ou jogadores como alvo podem ser escolhidos por um jogador que conjurou uma Erup\u00e7\u00e3o Violenta?<\/strong><\/li>\n<\/ol>\n<p><em>De um a quatro, de acordo com a quantidade de dano que a m\u00e1gica pode causar, e nenhum a mais, porque para poder considerar como alvo essa m\u00e1gica deve ser capaz de causar pelo menos 1 ponto de dano.<\/em><\/p>\n<p>&nbsp;<\/p>\n<ol start=\"19\">\n<li><strong> Como \u00e9 determinado o custo total de uma magia? Isso afeta o custo de mana convertido da m\u00e1gica?<\/strong><\/li>\n<\/ol>\n<p><em>O custo total \u00e9 determinado primeiro a partir do custo da m\u00e1gica que \u00e9 o custo de mana impresso no canto superior direito do card, ent\u00e3o substitu\u00edmos esse custo por um custo alternativo se for necess\u00e1rio, ent\u00e3o aplicamos os aumentos (se um oponente controla um \u00c1rbitro-Mor Agostinho IV), ent\u00e3o efeitos que diminuem (por exemplo, um Familiar de Nightscape) e, finalmente, qualquer efeito que definir um valor para o custo (como Trinisfera).<\/em><\/p>\n<p><em>Isso n\u00e3o altera o custo de mana convertido, que \u00e9 o valor obtido a partir do custo da m\u00e1gica impresso no canto superior direito do card.<\/em><\/p>\n<p><em>\u00a0<\/em><\/p>\n<p><strong><div class=\"alert alert-info\" role=\"alert\"> Cr\u00e9ditos da vers\u00e3o traduzida<\/strong><\/p>\n<p>Equipe de tradu\u00e7\u00e3o original: Ricardo Leite, Jo\u00e3o Ricardo Xavier, Jo\u00e3o Ricardo Motta, Daniel Nobre Saleh.<strong><\/div><\/strong><\/p>\n<p><em>\u00a0<\/em><\/p>\n","protected":false},"excerpt":{"rendered":"<p>Quantas etapas devem ser seguidas para conjurar uma m\u00e1gica? Quais s\u00e3o essas etapas? 1) Anunciar e colocar a m\u00e1gica na pilha 2) Escolher modos e\/ou custos adicionais \/ alternativos (evocar, unir em arcana, refor\u00e7o, recuperar) 3) Escolher alvos 4) Escolher a forma como os efeitos ser\u00e3o distribu\u00eddos (dano, marcadores, etc.) 5) Verificar a legalidade do [&hellip;]<\/p>\n","protected":false},"author":28,"featured_media":0,"parent":196,"menu_order":0,"comment_status":"closed","ping_status":"closed","template":"","meta":{"footnotes":"","_links_to":"","_links_to_target":""},"language":[12],"class_list":["post-228","page","type-page","status-publish","hentry","language-pt_br"],"_links":{"self":[{"href":"https:\/\/blogs.magicjudges.org\/judgeclasses\/wp-json\/wp\/v2\/pages\/228","targetHints":{"allow":["GET"]}}],"collection":[{"href":"https:\/\/blogs.magicjudges.org\/judgeclasses\/wp-json\/wp\/v2\/pages"}],"about":[{"href":"https:\/\/blogs.magicjudges.org\/judgeclasses\/wp-json\/wp\/v2\/types\/page"}],"author":[{"embeddable":true,"href":"https:\/\/blogs.magicjudges.org\/judgeclasses\/wp-json\/wp\/v2\/users\/28"}],"replies":[{"embeddable":true,"href":"https:\/\/blogs.magicjudges.org\/judgeclasses\/wp-json\/wp\/v2\/comments?post=228"}],"version-history":[{"count":8,"href":"https:\/\/blogs.magicjudges.org\/judgeclasses\/wp-json\/wp\/v2\/pages\/228\/revisions"}],"predecessor-version":[{"id":402,"href":"https:\/\/blogs.magicjudges.org\/judgeclasses\/wp-json\/wp\/v2\/pages\/228\/revisions\/402"}],"up":[{"embeddable":true,"href":"https:\/\/blogs.magicjudges.org\/judgeclasses\/wp-json\/wp\/v2\/pages\/196"}],"wp:attachment":[{"href":"https:\/\/blogs.magicjudges.org\/judgeclasses\/wp-json\/wp\/v2\/media?parent=228"}],"wp:term":[{"taxonomy":"language","embeddable":true,"href":"https:\/\/blogs.magicjudges.org\/judgeclasses\/wp-json\/wp\/v2\/language?post=228"}],"curies":[{"name":"wp","href":"https:\/\/api.w.org\/{rel}","templated":true}]}}