{"id":256,"date":"2017-06-28T11:59:33","date_gmt":"2017-06-28T11:59:33","guid":{"rendered":"http:\/\/blogs.magicjudges.org\/judgeclasses\/?page_id=256"},"modified":"2017-07-06T18:22:32","modified_gmt":"2017-07-06T18:22:32","slug":"class-8-questions-pt","status":"publish","type":"page","link":"https:\/\/blogs.magicjudges.org\/judgeclasses\/portuguese\/class-8-questions-pt\/","title":{"rendered":"Simulado &#8211; Li\u00e7\u00e3o 8"},"content":{"rendered":"<p style=\"text-align: center\">\n<ol>\n<li><strong> Antoine controla uma Trinesfera desvirada e conjura um Porteiro de Malakir com refor\u00e7ar. Quanto Antoine tem que pagar para conjurar o Porteiro?<\/strong><\/li>\n<\/ol>\n<p>&nbsp;<\/p>\n<ol start=\"2\">\n<li><strong> Nancy controla um Subjugador da Vontade virado para baixo. Agnes conjura Choque Repentino, visando Subjugador da Vontade. Nancy pode virar para cima Subjugador da Vontade? Se assim for, Nancy pode mudar o alvo de Choque Repentino?<\/strong><\/li>\n<\/ol>\n<p>&nbsp;<\/p>\n<ol start=\"3\">\n<li><strong> Alex controla um Polucrano, Devorador de Mundos; ele ativa sua habilidade pagando 4G. Uma vez que a habilidade resolve, a segunda habilidade de Polucrano desencadeia e Alex escolhe causar 1 ponto de dano em cada uma das duas fichas de 1\/1 Goblin que Noemi controla. Quanto dano ser\u00e1 causado se Noemi conjurar uma Lamina de Destrui\u00e7\u00e3o tendo como alvo a hidra em resposta? Quanto de dano ser\u00e1 causado \u00e0 outra ficha se um deles for sacrificado em resposta \u00e0 habilidade desencadeada?<\/strong><\/li>\n<\/ol>\n<p>&nbsp;<\/p>\n<ol start=\"4\">\n<li><strong>Anson e Arthur est\u00e3o em uma equipe de Gigante de Duas Cabe\u00e7as. Anson controla Hierarca Nobre e Arthur ataca com um Perseguidor da Gl\u00f3ria, a \u00fanica criatura atacante. Quanto dano Perseguidor da Gl\u00f3ria causar\u00e1?<\/strong><\/li>\n<\/ol>\n<p>&nbsp;<\/p>\n<ol start=\"5\">\n<li><strong> Adam conjura Bocarra Ululante usando seu custo de evocar. Com as habilidades desencadeadas estiverem na pilha, Nadine conjura Dominar, tendo como alvo Bocarra Ululante. O que acontece quando as habilidades desencadeadas s\u00e3o resolvidas?<\/strong><\/li>\n<\/ol>\n<p><em>\u00a0<\/em><\/p>\n<ol start=\"6\">\n<li><strong> Alexander tem 4 florestas e uma Precentora Selvagem. Qual \u00e9 o n\u00famero m\u00e1ximo que X pode tomar se Alexander conjurar Acorde do Chamado?<\/strong><\/li>\n<\/ol>\n<p><strong>\u00a0 \u00a0 \u00a0 7. Adam conjura Delitos do Passado tendo como alvo Sussurros da Musa. Adam pode pagar o custo de recuperar de Sussurros da\u00a0 Musa? Se sim, quanto deve pagar? O que acontece quando Sussurros da Musa resolve?<\/strong><\/p>\n<p>&nbsp;<\/p>\n<ol start=\"8\">\n<li><strong> Ana tem uma Fonte Santificada, um Solo Pisoteado, um P\u00e2ntano e Litorais Desconhecidos. Com uma Trinesfera desvirada no campo de batalha, \u00e9 poss\u00edvel conjurar Explosivos Fabricados de forma que ele entre no campo de batalha com 1 marcador?<\/strong><\/li>\n<\/ol>\n<p>&nbsp;<\/p>\n<ol start=\"9\">\n<li><strong> Heather pode ativar a habilidade de Reciclar de Estepe Remota enquanto o card est\u00e1 em seu cemit\u00e9rio?<\/strong><\/li>\n<\/ol>\n<p>&nbsp;<\/p>\n<ol start=\"10\">\n<li><strong> Natalie controla um Iona, Escudo de Emeria nomeando vermelho. Pode seu oponente conjurar uma Akroma, Anjo da F\u00faria por seu custo de metamorfose? Pode ser conjurado normalmente pelo seu custo de mana?<\/strong><\/li>\n<\/ol>\n<p><em>\u00a0<\/em><\/p>\n<ol start=\"11\">\n<li><strong> Agatha usa a habilidade de desenterrar de Anatem\u00e2ntico. Ent\u00e3o ela conjura Anjo da Restaura\u00e7\u00e3o com o alvo Anatem\u00e2ntico. O que acontece depois?<\/strong><\/li>\n<\/ol>\n<p><em>\u00a0<\/em><\/p>\n<ol start=\"12\">\n<li><strong> Durante a sua primeira fase principal voc\u00ea conjura Trazer \u00e0 Luz pagando 3 manas brancas, 1 mana verde e 1 mana azul. Ap\u00f3s a resolu\u00e7\u00e3o do feiti\u00e7o, voc\u00ea procura Fissura Circundante, exila-a, embaralha o seu grim\u00f3rio e a conjura. Voc\u00ea poderia fazer isso pagando o custo de despertar ?<\/strong><\/li>\n<\/ol>\n<p>&nbsp;<\/p>\n<ol start=\"13\">\n<li><strong> Durante uma de suas fases principais, voc\u00ea conjura Abade da Fortaleza Keral. Quando sua habilidade desencadeada se resolve, voc\u00ea exila Amoque Relampejante. Voc\u00ea pode jogar pelo custo de Investida?<\/strong><\/li>\n<\/ol>\n<p>&nbsp;<\/p>\n<ol start=\"14\">\n<li><strong> Voc\u00ea tem um Exaustor Tr\u00f4pego que foi alvo de uma habilidade de despertar de Ascens\u00e3o de Ondu. Enumere as caracter\u00edsticas de Exaustor Tr\u00f4pego antes e depois de ativar sua segunda habilidade.<\/strong><\/li>\n<\/ol>\n<p>&nbsp;<\/p>\n<ol start=\"15\">\n<li><strong> Voc\u00ea controla dois Vanguardeiro Dente-de-sabre. Durante a etapa declarar atacantes, voc\u00ea confirma que ambas as criaturas estar\u00e3o atacando para que ambas as habilidades desencadeadas sejam colocadas na pilha. Em resposta \u00e0s habilidades desencadeadas, seu oponente mata uma de suas criaturas com um Atacar na Jugular. O que acontece quando as habilidades s\u00e3o resolvidas?<\/strong><\/li>\n<\/ol>\n<p>&nbsp;<\/p>\n<ol start=\"16\">\n<li><strong> Voc\u00ea controla um Xam\u00e3 dos Costumes Esquecidos, uma Honra do Puro e 3 fichas brancas de esp\u00edrito 1\/1 com voar. Seu oponente controla 2 Aberra\u00e7\u00e3o Inset\u00eddea. Voc\u00ea ativa a habilidade de formid\u00e1vel do Xam\u00e3 durante a sua primeira fase principal. Seu oponente conjura Fenda Cicl\u00f4nica em resposta, pagando seu custo de sobrecarga, e resolve. O que acontece quando a habilidade do Xam\u00e3 resolve?<\/strong><\/li>\n<\/ol>\n<p>&nbsp;<\/p>\n<ol start=\"17\">\n<li><strong> Voc\u00ea controla uma Narset Transcendente e um Jace, Telepata Ilimitado. Voc\u00ea ativa a habilidade -2 de Narset para que sua pr\u00f3xima Magica Instant\u00e2nea ou feiti\u00e7o que voc\u00ea conjurar de sua m\u00e3o tenha Rebote. Quando a habilidade for resolvida, voc\u00ea ativa a habilidade -3 de Jace apontando um Espalhar ao Vento em seu cemit\u00e9rio. Espalhar ao Vento pode ganhar rebote? Voc\u00ea pode conjura-lo pagando o custo de despertar?<\/strong><\/li>\n<\/ol>\n<p>&nbsp;<\/p>\n<ol start=\"18\">\n<li><strong> Voc\u00ea controla Informantes de Cozinha e Aves do Para\u00edso. Voc\u00ea joga Vantagem Abzan tendo o oponente como alvo e declarando que voc\u00ea utilizar\u00e1 o revigorar em Aves do Para\u00edso. Seu oponente ativa a habilidade de Xam\u00e3 de Anaba como alvo Aves do Para\u00edso em resposta, causando dano letal. Voc\u00ea pode refor\u00e7ar os Informantes de cozinha?<\/strong><\/li>\n<\/ol>\n<p>&nbsp;<\/p>\n<ol start=\"19\">\n<li><strong> Voc\u00ea conjura Elfo Tran\u00e7as-de-Sangue. Quando voc\u00ea est\u00e1 resolvendo sua cascata, o primeiro card n\u00e3o-terreno que custa menos do que o elfo depois de exilar 5 cartas, \u00e9 um card de m\u00e1gica instant\u00e2nea que voc\u00ea n\u00e3o quer conjura. O que acontece?<\/strong><\/li>\n<\/ol>\n<p><em>\u00a0<\/em><\/p>\n<ol start=\"20\">\n<li><strong> Albert declara que ataca com um Nexo de Mosco-Tintas, que se tornou uma criatura durante a sua primeira fase principal, e ele tamb\u00e9m ataca com um Goblin de Fenda Negra. Nigel conjura Acorde do Chamado com X = 2 e quando ele resolve o feiti\u00e7o, ele revela uma Melira, P\u00e1ria Silvoque e a coloca no campo de batalha. O que acontece com o dano causado por Nexo de Mosco-Tintas e Goblin de Fenda Negra? O que acontece se Albert ativa a habilidade do Nexo novamente?<\/strong><\/li>\n<\/ol>\n<p>&nbsp;<\/p>\n<ol start=\"21\">\n<li><strong> Voc\u00ea controla uma Zada, Moedora de Edros, duas Lan\u00e7a Veloz do Monast\u00e9rio e um Sol\u00edfugo Gigante. Durante a sua primeira fase principal, voc\u00ea conjura For\u00e7a do Tit\u00e3 visando Zada, desencadeando sua habilidade. Como ficar\u00e1 a pilha? Como resolver\u00e1 a Vid\u00eancia? Quantas vezes Destreza Desencadeia?<\/strong><\/li>\n<\/ol>\n<p>&nbsp;<\/p>\n<ol start=\"22\">\n<li><strong> Antony controla Desprezador de M\u00e1gica e Devastador Arconexo. Seu oponente conjura Eletrolisar visando ambas as criaturas. Antony pode ativar a habilidade de Desprezador de M\u00e1gica para redirecionar ambos os pontos de dano para Desprezador de M\u00e1gica? Alguma coisa mudaria se em vez de Eletrolisar, seu oponente conjura o Comando de Kolaghan escolhendo causar 2 pontos de dano e destruir um artefato? E se fosse Trilha de Arco El\u00e9trico?<\/strong><\/li>\n<\/ol>\n<p>&nbsp;<\/p>\n<ol start=\"23\">\n<li><strong> Abdul controla Bogle Escorregadio encantado por 2 Rancor. Ele conjura Armadura Et\u00e9rea visando o Bogle. Nashif ativa a habilidade de Desprezador de M\u00e1gica para redirecionar a Armadura em resposta. O que acontece?<\/strong><\/li>\n<\/ol>\n<p><em>\u00a0<\/em><\/p>\n<p><strong><div class=\"alert alert-info\" role=\"alert\"> Cr\u00e9ditos da vers\u00e3o traduzida<\/strong><\/p>\n<p>Equipe de tradu\u00e7\u00e3o original: Ricardo Leite, Jo\u00e3o Ricardo Xavier, Jo\u00e3o Ricardo Motta, Daniel Nobre Saleh. <\/div><\/p>\n","protected":false},"excerpt":{"rendered":"<p>Antoine controla uma Trinesfera desvirada e conjura um Porteiro de Malakir com refor\u00e7ar. Quanto Antoine tem que pagar para conjurar o Porteiro? &nbsp; Nancy controla um Subjugador da Vontade virado para baixo. Agnes conjura Choque Repentino, visando Subjugador da Vontade. Nancy pode virar para cima Subjugador da Vontade? Se assim for, Nancy pode mudar o [&hellip;]<\/p>\n","protected":false},"author":28,"featured_media":0,"parent":196,"menu_order":0,"comment_status":"closed","ping_status":"closed","template":"","meta":{"footnotes":"","_links_to":"","_links_to_target":""},"language":[12],"class_list":["post-256","page","type-page","status-publish","hentry","language-pt_br"],"_links":{"self":[{"href":"https:\/\/blogs.magicjudges.org\/judgeclasses\/wp-json\/wp\/v2\/pages\/256","targetHints":{"allow":["GET"]}}],"collection":[{"href":"https:\/\/blogs.magicjudges.org\/judgeclasses\/wp-json\/wp\/v2\/pages"}],"about":[{"href":"https:\/\/blogs.magicjudges.org\/judgeclasses\/wp-json\/wp\/v2\/types\/page"}],"author":[{"embeddable":true,"href":"https:\/\/blogs.magicjudges.org\/judgeclasses\/wp-json\/wp\/v2\/users\/28"}],"replies":[{"embeddable":true,"href":"https:\/\/blogs.magicjudges.org\/judgeclasses\/wp-json\/wp\/v2\/comments?post=256"}],"version-history":[{"count":7,"href":"https:\/\/blogs.magicjudges.org\/judgeclasses\/wp-json\/wp\/v2\/pages\/256\/revisions"}],"predecessor-version":[{"id":406,"href":"https:\/\/blogs.magicjudges.org\/judgeclasses\/wp-json\/wp\/v2\/pages\/256\/revisions\/406"}],"up":[{"embeddable":true,"href":"https:\/\/blogs.magicjudges.org\/judgeclasses\/wp-json\/wp\/v2\/pages\/196"}],"wp:attachment":[{"href":"https:\/\/blogs.magicjudges.org\/judgeclasses\/wp-json\/wp\/v2\/media?parent=256"}],"wp:term":[{"taxonomy":"language","embeddable":true,"href":"https:\/\/blogs.magicjudges.org\/judgeclasses\/wp-json\/wp\/v2\/language?post=256"}],"curies":[{"name":"wp","href":"https:\/\/api.w.org\/{rel}","templated":true}]}}