{"id":451,"date":"2017-07-10T15:18:58","date_gmt":"2017-07-10T15:18:58","guid":{"rendered":"http:\/\/blogs.magicjudges.org\/judgeclasses\/?page_id=451"},"modified":"2017-07-10T15:18:58","modified_gmt":"2017-07-10T15:18:58","slug":"class-2-questions-fr","status":"publish","type":"page","link":"https:\/\/blogs.magicjudges.org\/judgeclasses\/french\/class-2-questions-fr\/","title":{"rendered":"Cours 2 &#8211; Questions pratiques"},"content":{"rendered":"<ol>\n<li>Quels sont les diff\u00e9rents types de permanents?<\/li>\n<\/ol>\n<p>&nbsp;<\/p>\n<ol start=\"2\">\n<li>Un jeton de cr\u00e9ature Elfe est-il affect\u00e9 par un effet indiquant \u00abD\u00e9truisez tous les permanents\u00bb ?<\/li>\n<\/ol>\n<p><em>\u00a0<\/em><\/p>\n<ol start=\"3\">\n<li>J\u2019ai dix jetons Gobelin cr\u00e9\u00e9s par une \u00c9vacuation des Terriers, et trois cr\u00e9\u00e9s par un Commandant des Assi\u00e9geants. Mon adversaire lance une Pulsation du Maelstrom sur l\u2019un des jetons du Commandant des Assi\u00e9geants. Quel est l\u2019\u00e9tat du jeu ?<\/li>\n<\/ol>\n<p><em>\u00a0<\/em><\/p>\n<ol start=\"4\">\n<li>Que se passe-t-il si effet essaie de mettre en jeu un \u00e9ph\u00e9m\u00e8re ?<\/li>\n<\/ol>\n<p><em>\u00a0<\/em><\/p>\n<ol start=\"5\">\n<li>Quels statuts peut avoir un permanent ? Quel sont les statuts par d\u00e9faut ?<\/li>\n<\/ol>\n<p>&nbsp;<\/p>\n<ol start=\"6\">\n<li>Quels peuvent \u00eatre les statuts d\u2019un Maire d\u2019Avabruck<\/li>\n<\/ol>\n<p>&nbsp;<\/p>\n<ol start=\"7\">\n<li>Quelles sont les zones dans une partie de Magic ? Quelles sont les plus utilis\u00e9es ?<\/li>\n<\/ol>\n<p>Quelles sont les zones priv\u00e9es ? Les zones partag\u00e9es ?<\/p>\n<p>&nbsp;<\/p>\n<ol start=\"8\">\n<li>Si je cherche dans une zone priv\u00e9e, suis-je oblig\u00e9 de trouver ? Donnez un exemple ?<\/li>\n<\/ol>\n<p>&nbsp;<\/p>\n<ol start=\"9\">\n<li>Puis-je avoir plusieurs cimeti\u00e8res ?<\/li>\n<\/ol>\n<p>&nbsp;<\/p>\n<ol start=\"10\">\n<li>Puis-je changer l\u2019ordre des cartes de mon cimeti\u00e8re ?<\/li>\n<\/ol>\n<p>&nbsp;<\/p>\n<ol start=\"11\">\n<li>Dans quel ordre se r\u00e9solvent les sorts dans la pile ?<\/li>\n<\/ol>\n<p>&nbsp;<\/p>\n<ol start=\"12\">\n<li>Comment se placent les objets dans la pile ? Et si plusieurs objets se cr\u00e9ent en m\u00eame temps, comment se placent-ils ? Et si plusieurs objets se cr\u00e9ent en provenance des deux joueurs, comment se placent-ils ?<\/li>\n<\/ol>\n<p>&nbsp;<\/p>\n<ol start=\"13\">\n<li>Quelles capacit\u00e9s activ\u00e9es n\u2019utilisent pas la pile ?<\/li>\n<\/ol>\n<p>&nbsp;<\/p>\n<ol start=\"14\">\n<li>Quelles autres actions, qui ne sont pas des capacit\u00e9s, peux-tu faire et qui n\u2019utilisent pas la pile ?<\/li>\n<\/ol>\n<p>&nbsp;<\/p>\n<ol start=\"15\">\n<li>Si je lance une Poigne Krosiane sur le Pacifisme de mon adversaire, puis-je r\u00e9pondre \u00e0 un quelconque moment ? Qu\u2019advient-il si j\u2019ai un Feu punitif au cimeti\u00e8re et que j\u2019utilise la capacit\u00e9 d\u2019un Bosquet de Br\u00fblesaules pour prendre du mana vert pendant que la Poigne Krosiane est en pile?<\/li>\n<li>Si un effet indique \u00ab Mettez deux cartes de votre main sur le dessus de votre biblioth\u00e8que\u00bb, dans quel ordre y vont-elles? Qui choisit cet ordre?<\/li>\n<\/ol>\n<p>&nbsp;<\/p>\n<ol start=\"17\">\n<li>Si j\u2019ai une Coursi\u00e8re de Kruphix sur le champ de bataille et que je lance un un Remue-M\u00e9ninge, quelles cartes verra mon adversaire durant et \u00e0 la r\u00e9solution sort ?<\/li>\n<\/ol>\n<p>&nbsp;<\/p>\n<ol start=\"18\">\n<li>Si j\u2019ai une Coursi\u00e8re de Kruphix sur le champ de bataille et que je lance Contemplation, quelles cartes verra mon adversaire durant et \u00e0 la r\u00e9solution du sort ?<\/li>\n<\/ol>\n<p>&nbsp;<\/p>\n<ol start=\"19\">\n<li>Quelles sont les cartes \u00aben dehors du jeu\u00bb ?<\/li>\n<\/ol>\n<p>&nbsp;<\/p>\n<ol start=\"20\">\n<li>Si j\u2019ai un Karn Lib\u00e9r\u00e9 et que j&#8217;exile une carte de mon adversaire, s\u2019exile t-elle face cach\u00e9e ou visible ? Et si je le fais avec une Chandra pyroma\u00eetresse ?<\/li>\n<\/ol>\n<p>&nbsp;<\/p>\n<ol start=\"21\">\n<li>Si j\u2019active la capacit\u00e9 d\u2019un Shamane Ritemort ciblant l\u2019Ancienne rancoeur de mon cimeti\u00e8re, et qu\u2019en r\u00e9ponse, je lance l\u2019Ancienne rancoeur pour son co\u00fbt de Flashback, qu\u2019advient-il de la capacit\u00e9 du Shamane ?<\/li>\n<\/ol>\n<p>&nbsp;<\/p>\n<ol start=\"22\">\n<li>Si je lance une lame du destin sur le Titan primitif de mon adversaire, et qu\u2019en r\u00e9ponse, celui-ci l\u2019exile et le ram\u00e8ne sur la champ de bataille \u00e0 l\u2019aide d\u2019un Ange de la restauration, qu\u2019advient-il de la Lame du destin ?<\/li>\n<\/ol>\n","protected":false},"excerpt":{"rendered":"<p>Quels sont les diff\u00e9rents types de permanents? &nbsp; Un jeton de cr\u00e9ature Elfe est-il affect\u00e9 par un effet indiquant \u00abD\u00e9truisez tous les permanents\u00bb ? \u00a0 J\u2019ai dix jetons Gobelin cr\u00e9\u00e9s par une \u00c9vacuation des Terriers, et trois cr\u00e9\u00e9s par un Commandant des Assi\u00e9geants. Mon adversaire lance une Pulsation du Maelstrom sur l\u2019un des jetons du [&hellip;]<\/p>\n","protected":false},"author":28,"featured_media":0,"parent":430,"menu_order":0,"comment_status":"closed","ping_status":"closed","template":"","meta":{"footnotes":"","_links_to":"","_links_to_target":""},"language":[4],"class_list":["post-451","page","type-page","status-publish","hentry","language-fr_fr"],"_links":{"self":[{"href":"https:\/\/blogs.magicjudges.org\/judgeclasses\/wp-json\/wp\/v2\/pages\/451","targetHints":{"allow":["GET"]}}],"collection":[{"href":"https:\/\/blogs.magicjudges.org\/judgeclasses\/wp-json\/wp\/v2\/pages"}],"about":[{"href":"https:\/\/blogs.magicjudges.org\/judgeclasses\/wp-json\/wp\/v2\/types\/page"}],"author":[{"embeddable":true,"href":"https:\/\/blogs.magicjudges.org\/judgeclasses\/wp-json\/wp\/v2\/users\/28"}],"replies":[{"embeddable":true,"href":"https:\/\/blogs.magicjudges.org\/judgeclasses\/wp-json\/wp\/v2\/comments?post=451"}],"version-history":[{"count":1,"href":"https:\/\/blogs.magicjudges.org\/judgeclasses\/wp-json\/wp\/v2\/pages\/451\/revisions"}],"predecessor-version":[{"id":454,"href":"https:\/\/blogs.magicjudges.org\/judgeclasses\/wp-json\/wp\/v2\/pages\/451\/revisions\/454"}],"up":[{"embeddable":true,"href":"https:\/\/blogs.magicjudges.org\/judgeclasses\/wp-json\/wp\/v2\/pages\/430"}],"wp:attachment":[{"href":"https:\/\/blogs.magicjudges.org\/judgeclasses\/wp-json\/wp\/v2\/media?parent=451"}],"wp:term":[{"taxonomy":"language","embeddable":true,"href":"https:\/\/blogs.magicjudges.org\/judgeclasses\/wp-json\/wp\/v2\/language?post=451"}],"curies":[{"name":"wp","href":"https:\/\/api.w.org\/{rel}","templated":true}]}}