{"id":452,"date":"2017-07-10T15:20:58","date_gmt":"2017-07-10T15:20:58","guid":{"rendered":"http:\/\/blogs.magicjudges.org\/judgeclasses\/?page_id=452"},"modified":"2017-07-10T15:20:58","modified_gmt":"2017-07-10T15:20:58","slug":"class-2-answers-fr","status":"publish","type":"page","link":"https:\/\/blogs.magicjudges.org\/judgeclasses\/french\/class-2-answers-fr\/","title":{"rendered":"Cours 2 &#8211; R\u00e9ponses"},"content":{"rendered":"<ol>\n<li><strong> Quels sont les diff\u00e9rents types de permanents?<\/strong><\/li>\n<\/ol>\n<p><em>Il y en a cinq : Terrain, Cr\u00e9ature, Enchantement, Artefact et Planeswalker<\/em><\/p>\n<p>&nbsp;<\/p>\n<ol start=\"2\">\n<li><strong> Un jeton de cr\u00e9ature Elfe est-il affect\u00e9 par un effet indiquant \u00abD\u00e9truisez tous les permanents\u00bb ?<\/strong><\/li>\n<\/ol>\n<p><em>Les jetons ne sont pas des \u00abcartes\u00bb, mais sont en revanche des permanents, et seront ainsi d\u00e9truits.<\/em><\/p>\n<p>&nbsp;<\/p>\n<ol start=\"3\">\n<li><strong> J\u2019ai dix jetons Gobelin cr\u00e9\u00e9s par une \u00c9vacuation des Terriers, et trois cr\u00e9\u00e9s par un Commandant des Assi\u00e9geants. Mon adversaire lance une Pulsation du Maelstrom sur l\u2019un des jetons du Commandant des Assi\u00e9geants. Quel est l\u2019\u00e9tat du jeu ?<\/strong><\/li>\n<\/ol>\n<p><em>Tant les jetons cr\u00e9\u00e9s par l\u2019\u00c9vacuation des Terriers que ceux cr\u00e9\u00e9s par le Commandant ont pour nom et caract\u00e9ristiques ceux qui leur sont donn\u00e9s par l\u2019effet qui les a cr\u00e9\u00e9s, \u00e0 moins que quelque chose ne dise le contraire, et sont donc tous des jetons nomm\u00e9s Gobelin, et seront ainsi d\u00e9truits par la Pulsation. <\/em><\/p>\n<p>&nbsp;<\/p>\n<ol start=\"4\">\n<li><strong> Que se passe-t-il si un effet essaie de mettre en jeu un \u00e9ph\u00e9m\u00e8re ?<\/strong><\/li>\n<\/ol>\n<p><em>Celui-ci reste dans la zone dans laquelle il se trouvait pr\u00e9alablement.<\/em><\/p>\n<p>&nbsp;<\/p>\n<ol start=\"5\">\n<li><strong> Quels statuts peut avoir un permanent ? Quel sont les statuts par d\u00e9faut ?<\/strong><\/li>\n<\/ol>\n<p><em>Les statuts sont engag\u00e9\/d\u00e9gag\u00e9, invers\u00e9\/non invers\u00e9, face visible\/face cach\u00e9e et en phase\/hors phase. Les statuts par d\u00e9faut sont d\u00e9gag\u00e9, face visible, non invers\u00e9 et en phase. <\/em><\/p>\n<p>&nbsp;<\/p>\n<ol start=\"6\">\n<li><strong> Quels peuvent \u00eatre les statuts d\u2019un Maire d\u2019Avabruck <\/strong><\/li>\n<\/ol>\n<p><em>Tous. \u00c7a n\u2019\u00e9tait auparavant pas le cas, mais depuis le changement de r\u00e8gles de Destin Reforg\u00e9 , les cartes double-face peuvent \u00eatre manifest\u00e9es, et donc \u00eatre face cach\u00e9e, on utilise alors une checklist pour celles-ci.<\/em><\/p>\n<p>&nbsp;<\/p>\n<ol start=\"7\">\n<li><strong> Quelles sont les zones dans une partie de Magic ? Quelles sont les plus utilis\u00e9es ? Quelles sont les zones priv\u00e9es ? Les zones partag\u00e9es ?<\/strong><\/li>\n<\/ol>\n<p><em>Biblioth\u00e8que, Main, Champ de bataille, Cimeti\u00e8re, Pile, Exil, Zone de commandement, et Zone de mise. Les plus utilis\u00e9es sont les sept premi\u00e8res, les priv\u00e9es sont la Main et la Biblioth\u00e8que, et les partag\u00e9es sont toutes les zones publiques sauf le Cimeti\u00e8re.<\/em><\/p>\n<p>&nbsp;<\/p>\n<ol start=\"8\">\n<li><strong> Si je cherche dans une zone priv\u00e9e, suis-je oblig\u00e9 de trouver ? Donnez un exemple ?<\/strong><\/li>\n<\/ol>\n<p><em>Tu es oblig\u00e9 de trouver, \u00e0 moins que la recherche ne sp\u00e9cifie une caract\u00e9ristique concr\u00e8te, comme une couleur ou un type &#8211; si elle le sp\u00e9cifie, je peux choisir de ne trouver aucune ou toutes les cartes demand\u00e9es.<\/em><\/p>\n<p><em>Par exemple, avec\u00a0 un Pr\u00e9cepteur d\u00e9moniaque, tu es oblig\u00e9 de trouver, tandis qu\u2019avec un Dons non-donn\u00e9s, tu peux choisir de ne pas trouver plusieurs cartes.<\/em><\/p>\n<p><em>\u00a0<\/em><\/p>\n<ol start=\"9\">\n<li><strong> Puis-je avoir plusieurs cimeti\u00e8res ?<\/strong><\/li>\n<\/ol>\n<p><em>Non, tu peux seulement en avoir un.<\/em><\/p>\n<p>&nbsp;<\/p>\n<ol start=\"10\">\n<li><strong> Puis-je changer l\u2019ordre des cartes de mon cimeti\u00e8re ?<\/strong><\/li>\n<\/ol>\n<p><em>Oui, dans la mesure o\u00f9 tu ne joues pas dans un format incluant des \u00e9ditions contenant des cartes pour lesquelles l\u2019ordre des cartes du cimeti\u00e8re importent. Cela englobe normalement toutes les \u00e9ditions ant\u00e9rieures \u00e0 la Saga d\u2019Urza.<\/em><\/p>\n<p>&nbsp;<\/p>\n<ol start=\"11\">\n<li><strong> Dans quel ordre se r\u00e9solvent les sorts dans la pile ?<\/strong><\/li>\n<\/ol>\n<p><em>Dans l\u2019ordre inverse de leur entr\u00e9e dans la pile, en commen\u00e7ant par le dernier, et en terminant par le premier.<\/em><\/p>\n<p>&nbsp;<\/p>\n<ol start=\"12\">\n<li><strong> Comment se placent les objets dans la pile ? Et si plusieurs objets se cr\u00e9ent en m\u00eame temps, comment se placent-ils ? Et si plusieurs objets se cr\u00e9ent en provenance des deux joueurs, comment se placent-ils ? <\/strong><\/li>\n<\/ol>\n<p><em>Les objets se placent dans l\u2019ordre inverse \u00e0 celui dans lequel ils sont lanc\u00e9s, en mettant au-dessus les plus r\u00e9cents, et au-dessous les premiers. <\/em><\/p>\n<p><em>Si\u00a0 plusieurs objets sont cr\u00e9\u00e9s simultan\u00e9ment,comme la capacit\u00e9 d\u00e9clench\u00e9e d\u2019un Artiste de sang mourant suite \u00e0 une Col\u00e8re de Dieu en m\u00eame temps que plusieurs autres cr\u00e9atures, leur contr\u00f4leur choisit l\u2019ordre dans lequel elles vont se r\u00e9soudre.<\/em><\/p>\n<p><em>Si\u00a0 plusieurs objets sont cr\u00e9\u00e9s simultan\u00e9ment,comme les capacit\u00e9s d\u00e9clench\u00e9es de deux Artiste de sang chacun contr\u00f4l\u00e9 par un joueur, avec plusieurs cr\u00e9atures de chaque c\u00f4t\u00e9, le tout mourant suite \u00e0 une Col\u00e8re de Dieu, les objets du joueur actif iront en premier en pile, et ce dans l\u2019ordre de son choix, puis ceux du joueur non-actif, dans l\u2019ordre de son choix (ce qu\u2019on appelle l\u2019ordre AP\/NAP)<\/em><\/p>\n<p>&nbsp;<\/p>\n<ol start=\"13\">\n<li><strong> Quelles capacit\u00e9s activ\u00e9es n\u2019utilisent pas la pile ?<\/strong><\/li>\n<\/ol>\n<p><em>Les capacit\u00e9s de mana. <\/em><\/p>\n<p>&nbsp;<\/p>\n<ol start=\"14\">\n<li><strong> Quelles autres actions, qui ne sont pas des capacit\u00e9s, peux-tu faire et qui n\u2019utilisent pas la pile ? <\/strong><\/li>\n<\/ol>\n<p><em>&#8211; Suspendre une carte.<\/em><\/p>\n<p><em>&#8211; Mettre face visible une cr\u00e9ature avec la Mue.<\/em><\/p>\n<p><em>&#8211; Jouer un terrain pour ce tour.<\/em><\/p>\n<p><em>&#8211; Payer pour effectuer une action ou \u00e9viter un effet ( comme Prison Fantomale ou Arbitre L\u00e9onin), ou payer pour \u00e9viter une capacit\u00e9 de sortie du champ de bataille (comme celle de Feu \u00c9teignable).<\/em><\/p>\n<p><em>\u00a0<\/em><\/p>\n<p><strong>\u00a0<\/strong><\/p>\n<ol start=\"15\">\n<li><strong> Si je lance une Poigne Krosiane sur le Pacifisme de mon adversaire, puis-je r\u00e9pondre \u00e0 un quelconque moment ? Qu\u2019advient-il si j\u2019ai un Feu punitif au cimeti\u00e8re et que j\u2019utilise la capacit\u00e9 d\u2019un Bosquet de Br\u00fblesaules pour prendre du mana vert pendant que la Poigne Krosiane est en pile? <\/strong><\/li>\n<\/ol>\n<p><em>Tu peux faire des actions sp\u00e9ciales telles que retourner face visible un Plieur de volont\u00e9, mais tu ne peux pas activer de capacit\u00e9 ou lancer de sort. <\/em><\/p>\n<p><em>Si tu actives le Bosquet, la capacit\u00e9 du Feu punitif se d\u00e9clenchera et tu pourras choisir de payer le mana pour la payer, m\u00eame si la Poigne Krosian est en pile, car c\u2019est une capacit\u00e9 d\u00e9clench\u00e9e, et la Fraction de seconde n\u2019interdit que de lancer des sorts ou d\u2019activer des capacit\u00e9s. <\/em><\/p>\n<p>&nbsp;<\/p>\n<ol start=\"16\">\n<li><strong> Si un effet indique \u00ab Mettez deux cartes de votre main sur le dessus de votre biblioth\u00e8que\u00bb, dans quel ordre y vont-elles? Qui choisit cet ordre?<\/strong><\/li>\n<\/ol>\n<p><em>Les cartes vont dans l\u2019ordre du choix de leur propri\u00e9taire.<\/em><\/p>\n<p>&nbsp;<\/p>\n<ol start=\"17\">\n<li><strong> Si j\u2019ai une Coursi\u00e8re de Kruphix sur le champ de bataille et que je lance un Remue-M\u00e9ninge, quelles cartes verra mon adversaire durant et \u00e0 la r\u00e9solution sort ? <\/strong><\/li>\n<\/ol>\n<p><em>Il verra les trois cartes que je pioche, celle d\u2019apr\u00e8s la troisi\u00e8me pioch\u00e9e, et une fois les deux cartes retourn\u00e9es sur le dessus de la biblioth\u00e8que depuis ma main, celle du dessus de la biblioth\u00e8que. Ceci est d\u00fb au fait que chaque pioche est un \u00e9v\u00e9nement ind\u00e9pendant, tandis que remettre les cartes sur le dessus est une action unique.<\/em><\/p>\n<p>&nbsp;<\/p>\n<ol start=\"18\">\n<li><strong> Si j\u2019ai une Coursi\u00e8re de Kruphix sur le champ de bataille et que je lance Contemplation, quelles cartes verra mon adversaire durant et \u00e0 la r\u00e9solution du sort ?<\/strong><\/li>\n<\/ol>\n<p><em>Pendant que je regarde les cartes, il verra carte du dessus de la biblioth\u00e8que. Puis, si je m\u00e9lange, il verra la carte du dessus. Enfin, apr\u00e8s la pioche, il verra la carte du dessus de la biblioth\u00e8que..<\/em><\/p>\n<p>&nbsp;<\/p>\n<ol start=\"19\">\n<li><strong> Quelles sont les cartes \u00aben dehors du jeu\u00bb ?<\/strong><\/li>\n<\/ol>\n<p><em>Celles qui ne sont dans aucune des huit zones de jeu.<\/em><\/p>\n<p>&nbsp;<\/p>\n<ol start=\"20\">\n<li><strong> Si j\u2019ai un Karn Lib\u00e9r\u00e9 et que j&#8217;exile une carte de mon adversaire, s\u2019exile t-elle face cach\u00e9e ou visible ? Et si je le fais avec une Chandra pyroma\u00eetresse ?<\/strong><\/li>\n<\/ol>\n<p><em>\u00c9tant donn\u00e9 que la capacit\u00e9 ne dit rien, la carte est &#8211; dans les deux cas &#8211; exil\u00e9e face visible.<\/em><\/p>\n<p>&nbsp;<\/p>\n<ol start=\"21\">\n<li><strong> Si j\u2019active la capacit\u00e9 d\u2019un Shamane Ritemort ciblant l\u2019Ancienne rancoeur de mon cimeti\u00e8re, et qu\u2019en r\u00e9ponse, je lance l\u2019Ancienne rancoeur pour son co\u00fbt de Flashback, qu\u2019advient-il de la capacit\u00e9 du Shamane ?<\/strong><\/li>\n<\/ol>\n<p><em>Elle est contrecarr\u00e9e \u00e0 la r\u00e9solution, \u00e9tant donn\u00e9 qu\u2019elle a perdu son unique cible.<\/em><\/p>\n<p>&nbsp;<\/p>\n<p><strong>\u00a0<\/strong><\/p>\n<ol start=\"22\">\n<li><strong> Si je lance une lame du destin sur le Titan primitif de mon adversaire, et qu\u2019en r\u00e9ponse, celui-ci l\u2019exile et le ram\u00e8ne sur la champ de bataille \u00e0 l\u2019aide d\u2019un Ange de la restauration, qu\u2019advient-il de la Lame du destin ?<\/strong><\/li>\n<\/ol>\n<p><em>En changeant de zone, les permanents sont consid\u00e9r\u00e9s comme des objets distincts. Ainsi, le Titan primitif sur lequel a \u00e9t\u00e9 lanc\u00e9 la Lame du destin n\u2019est \u00abpas le m\u00eame\u00bb que celui qui a \u00e9t\u00e9 blink\u00e9 par l\u2019Ange, et le sort est donc contrecarr\u00e9 car il a perdu son unique cible.<\/em><\/p>\n","protected":false},"excerpt":{"rendered":"<p>Quels sont les diff\u00e9rents types de permanents? Il y en a cinq : Terrain, Cr\u00e9ature, Enchantement, Artefact et Planeswalker &nbsp; Un jeton de cr\u00e9ature Elfe est-il affect\u00e9 par un effet indiquant \u00abD\u00e9truisez tous les permanents\u00bb ? Les jetons ne sont pas des \u00abcartes\u00bb, mais sont en revanche des permanents, et seront ainsi d\u00e9truits. &nbsp; J\u2019ai [&hellip;]<\/p>\n","protected":false},"author":28,"featured_media":0,"parent":430,"menu_order":0,"comment_status":"closed","ping_status":"closed","template":"","meta":{"footnotes":"","_links_to":"","_links_to_target":""},"language":[4],"class_list":["post-452","page","type-page","status-publish","hentry","language-fr_fr"],"_links":{"self":[{"href":"https:\/\/blogs.magicjudges.org\/judgeclasses\/wp-json\/wp\/v2\/pages\/452","targetHints":{"allow":["GET"]}}],"collection":[{"href":"https:\/\/blogs.magicjudges.org\/judgeclasses\/wp-json\/wp\/v2\/pages"}],"about":[{"href":"https:\/\/blogs.magicjudges.org\/judgeclasses\/wp-json\/wp\/v2\/types\/page"}],"author":[{"embeddable":true,"href":"https:\/\/blogs.magicjudges.org\/judgeclasses\/wp-json\/wp\/v2\/users\/28"}],"replies":[{"embeddable":true,"href":"https:\/\/blogs.magicjudges.org\/judgeclasses\/wp-json\/wp\/v2\/comments?post=452"}],"version-history":[{"count":1,"href":"https:\/\/blogs.magicjudges.org\/judgeclasses\/wp-json\/wp\/v2\/pages\/452\/revisions"}],"predecessor-version":[{"id":455,"href":"https:\/\/blogs.magicjudges.org\/judgeclasses\/wp-json\/wp\/v2\/pages\/452\/revisions\/455"}],"up":[{"embeddable":true,"href":"https:\/\/blogs.magicjudges.org\/judgeclasses\/wp-json\/wp\/v2\/pages\/430"}],"wp:attachment":[{"href":"https:\/\/blogs.magicjudges.org\/judgeclasses\/wp-json\/wp\/v2\/media?parent=452"}],"wp:term":[{"taxonomy":"language","embeddable":true,"href":"https:\/\/blogs.magicjudges.org\/judgeclasses\/wp-json\/wp\/v2\/language?post=452"}],"curies":[{"name":"wp","href":"https:\/\/api.w.org\/{rel}","templated":true}]}}