{"id":460,"date":"2017-07-10T15:28:23","date_gmt":"2017-07-10T15:28:23","guid":{"rendered":"http:\/\/blogs.magicjudges.org\/judgeclasses\/?page_id=460"},"modified":"2017-07-10T15:28:23","modified_gmt":"2017-07-10T15:28:23","slug":"class-3-questions-fr","status":"publish","type":"page","link":"https:\/\/blogs.magicjudges.org\/judgeclasses\/french\/class-3-questions-fr\/","title":{"rendered":"Cours 3 &#8211; Questions"},"content":{"rendered":"<ol>\n<li><strong><em>Antonio joue Vesuva et copie un Mutecaveau enchant\u00e9 par Mers envahissantes. Qu\u2019est la Vesuva ?<\/em><\/strong><\/li>\n<li><strong><em> Je lance une boule de feu avec X = 3 et une seule cible. Mon adversaire lance R\u00e9verb\u00e9rer en le copiant. Combien de dommage fait la copie ? Peut-il choisir 2 cibles pour la copie ?<\/em><\/strong><\/li>\n<li><strong><em> Alvaro a lanc\u00e9 trois sorts et ensuite lance Mitraille. Nuria lance R\u00e9verb\u00e9rer en copiant la Mitraille. Combien de dommage fera Nuria ?<\/em><\/strong><\/li>\n<li><strong><em> Anna lance Image phantasmatique copiant un Mutecaveau anim\u00e9. Qu\u2019est l\u2019image ?<\/em><\/strong><\/li>\n<li><strong><em> Je lance un clone copiant une Augure de Bolas. Sa capacit\u00e9 se d\u00e9clenche-t-elle ?<\/em><\/strong><\/li>\n<li><strong><em> Puis-je lancer un clone et le faire copier une Emrakul, D\u00e9chirure des \u00c9ons ?<\/em><\/strong><\/li>\n<li><strong><em> Norbert lance un Commandement Cryptique choisissant de contrecarrer un de mes sorts et piocher une carte. Je lance R\u00e9verb\u00e9rer sur le Commandement. Quels modes puis-je choisir ? Quelles cibles ?<\/em><\/strong><\/li>\n<li><strong><em> Citer les valeurs copiables d\u2019un permanent.<\/em><\/strong><\/li>\n<li><strong><em> Quelle \u00e9tapes se cr\u00e9\u00e9ent si une cr\u00e9ature avec l\u2019Initiative attaque ? Si une cr\u00e9ature avec la Double-Initiative attaque ?<\/em><\/strong><\/li>\n<li><strong><em> Si j\u2019attaque avec une cr\u00e9ature ayant la Double-Initiative mais qu\u2019elle la perd apr\u00e8s avoir inflig\u00e9 ses blessures durant la premi\u00e8re \u00e9tape de blessures de combat, infligera-t-elle des blessures durant la deuxi\u00e8me \u00e9tape de blessures de combat ?<\/em><\/strong><\/li>\n<li><strong><em> Si j\u2019attaque avec une 3\/3 avec le Contact Mortel et qu\u2019elle est bloqu\u00e9e par trois cr\u00e9atures 2\/2, comment puis-je assigner les blessures ? Et si la premi\u00e8re cr\u00e9ature qui bloque a Indestructible ?<\/em><\/strong><\/li>\n<li><strong><em> Si j\u2019attaque avec une 4\/4 avec le Contact Mortel et le Pi\u00e9tinement et qu\u2019elle est bloqu\u00e9e par une 6\/6. Comment puis-je assigner les blessures ?<\/em><\/strong><\/li>\n<li><strong><em> Si je bloque une cr\u00e9ature 4\/4 ayant le Contact Mortel avec ma 2\/2, combien de fois dois-je r\u00e9g\u00e9n\u00e9rer ma cr\u00e9ature pour la sauver ?<\/em><\/strong><\/li>\n<li><strong><em> Si je donne \u00e0 mon \u00c9tincemage rus\u00e9 le Contact Mortel, tuerais-je automatiquement la cr\u00e9ature \u00e0 laquelle je ferai une blessure ? Et si en r\u00e9ponse on me tue mon \u00c9tincemage rus\u00e9 ?<\/em><\/strong><\/li>\n<li><strong><em> Que signifie \u00abProtection contre les cr\u00e9atures\u00bb ? Si ma cr\u00e9ature a Protection contre les cr\u00e9atures, puis-je utiliser sur elle la capacit\u00e9 Coup de sang d\u2019une cr\u00e9ature ?<\/em><\/strong><\/li>\n<li><strong><em> Si je contr\u00f4le une cr\u00e9ature enchant\u00e9e avec une aura blanche et que je lui donne la Protection contre le blanc, que se passe-t-il ?<\/em><\/strong><\/li>\n<li><strong><em> Si j\u2019attaque avec une 3\/3 pi\u00e9tinement et qu\u2019on me bloque avec une 2\/2 ayant une blessure marqu\u00e9e sur elle, quelle assignation de blessure puis-je faire ?<\/em><\/strong><\/li>\n<li><strong><em> Si ma cr\u00e9ature 5\/5 avec le Lien de vie est bloqu\u00e9e par une 1\/1, combien de points de vie vais-je gagner ? Et si en r\u00e9ponse au blocage la cr\u00e9ature bloqueuse est d\u00e9truite ? <\/em><\/strong><\/li>\n<li><strong><em> Si je suis \u00e0 3 points de vie, qu\u2019on m\u2019attaque avec deux cr\u00e9atures 3\/3 et que j\u2019en bloque une avec une cr\u00e9ature 1\/1 avec le Lien de vie, est-ce que je perds la partie ?<\/em><\/strong><\/li>\n<li><strong><em> Arnold lance \u00c9vacuation des terriers, le premier sort lanc\u00e9 ce tour-ci, et Nancy utilise une Jumelance pour cr\u00e9er une copie de l\u2019\u00c9vacuation. Arnold pourra-t-il utiliser fuite de mana pour contrer la copie l\u2019\u00c9vacuation de Nancy ?<\/em><\/strong><\/li>\n<\/ol>\n<p>&nbsp;<\/p>\n","protected":false},"excerpt":{"rendered":"<p>Antonio joue Vesuva et copie un Mutecaveau enchant\u00e9 par Mers envahissantes. Qu\u2019est la Vesuva ? Je lance une boule de feu avec X = 3 et une seule cible. Mon adversaire lance R\u00e9verb\u00e9rer en le copiant. Combien de dommage fait la copie ? Peut-il choisir 2 cibles pour la copie ? Alvaro a lanc\u00e9 trois [&hellip;]<\/p>\n","protected":false},"author":28,"featured_media":0,"parent":430,"menu_order":0,"comment_status":"closed","ping_status":"closed","template":"","meta":{"footnotes":"","_links_to":"","_links_to_target":""},"language":[4],"class_list":["post-460","page","type-page","status-publish","hentry","language-fr_fr"],"_links":{"self":[{"href":"https:\/\/blogs.magicjudges.org\/judgeclasses\/wp-json\/wp\/v2\/pages\/460","targetHints":{"allow":["GET"]}}],"collection":[{"href":"https:\/\/blogs.magicjudges.org\/judgeclasses\/wp-json\/wp\/v2\/pages"}],"about":[{"href":"https:\/\/blogs.magicjudges.org\/judgeclasses\/wp-json\/wp\/v2\/types\/page"}],"author":[{"embeddable":true,"href":"https:\/\/blogs.magicjudges.org\/judgeclasses\/wp-json\/wp\/v2\/users\/28"}],"replies":[{"embeddable":true,"href":"https:\/\/blogs.magicjudges.org\/judgeclasses\/wp-json\/wp\/v2\/comments?post=460"}],"version-history":[{"count":2,"href":"https:\/\/blogs.magicjudges.org\/judgeclasses\/wp-json\/wp\/v2\/pages\/460\/revisions"}],"predecessor-version":[{"id":467,"href":"https:\/\/blogs.magicjudges.org\/judgeclasses\/wp-json\/wp\/v2\/pages\/460\/revisions\/467"}],"up":[{"embeddable":true,"href":"https:\/\/blogs.magicjudges.org\/judgeclasses\/wp-json\/wp\/v2\/pages\/430"}],"wp:attachment":[{"href":"https:\/\/blogs.magicjudges.org\/judgeclasses\/wp-json\/wp\/v2\/media?parent=460"}],"wp:term":[{"taxonomy":"language","embeddable":true,"href":"https:\/\/blogs.magicjudges.org\/judgeclasses\/wp-json\/wp\/v2\/language?post=460"}],"curies":[{"name":"wp","href":"https:\/\/api.w.org\/{rel}","templated":true}]}}