{"id":499,"date":"2017-07-10T17:25:38","date_gmt":"2017-07-10T17:25:38","guid":{"rendered":"http:\/\/blogs.magicjudges.org\/judgeclasses\/?page_id=499"},"modified":"2017-07-10T17:25:38","modified_gmt":"2017-07-10T17:25:38","slug":"class-7-questions-fr","status":"publish","type":"page","link":"https:\/\/blogs.magicjudges.org\/judgeclasses\/french\/class-7-questions-fr\/","title":{"rendered":"Cours 7 &#8211; Questions"},"content":{"rendered":"<ol>\n<li>Qu\u2019est-ce qu\u2019une capacit\u00e9 d\u00e9clench\u00e9e ? Comment les reconna\u00eetre ?<\/li>\n<\/ol>\n<p>&nbsp;<\/p>\n<ol start=\"2\">\n<li>Quand se d\u00e9clenchent les capacit\u00e9s d\u00e9clench\u00e9es ? Quand se mettent-elles dans la pile ?<\/li>\n<\/ol>\n<p>&nbsp;<\/p>\n<ol start=\"3\">\n<li>Qu\u2019est-ce qu\u2019une capacit\u00e9 d\u00e9clench\u00e9e bas\u00e9e sur un \u00e9tat ?<\/li>\n<\/ol>\n<p>&nbsp;<\/p>\n<ol start=\"4\">\n<li>Qu\u2019est-ce qu\u2019une capacit\u00e9 d\u00e9clench\u00e9e de \u00abchangement de zone\u00bb ? Et une de \u00absortie du champ de bataille\u00bb ? Et une \u00abd\u2019arriv\u00e9e sur le champs de bataille\u00bb ? D\u2019o\u00f9 se d\u00e9clenche chacune d\u2019elle ?<\/li>\n<\/ol>\n<p>&nbsp;<\/p>\n<ol start=\"5\">\n<li>Alfred a un Maire d\u2019Avabruck sur la table et Norbert a un Ma\u00eetre-chasseur de la lande, aucun n\u2019est transform\u00e9. A son tour pr\u00e9c\u00e9dent, Norbert n\u2019a lanc\u00e9 aucun sort et \u00e0 l\u2019entretien d\u2019Alfred, les deux capacit\u00e9s se d\u00e9clenchent. Que se passe-t-il ?<\/li>\n<\/ol>\n<p>&nbsp;<\/p>\n<ol start=\"6\">\n<li>Norman a sur la table un Elesh Norn, Grand Cenobite, et Auguste lance un T\u00e9moin \u00e9ternel. Ce T\u00e9moin peut-il \u00eatre renvoy\u00e9 dans sa main gr\u00e2ce \u00e0 sa capacit\u00e9 d\u00e9clench\u00e9e ?<\/li>\n<\/ol>\n<p>&nbsp;<\/p>\n<ol start=\"7\">\n<li>Mon adversaire met un Emrakul, la d\u00e9chirure des \u00e9ons dans son cimeti\u00e8re. Puis-je emp\u00eacher qu\u2019il ne le m\u00e9lange son cimeti\u00e8re \u00e0 sa biblioth\u00e8que gr\u00e2ce \u00e0 mon Shamane ritemort ? Et si la cr\u00e9ature mise au cimeti\u00e8re est un colosse de pestacier ?<\/li>\n<\/ol>\n<p>&nbsp;<\/p>\n<ol start=\"8\">\n<li>J\u2019ai 4 montagnes et Valakut, la Cime en fusion sur la table. Avec un Titan primitif, je mets en jeu deux montagnes de plus. La capacit\u00e9 de Valakut se d\u00e9clenche-t-elle ? Si elle se d\u00e9clenche, que se passe-t-il si en r\u00e9ponse, une montagne venant d\u2019arriver en jeu est d\u00e9truite ? Et une qui \u00e9tait d\u00e9j\u00e0 sur le champ de bataille ?<\/li>\n<\/ol>\n<p>&nbsp;<\/p>\n<ol start=\"9\">\n<li>J\u2019ai un Raptor nuageoire avoir un marqueur +1\/+1 sur lui et je lance des Grizzlis. En r\u00e9ponse \u00e0 la capacit\u00e9 d\u2019\u00e9volution, je lance une Blessure virulente sur les Grizzlis. Que se passe-t-il quand la capacit\u00e9 d\u2019\u00e9volution du Raptor se r\u00e9sout ?<\/li>\n<\/ol>\n<p>&nbsp;<\/p>\n<ol start=\"10\">\n<li>J\u2019ai le m\u00eame Raptor avec deux marqueurs et je lance une Avant-garde d&#8217;\u00e9lite avec un Honneur des purs en jeu. Que se passe-t-il avec l\u2019\u00e9volution ?<\/li>\n<\/ol>\n<p>&nbsp;<\/p>\n<ol start=\"11\">\n<li>Alphonse a sur la table uniquement un Ours phantasmatique et il lance un Ange de la restauration. Que se passe-t-il \u00e9tape par \u00e9tape ?<\/li>\n<\/ol>\n<p>&nbsp;<\/p>\n<ol start=\"12\">\n<li>Quand se d\u00e9clenche la premi\u00e8re capacit\u00e9 d\u2019un Titan primitif permettant d\u2019aller chercher des terrains ?<\/li>\n<\/ol>\n<p>&nbsp;<\/p>\n<ol start=\"13\">\n<li>J\u2019ai un Artiste de sang et une Patricienne des Kalastria. Les deux meurent suite \u00e0 un Pyroclasme. Quelle(s) capacit\u00e9(s) se d\u00e9clenche(nt) et combien de fois ? Pourquoi ?<\/li>\n<\/ol>\n<p>&nbsp;<\/p>\n<ol start=\"14\">\n<li>Quand se d\u00e9clenchent la capacit\u00e9 d\u2019une Aiguille \u00e0 sectionner ?<\/li>\n<\/ol>\n<p>&nbsp;<\/p>\n<ol start=\"15\">\n<li>Armand a un Gardien de prison yixlide et lance un Kozilek, Boucher de la V\u00e9rit\u00e9; Nerrea lance une R\u00e9vocation pour le contrer. Que se passe-t-il avec le Kozilek ?<\/li>\n<\/ol>\n<p>&nbsp;<\/p>\n<ol start=\"16\">\n<li>Anthony lance un clone copiant le T\u00e9moin \u00e9ternel de son adversaire. Il n\u2019a aucune carte dans son cimeti\u00e8re. La capacit\u00e9 du T\u00e9moin \u00e9ternel se d\u00e9clenche-t-elle ? Que se passe-t-il ?<\/li>\n<\/ol>\n<p>&nbsp;<\/p>\n<ol start=\"17\">\n<li>Je contr\u00f4le une cr\u00e9ature disant : quand vous ne contr\u00f4lez pas d\u2019autre cr\u00e9ature, sacrifiez-la. Je contr\u00f4le en plus trois 1\/1 tu\u00e9es par un Pyroclasme de mon adversaire. Puis-je sauver ma cr\u00e9ature avec une Asphyxie ?<\/li>\n<\/ol>\n<p>&nbsp;<\/p>\n<ol start=\"18\">\n<li>Si une capacit\u00e9 d\u00e9clench\u00e9e a une clause \u00absi\u00bb, quand se v\u00e9rifient les conditions de d\u00e9clenchement ? Les capacit\u00e9s optionnelles disant \u00abpouvez\u00bb, se d\u00e9clenchent-elles tout le temps ?<\/li>\n<\/ol>\n<p>&nbsp;<\/p>\n<ol start=\"19\">\n<li>Adam lance Sharu\u00fbm l&#8217;H\u00e9g\u00e9mon et choisit de r\u00e9cup\u00e9rer un Acier sculpteur avec sa capacit\u00e9 d\u2019entr\u00e9e sur le champ de bataille de Sharu\u00fbm. Si Adam n\u2019a pas d\u2019autres artefact dans son cimeti\u00e8re, quels sont les cibles l\u00e9gales pour la capacit\u00e9 d\u2019entr\u00e9e sur le champ de bataille de l\u2019Acier sculpteur (transform\u00e9 en Sharu\u00fbm) ?<\/li>\n<\/ol>\n<p>&nbsp;<\/p>\n<ol start=\"20\">\n<li>Arnold est \u00e0 40 points de vie et contr\u00f4le un Souverain f\u00e9lidar. Durant l\u2019entretien d\u2019Arnold, lorsque la capacit\u00e9 du Souverain va en pile, Nicod\u00e9mus lance un Choc, ciblant Arnold; en r\u00e9ponse, il lance un Onguent de soins, choisissant de gagner 3 points de vie. Que se passe-t-il apr\u00e8s que le Choc soit r\u00e9solu ?<\/li>\n<\/ol>\n<p>&nbsp;<\/p>\n<ol start=\"21\">\n<li>Anson contr\u00f4le un Glissement astral et recycle une Steppes retir\u00e9es, choisissant d\u2019exiler les Grizzlis de Nick. Une fois r\u00e9solu, Nick lance un Effacement sur le Glissement astral. Que se passe-t-il \u00e0 la fin du tour ?<\/li>\n<\/ol>\n","protected":false},"excerpt":{"rendered":"<p>Qu\u2019est-ce qu\u2019une capacit\u00e9 d\u00e9clench\u00e9e ? Comment les reconna\u00eetre ? &nbsp; Quand se d\u00e9clenchent les capacit\u00e9s d\u00e9clench\u00e9es ? Quand se mettent-elles dans la pile ? &nbsp; Qu\u2019est-ce qu\u2019une capacit\u00e9 d\u00e9clench\u00e9e bas\u00e9e sur un \u00e9tat ? &nbsp; Qu\u2019est-ce qu\u2019une capacit\u00e9 d\u00e9clench\u00e9e de \u00abchangement de zone\u00bb ? Et une de \u00absortie du champ de bataille\u00bb ? Et une [&hellip;]<\/p>\n","protected":false},"author":28,"featured_media":0,"parent":430,"menu_order":0,"comment_status":"closed","ping_status":"closed","template":"","meta":{"footnotes":"","_links_to":"","_links_to_target":""},"language":[4],"class_list":["post-499","page","type-page","status-publish","hentry","language-fr_fr"],"_links":{"self":[{"href":"https:\/\/blogs.magicjudges.org\/judgeclasses\/wp-json\/wp\/v2\/pages\/499","targetHints":{"allow":["GET"]}}],"collection":[{"href":"https:\/\/blogs.magicjudges.org\/judgeclasses\/wp-json\/wp\/v2\/pages"}],"about":[{"href":"https:\/\/blogs.magicjudges.org\/judgeclasses\/wp-json\/wp\/v2\/types\/page"}],"author":[{"embeddable":true,"href":"https:\/\/blogs.magicjudges.org\/judgeclasses\/wp-json\/wp\/v2\/users\/28"}],"replies":[{"embeddable":true,"href":"https:\/\/blogs.magicjudges.org\/judgeclasses\/wp-json\/wp\/v2\/comments?post=499"}],"version-history":[{"count":2,"href":"https:\/\/blogs.magicjudges.org\/judgeclasses\/wp-json\/wp\/v2\/pages\/499\/revisions"}],"predecessor-version":[{"id":509,"href":"https:\/\/blogs.magicjudges.org\/judgeclasses\/wp-json\/wp\/v2\/pages\/499\/revisions\/509"}],"up":[{"embeddable":true,"href":"https:\/\/blogs.magicjudges.org\/judgeclasses\/wp-json\/wp\/v2\/pages\/430"}],"wp:attachment":[{"href":"https:\/\/blogs.magicjudges.org\/judgeclasses\/wp-json\/wp\/v2\/media?parent=499"}],"wp:term":[{"taxonomy":"language","embeddable":true,"href":"https:\/\/blogs.magicjudges.org\/judgeclasses\/wp-json\/wp\/v2\/language?post=499"}],"curies":[{"name":"wp","href":"https:\/\/api.w.org\/{rel}","templated":true}]}}