{"id":56,"date":"2016-08-08T15:21:32","date_gmt":"2016-08-08T15:21:32","guid":{"rendered":"http:\/\/blogs.magicjudges.org\/judgeclasses\/?page_id=56"},"modified":"2017-06-28T12:24:14","modified_gmt":"2017-06-28T12:24:14","slug":"class-3-answers-es","status":"publish","type":"page","link":"https:\/\/blogs.magicjudges.org\/judgeclasses\/spanish\/class-3-answers-es\/","title":{"rendered":"Clase 3 &#8211; Respuestas"},"content":{"rendered":"<p style=\"text-align: right\"><em>\u00daltima actualizaci\u00f3n: 17 de junio de 2016<\/em><\/p>\n<ol>\n<li><strong>Antonio copia con Vesuva una Mutab\u00f3veda encantada con Mares propagantes. \u00bfQu\u00e9 es la Vesuva?<\/strong><\/li>\n<\/ol>\n<p><em>El efecto de copia solo se fija en las caracter\u00edsticas copiables del objeto: es decir, el texto impreso y las habilidades granjeadas por otros efectos de copia. El cambio de tipo de los Mares Propagantes no es una caracter\u00edstica copiable; as\u00ed que la Vesuva ser\u00e1 una Mutab\u00f3veda a todos los efectos.<\/em><\/p>\n<p>&nbsp;<\/p>\n<ol start=\"2\">\n<li><strong> Lanzo una Bola de Fuego con X=3 y un solo objetivo. Mi oponente lanza un Reverberar copi\u00e1ndolo. \u00bfCu\u00e1nto da\u00f1o har\u00e1 la copia? \u00bfPodr\u00e1 elegir 2 objetivos para la copia?<\/strong><\/li>\n<\/ol>\n<p><em>El Reverberar copia la informaci\u00f3n de la Bola de fuego, y toma su valor de X=3, ya que es el valor que tiene una X mientras es lanzada, as\u00ed que har\u00e1 3 puntos de da\u00f1o.<\/em><\/p>\n<p><em>Sin embargo aunque podamos elegir nuevos objetivos, el hechizo copiado ten\u00eda s\u00f3lo uno, as\u00ed que la copia creada con el Reverberar tendr\u00e1 tambi\u00e9n s\u00f3lo uno; \u201cpuedes elegir nuevos objetivos\u201d se refiere a cu\u00e1les, pero no permite cambiar una cantidad de ellos ya especificada.<\/em><\/p>\n<p>&nbsp;<\/p>\n<ol start=\"3\">\n<li><strong> \u00c1lvaro ha lanzado 3 hechizos y luego lanza Metralla. Nuria lanza Reverberar copiando la Metralla. \u00bfCu\u00e1nto da\u00f1o har\u00e1 Nuria?<\/strong><\/li>\n<\/ol>\n<p><em>1 punto de da\u00f1o solamente, ya que Tormenta es una habilidad que se dispara cuando se lanza el hechizo del que depende, pero una copia nunca se considera lanzada.<\/em><\/p>\n<p>&nbsp;<\/p>\n<ol start=\"4\">\n<li><strong> Ana lanza Imagen Fantasmal copiando una Mutab\u00f3veda animada. \u00bfQu\u00e9 es la Imagen?<\/strong><\/li>\n<\/ol>\n<p><em>Las copias leen el texto de la carta original, modificados s\u00f3lo por otros efectos de copia, estatus, y habilidades como \u201cseg\u00fan entra en juego\u2026\u201d, de modo que la Imagen fantasmal se convertir\u00e1 en una Mutab\u00f3veda a todos los efectos.<\/em><\/p>\n<p>&nbsp;<\/p>\n<ol start=\"5\">\n<li><strong> Lanzo un Clon copiando un Presagio de Nicol Bolas. \u00bfSe disparar\u00e1 su habilidad?<\/strong><\/li>\n<\/ol>\n<p><em>En efecto, se dispara, pues el Clon entra al campo de batalla siendo ya una copia del Presagio.<\/em><\/p>\n<p>&nbsp;<\/p>\n<ol start=\"6\">\n<li><strong> \u00bfPuedo lanzar un Clon y elegir copiar un Emrakul, los Eones desgarrados?<\/strong><\/li>\n<\/ol>\n<p><em>S\u00ed, ya que ninguna de las \u201cdefensas\u201d que ofrece la habilidad de Protecci\u00f3n de Emrakul evitar\u00e1 que el Clon lo escoja como objeto a copiar, pues no es lo mismo hacer objetivo que elegir sin m\u00e1s, como sucede con el Clon.<\/em><\/p>\n<p><em>\u00a0<\/em><\/p>\n<ol start=\"7\">\n<li><strong> Norberto lanza un Dictado cr\u00edptico eligiendo contrarrestar un hechizo m\u00edo y robar una carta. Yo lanzo Reverberar copiando el Dictado. \u00bfQu\u00e9 modos puedo elegir? \u00bfQu\u00e9 objetivos?<\/strong><\/li>\n<\/ol>\n<p><em>Reverberar permite elegir objetivos diferentes a los que tuviese el hechizo copiado, al copiar se mantienen los modos originales, as\u00ed que la copia tambi\u00e9n servir\u00e1 para contrarrestar y robar carta.<\/em><\/p>\n<p>&nbsp;<\/p>\n<ol start=\"8\">\n<li><strong> Di los valores copiables que tiene un permanente.<\/strong><\/li>\n<\/ol>\n<p><em>Los valores copiables son aquellos derivados del texto impreso en la carta: Nombre, Coste de mana, Indicador de color (si lo hay), Tipo, Supertipo, Subtipo, Texto de reglas, Fuerza, Resistencia, y Lealtad. Tambi\u00e9n lo son los efectos granjeados por un efecto de copia, como la habilidad que da el efecto de copia de la Imagen Fantasmal, que si es hecha objetivo por un hechizo o habilidad hay que sacrificarla.<\/em><\/p>\n<p>&nbsp;<\/p>\n<ol start=\"9\">\n<li><strong> \u00bfQu\u00e9 pasos se crean si se ataca con una criatura con la habilidad de da\u00f1ar primero? \u00bfY con una con da\u00f1ar dos veces?<\/strong><\/li>\n<\/ol>\n<p><em>En ambos casos se crea un segundo paso de Da\u00f1o de combate.<\/em><\/p>\n<p><em>\u00a0<\/em><\/p>\n<ol start=\"10\">\n<li><strong>Si ataco con una criatura con da\u00f1ar dos veces y pierde dicha habilidad despu\u00e9s de hacer el da\u00f1o del primer paso de da\u00f1o, \u00bfhar\u00e1 da\u00f1o durante el segundo paso?<\/strong><\/li>\n<\/ol>\n<p><em>En el segundo paso de da\u00f1o de Combate no har\u00e1 da\u00f1o, ya que en ese momento no tiene Da\u00f1ar dos veces, ni se cumple que en la primera fase de Da\u00f1o de combate no tuviera ni Da\u00f1ar primero ni Da\u00f1ar dos veces, requisito para poder hacer da\u00f1o durante dicho paso.<\/em><\/p>\n<p>&nbsp;<\/p>\n<ol start=\"11\">\n<li><strong> Si ataco con un 3\/3 con toque mortal y es bloqueado por 3 criaturas 2\/2. \u00bfC\u00f3mo puedo asignar los da\u00f1os? \u00bfY si la primera criatura que bloquea es indestructible?<\/strong><\/li>\n<\/ol>\n<p><em>Puedes asignarlos como quieras; la \u00fanica condici\u00f3n es que como m\u00ednimo asignes da\u00f1o letal\u00a0 a cada una, antes de asignar da\u00f1o a las siguientes. Para esto no se tienen en cuenta posibles efectos de prevenci\u00f3n de da\u00f1o u otras habilidades (como la indestructibilidad).<\/em><\/p>\n<p><em>En este caso, 1 punto de da\u00f1o es da\u00f1o letal, as\u00ed que podr\u00edas:<\/em><\/p>\n<p><em>&#8211; Asignar 1 da\u00f1o a cada una<\/em><\/p>\n<p><em>&#8211; Asignar 1 da\u00f1o a la primera y 2 a la segunda<\/em><\/p>\n<p><em>&#8211; Asignar 2 da\u00f1os a la primera y 1 a la segunda<\/em><\/p>\n<p><em>&#8211; Asignar 3 da\u00f1os a la primera<\/em><\/p>\n<p>&nbsp;<\/p>\n<ol start=\"12\">\n<li><strong> Si ataco con un 4\/4 con Toque mortal y Arrollar y es bloqueado por un 6\/6. \u00bfC\u00f3mo puedo asignar el da\u00f1o?<\/strong><\/li>\n<\/ol>\n<p><em>Puedes asignar de 1 a 4 puntos a la criatura que bloquea, y el resto al oponente, ya que al tener Toque mortal, un punto es suficiente como para que se considere da\u00f1o letal al bloqueador.<\/em><\/p>\n<p>&nbsp;<\/p>\n<ol start=\"13\">\n<li><strong> Si bloqueo a una criatura 4\/4 con toque mortal con mi 2\/2, \u00bfCu\u00e1ntas veces tengo que regenerarlo para salvarlo?<\/strong><\/li>\n<\/ol>\n<p><em>Una. Aqu\u00ed tendr\u00edamos dos acciones basadas en el estado que intentan destruir a la criatura: da\u00f1o marcado igual o mayor a su resistencia, o da\u00f1o recibido de una fuente con toque mortal desde la \u00faltima vez que se comprobaron las ABEs.<\/em><\/p>\n<p><em>La regeneraci\u00f3n reemplaza todos los intentos simult\u00e1neos de destrucci\u00f3n. As\u00ed que, regener\u00e1ndola una vez, retiramos los da\u00f1os marcados, la giramos y la retiramos del combate en lugar de destruirla.<\/em><\/p>\n<ol start=\"14\">\n<li><strong> Si le doy a mi Magochispa astuto la habilidad de Toque mortal, \u00bfmatar\u00e1 a la criatura a la que le haga 1 da\u00f1o? \u00bfY si en respuesta me lo matan?<\/strong><\/li>\n<\/ol>\n<p><em>S\u00ed, la matar\u00e1, ya que la habilidad de Toque mortal afecta a todo da\u00f1o que haga. Las acciones basadas en estado ver\u00e1n que ha recibido da\u00f1o de una fuente con toque mortal y la destruir\u00e1n.<\/em><\/p>\n<p><em>Incluso aunque maten al Magochispa en respuesta, cuando se resuelva la habilidad se usar\u00e1 la \u00faltima informaci\u00f3n conocida sobre la fuente de dicha habilidad para determinar que tiene toque mortal.<\/em><\/p>\n<p>&nbsp;<\/p>\n<ol start=\"15\">\n<li><strong> \u00bfQu\u00e9 significa \u201cprotecci\u00f3n contra criaturas\u201d? Si mi criatura tiene \u201cprotecci\u00f3n contra criaturas\u201d, \u00bfpuedo utilizar sobre ella la habilidad de Empuj\u00f3n de una criatura?<\/strong><\/li>\n<\/ol>\n<p><em>Protecci\u00f3n significa que no puede ser objetivo de hechizos o habilidades que provengan de fuentes contra las que se tenga dicha protecci\u00f3n, el da\u00f1o de dichas fuentes es prevenido, no poder ser bloqueado por criaturas contra las que se tenga protecci\u00f3n, no puede ser encantado\/equipado\/fortificado con objetos contra los que se tenga protecci\u00f3n, y los objetos anexados a una criatura con protecci\u00f3n contra ellos ser\u00e1n desanexados como efecto de estado. <\/em><\/p>\n<p><em>Esto, aplicado a protecci\u00f3n contra criaturas, significa que no podr\u00e1 ser hecho objetivo de habilidades de criatura, bloqueado por criaturas y que el da\u00f1o que reciba de una criatura ser\u00e1 prevenido. <\/em><\/p>\n<p><em>La habilidad de Empuj\u00f3n de una carta de criatura no puede hacer objetivo a una criatura con protecci\u00f3n contra criaturas porque la fuente tiene el tipo <u>criatura<\/u>. Esto es una excepci\u00f3n propia de la Protecci\u00f3n: se aplica tambi\u00e9n a las cartas, no solo a los permanentes.<\/em><\/p>\n<p>&nbsp;<\/p>\n<ol start=\"16\">\n<li><strong> Si controlo una criatura encantada con un aura blanca y le dan la habilidad de \u201cprotecci\u00f3n contra blanco\u201d, \u00bfqu\u00e9 pasar\u00e1?<\/strong><\/li>\n<\/ol>\n<p><em>Que el aura ser\u00e1 puesta en el cementerio como acci\u00f3n basada en estado.<\/em><\/p>\n<p>&nbsp;<\/p>\n<ol start=\"17\">\n<li><strong> Si ataco con un 3\/3 que arrolla y me bloquea un 2\/2 con un da\u00f1o marcado sobre \u00e9l \u00bfqu\u00e9 asignaci\u00f3n de da\u00f1o puedo hacer?<\/strong><\/li>\n<\/ol>\n<p><em>Habr\u00e1 que hacer da\u00f1o letal a la criatura bloqueadora antes de asignar da\u00f1o al jugador. Como el 2\/2 tiene 1 da\u00f1o marcado, con un da\u00f1o ser\u00e1 suficiente para asignar da\u00f1o letal. As\u00ed, las asignaciones de da\u00f1o posibles son:<\/em><\/p>\n<p><em>&#8211; 1 da\u00f1o a la criatura, 2 al jugador<\/em><\/p>\n<p><em>&#8211; 2 da\u00f1os a la criatura, 1 al jugador<\/em><\/p>\n<p><em>&#8211; 3 da\u00f1os a la criatura<\/em><\/p>\n<p>&nbsp;<\/p>\n<ol start=\"18\">\n<li><strong> Si mi criatura 5\/5 con v\u00ednculo vital es bloqueada por un 1\/1, \u00bfcu\u00e1nta vida gano? \u00bfY si en respuesta al bloqueo, la criatura es destruida?<\/strong><\/li>\n<\/ol>\n<p><em>La criatura har\u00e1 5 da\u00f1os a la 1\/1 y estos se marcar\u00e1n en ella. Al realizarse los 5 da\u00f1os, el v\u00ednculo vital hace que gane 5 vidas. Da igual que con un da\u00f1o sea suficiente para matar a la criatura, se har\u00e1n los 5 da\u00f1os igualmente.<\/em><\/p>\n<p><em>Si despu\u00e9s del bloqueo, antes del paso de da\u00f1o de combate, la criatura bloqueadora muere, no se har\u00e1 da\u00f1o, as\u00ed que no se ganar\u00e1 vida.<\/em><\/p>\n<p><em>El da\u00f1o que una criatura hace no depende de cu\u00e1nto puedan encajar aquellas a las que les hace el da\u00f1o, sino de la fuerza que tenga. . Luego se comprobar\u00e1n las ABEs y ver\u00e1n una criatura con 1 de resistencia y 5 da\u00f1os marcados y esta ser\u00e1 destruida.<\/em><\/p>\n<p>&nbsp;<\/p>\n<ol start=\"19\">\n<li><strong> Si estoy a 3 vidas, me atacan con dos criaturas 3\/3, y yo bloqueo a una con un 1\/1 con V\u00ednculo vital, \u00bfperder\u00e9 la partida?<\/strong><\/li>\n<\/ol>\n<p><em>No, ya que la ganancia y p\u00e9rdida de vidas es simult\u00e1nea, y cuando se resuelva el da\u00f1o de combate estar\u00e9 a 1 vida.<\/em><\/p>\n<p>&nbsp;<\/p>\n<ol start=\"20\">\n<li><strong> Arnold lanza Vaciar los barracones, el primer hechizo lanzado este turno, y Nancy usa un Jugada gemela para crear una copia de Vaciar los barracones. \u00bfPodr\u00e1 Arnold usar Fuga de man\u00e1 para contrarrestar la copia de Vaciar los barracones de Nancy?<\/strong><\/li>\n<\/ol>\n<p><em>Un hechizo creado debido a un efecto de copia no se considera lanzado, pero es un hechizo en pila en cualquier caso, por lo que podr\u00e1 utilizarse la Fuga de mana contra \u00e9l mientras est\u00e9 en pila.<\/em><\/p>\n","protected":false},"excerpt":{"rendered":"<p>\u00daltima actualizaci\u00f3n: 17 de junio de 2016 Antonio copia con Vesuva una Mutab\u00f3veda encantada con Mares propagantes. \u00bfQu\u00e9 es la Vesuva? El efecto de copia solo se fija en las caracter\u00edsticas copiables del objeto: es decir, el texto impreso y las habilidades granjeadas por otros efectos de copia. El cambio de tipo de los Mares [&hellip;]<\/p>\n","protected":false},"author":28,"featured_media":0,"parent":188,"menu_order":0,"comment_status":"closed","ping_status":"closed","template":"","meta":{"footnotes":"","_links_to":"","_links_to_target":""},"language":[5],"class_list":["post-56","page","type-page","status-publish","hentry","language-es_es"],"_links":{"self":[{"href":"https:\/\/blogs.magicjudges.org\/judgeclasses\/wp-json\/wp\/v2\/pages\/56","targetHints":{"allow":["GET"]}}],"collection":[{"href":"https:\/\/blogs.magicjudges.org\/judgeclasses\/wp-json\/wp\/v2\/pages"}],"about":[{"href":"https:\/\/blogs.magicjudges.org\/judgeclasses\/wp-json\/wp\/v2\/types\/page"}],"author":[{"embeddable":true,"href":"https:\/\/blogs.magicjudges.org\/judgeclasses\/wp-json\/wp\/v2\/users\/28"}],"replies":[{"embeddable":true,"href":"https:\/\/blogs.magicjudges.org\/judgeclasses\/wp-json\/wp\/v2\/comments?post=56"}],"version-history":[{"count":3,"href":"https:\/\/blogs.magicjudges.org\/judgeclasses\/wp-json\/wp\/v2\/pages\/56\/revisions"}],"predecessor-version":[{"id":84,"href":"https:\/\/blogs.magicjudges.org\/judgeclasses\/wp-json\/wp\/v2\/pages\/56\/revisions\/84"}],"up":[{"embeddable":true,"href":"https:\/\/blogs.magicjudges.org\/judgeclasses\/wp-json\/wp\/v2\/pages\/188"}],"wp:attachment":[{"href":"https:\/\/blogs.magicjudges.org\/judgeclasses\/wp-json\/wp\/v2\/media?parent=56"}],"wp:term":[{"taxonomy":"language","embeddable":true,"href":"https:\/\/blogs.magicjudges.org\/judgeclasses\/wp-json\/wp\/v2\/language?post=56"}],"curies":[{"name":"wp","href":"https:\/\/api.w.org\/{rel}","templated":true}]}}