{"id":87,"date":"2016-08-10T13:53:06","date_gmt":"2016-08-10T13:53:06","guid":{"rendered":"http:\/\/blogs.magicjudges.org\/judgeclasses\/?page_id=87"},"modified":"2017-06-28T12:25:38","modified_gmt":"2017-06-28T12:25:38","slug":"class-5-questions-es","status":"publish","type":"page","link":"https:\/\/blogs.magicjudges.org\/judgeclasses\/spanish\/class-5-questions-es\/","title":{"rendered":"Clase 5 &#8211; Preguntas"},"content":{"rendered":"<p style=\"text-align: right\"><em>\u00daltima actualizaci\u00f3n: 17 de junio de 2016<\/em><\/p>\n<ol>\n<li>\u00bfCu\u00e1ntos pasos hay que seguir para lanzar un hechizo? \u00bfCu\u00e1les son esos pasos?<\/li>\n<li>\u00bfEn qu\u00e9 orden se pagan los costes?<\/li>\n<li>Si quiero lanzar un hechizo con Retrospectiva, \u00bfa qu\u00e9 pasos afecta la Retrospectiva?<\/li>\n<li>Si lanzo un Golpe salvaje, \u00bfpuedo elegir tres veces la misma criatura?<\/li>\n<li>Si lanzo Lluvia de espinas \u00bfpuedo elegir dos veces una tierra artefacto como objetivo?<\/li>\n<li>\u00bfCu\u00e1ndo elijo si estimulo o no un Destruyeruinas trasgo?<\/li>\n<li>Si lanzo un Rel\u00e1mpago arco haciendo objetivo a dos Oso fantasmal y al oponente, \u00bfcu\u00e1nto da\u00f1o recibe el oponente y por qu\u00e9?<\/li>\n<li>Si lanzo un Lazo com\u00fan, \u00bfpuedo poner dos contadores a la misma criatura? \u00bfY puedo poner un contador a una criatura del oponente?<\/li>\n<li>\u00bfHay alguna diferencia entre lanzar un Lluvia de flechas y una Bola de fuego?<\/li>\n<li>Alberto activa su Abertura temporal y al revelar la carta superior muestra un Errante meditabundo. \u00bfPuede evocar el Errante? Y si lo hace, \u00bftiene que pagar el coste de evocar?<\/li>\n<li>Adelaida tiene un Maro en mesa y en la mano s\u00f3lo un Ca\u00edda memorable. \u00bfPuede Adelaida lanzar la Ca\u00edda y sacrificar su Maro? Si puede, \u00bfcu\u00e1ntas cartas robar\u00eda y cu\u00e1ntas vidas ganar\u00eda?<\/li>\n<li>Arnold tiene una Espada de los Paruns equipando a su C\u00edclope cruento. Si Ang\u00e9lica activa la habilidad del C\u00edclope sacrific\u00e1ndolo a s\u00ed mismo y haciendo objetivo a Nancy, \u00bfcu\u00e1nto da\u00f1o recibir\u00e1 \u00e9sta?<\/li>\n<li>Andrea tiene s\u00f3lo una monta\u00f1a en mesa. \u00bfPuede lanzar un Arrasar para destruir la Mutab\u00f3veda de su oponente?<\/li>\n<li>Lanzo Arrojar, sacrificando un Tarmogoyf (con s\u00f3lo conjuro y tierra en los cementerios), a un Cazador nessiano de mi oponente. \u00bfMorir\u00e1 la criatura? \u00bfY qu\u00e9 pasar\u00e1 si el Tarmogoyf tiene equipada una Correa de basilisco?<\/li>\n<li>Artemisa tiene una Masticore de cola fundida y un Altar de Ashnod. \u00bfPuede Artemisa sacrificar la Masticore para ayudar a pagar la habilidad? Si es as\u00ed, \u00bfpuede exiliar la Masticore de su cementerio para pagar la habilidad activada?<\/li>\n<li>Antonio tiene una Estrella crom\u00e1tica, un Gran horno y un \u00c1rbol de los cuentos. \u00bfPuede lanzar un Idea expandida? \u00bfPor qu\u00e9, o por qu\u00e9 no?<\/li>\n<li>Tengo en el Campo de batalla un Muro de ra\u00edces con 4 contadores y cuatro bosques. \u00bfQu\u00e9 valor m\u00e1ximo podr\u00e1 tener la X de un Acorde de llamada que lance con estos recursos?<\/li>\n<li>\u00bfCu\u00e1ntas criaturas o jugadores puede escoger como objetivo un jugador que lanza una Erupci\u00f3n Violenta?<\/li>\n<li>\u00bfC\u00f3mo se determina el coste total de un hechizo? \u00bfAfecta esto el Coste de Man\u00e1 Convertido del hechizo?<\/li>\n<\/ol>\n","protected":false},"excerpt":{"rendered":"<p>\u00daltima actualizaci\u00f3n: 17 de junio de 2016 \u00bfCu\u00e1ntos pasos hay que seguir para lanzar un hechizo? \u00bfCu\u00e1les son esos pasos? \u00bfEn qu\u00e9 orden se pagan los costes? Si quiero lanzar un hechizo con Retrospectiva, \u00bfa qu\u00e9 pasos afecta la Retrospectiva? Si lanzo un Golpe salvaje, \u00bfpuedo elegir tres veces la misma criatura? Si lanzo Lluvia [&hellip;]<\/p>\n","protected":false},"author":28,"featured_media":0,"parent":188,"menu_order":0,"comment_status":"closed","ping_status":"closed","template":"","meta":{"footnotes":"","_links_to":"","_links_to_target":""},"language":[5],"class_list":["post-87","page","type-page","status-publish","hentry","language-es_es"],"_links":{"self":[{"href":"https:\/\/blogs.magicjudges.org\/judgeclasses\/wp-json\/wp\/v2\/pages\/87","targetHints":{"allow":["GET"]}}],"collection":[{"href":"https:\/\/blogs.magicjudges.org\/judgeclasses\/wp-json\/wp\/v2\/pages"}],"about":[{"href":"https:\/\/blogs.magicjudges.org\/judgeclasses\/wp-json\/wp\/v2\/types\/page"}],"author":[{"embeddable":true,"href":"https:\/\/blogs.magicjudges.org\/judgeclasses\/wp-json\/wp\/v2\/users\/28"}],"replies":[{"embeddable":true,"href":"https:\/\/blogs.magicjudges.org\/judgeclasses\/wp-json\/wp\/v2\/comments?post=87"}],"version-history":[{"count":2,"href":"https:\/\/blogs.magicjudges.org\/judgeclasses\/wp-json\/wp\/v2\/pages\/87\/revisions"}],"predecessor-version":[{"id":89,"href":"https:\/\/blogs.magicjudges.org\/judgeclasses\/wp-json\/wp\/v2\/pages\/87\/revisions\/89"}],"up":[{"embeddable":true,"href":"https:\/\/blogs.magicjudges.org\/judgeclasses\/wp-json\/wp\/v2\/pages\/188"}],"wp:attachment":[{"href":"https:\/\/blogs.magicjudges.org\/judgeclasses\/wp-json\/wp\/v2\/media?parent=87"}],"wp:term":[{"taxonomy":"language","embeddable":true,"href":"https:\/\/blogs.magicjudges.org\/judgeclasses\/wp-json\/wp\/v2\/language?post=87"}],"curies":[{"name":"wp","href":"https:\/\/api.w.org\/{rel}","templated":true}]}}