{"id":11,"date":"2015-09-07T16:09:05","date_gmt":"2015-09-07T16:09:05","guid":{"rendered":"http:\/\/blogs.magicjudges.org\/latam\/?page_id=11"},"modified":"2020-02-11T20:47:22","modified_gmt":"2020-02-11T23:47:22","slug":"documentos","status":"publish","type":"page","link":"https:\/\/blogs.magicjudges.org\/latam\/documentos\/","title":{"rendered":"Documentos"},"content":{"rendered":"<p style=\"padding-left: 30px;text-align: left\">En esta secci\u00f3n podr\u00e1s encontrar los documentos actualizados en sus \u00faltimas versiones en espa\u00f1ol<\/p>\n<p style=\"padding-left: 30px;text-align: left\"><a href=\"http:\/\/blogs.magicjudges.org\/translatedrules\/files\/2020\/02\/MagicCompRules-20200122_ES.pdf\" rel=\"bookmark\">Reglas completas de Magic (CR) \u2013 22 de enero de 2020<\/a><\/p>\n<p style=\"padding-left: 30px;text-align: left\"><a href=\"http:\/\/blogs.magicjudges.org\/translatedrules\/files\/2020\/01\/MTG_IPG_24Jan20_ES.pdf\" rel=\"bookmark\">Gu\u00eda de procedimientos de infracciones (IPG) \u2013 24 de enero de 2020<\/a><\/p>\n<p style=\"padding-left: 30px;text-align: left\"><a href=\"http:\/\/blogs.magicjudges.org\/rules\/ipg-es\/\" rel=\"bookmark\">Gu\u00eda de procedimientos de infracciones Comentada (AIPG)<\/a><\/p>\n<p style=\"padding-left: 30px;text-align: left\"><a href=\"http:\/\/blogs.magicjudges.org\/translatedrules\/files\/2020\/01\/MTG_MTR_24Jan20_ES.pdf\" rel=\"bookmark\">Reglas de torneo de Magic (MTR) \u2013 24 de enero de 2020<\/a><\/p>\n<p style=\"padding-left: 30px;text-align: left\"><a href=\"http:\/\/blogs.magicjudges.org\/rules\/mtr1-1-es\/\">Reglas de torneo de Magic Comentada (AMTR)<\/a><\/p>\n<p style=\"padding-left: 30px;text-align: left\"><a href=\"http:\/\/blogs.magicjudges.org\/translatedrules\/files\/2019\/05\/MTG_JAR_3May19_ES.pdf\" rel=\"bookmark\">Juzgando a NIR Normal (JAR) \u2013 3 de mayo de 2019<\/a><\/p>\n<p style=\"padding-left: 30px;text-align: left\"><a href=\"http:\/\/test.italianmagicjudges.net\/wiki\/index.php?title=ES:Welcome\" target=\"_blank\" rel=\"bookmark noopener noreferrer\">Libro para el Candidato a Juez (Judge Candidate Textbook)<\/a><\/p>\n<p style=\"padding-left: 30px\"><a href=\"https:\/\/docs.google.com\/document\/d\/1fa6XKvo6vIKPDYkL9HJ4DBxR6VfLgLGeTe1ibUs_bog\/edit\">Gu\u00eda para jueces de piso en su primer Grand Prix<\/a><\/p>\n<h3 style=\"padding-left: 30px;text-align: left\"><strong>Gu\u00edas para mentores y candidatos a nivel 1<\/strong><\/h3>\n<p style=\"padding-left: 30px;text-align: left\"><a href=\"http:\/\/blogs.magicjudges.org\/latam\/files\/2016\/07\/Guia-de-mentores.pdf\">Gu\u00eda para mentores de candidatos a L1<\/a><\/p>\n<p style=\"padding-left: 30px;text-align: left\"><a href=\"http:\/\/blogs.magicjudges.org\/latam\/files\/2016\/07\/Guia-de-candidatos.pdf\">Gu\u00eda para candidatos a L1<\/a><\/p>\n<p style=\"text-align: left;padding-left: 30px\"><a href=\"http:\/\/blogs.magicjudges.org\/latam\/2015\/09\/30\/lista-de-faq-para-jueces-nuevos\/\">FAQ para jueces nuevos<\/a><\/p>\n<p style=\"padding-left: 30px\"><a href=\"http:\/\/blogs.magicjudges.org\/latam\/2017\/09\/20\/compendio-de-recursos-juecisticos-por-maximiliano-ricciotti\/\">Compendio de recursos juec\u00edsticos &#8211; por Maximiliano Ricciotti<\/a><\/p>\n<h3 style=\"padding-left: 30px;text-align: left\"><strong>Documentos de descalificaci\u00f3n:<\/strong><\/h3>\n<p style=\"padding-left: 30px;text-align: left\"><a href=\"http:\/\/blogs.magicjudges.org\/o\/files\/2015\/02\/HeadJudgeDisqualificationProcedure-ES.pdf\" target=\"_blank\" rel=\"noopener noreferrer\">Para el juez principal<\/a><\/p>\n<p style=\"padding-left: 30px;text-align: left\"><a href=\"http:\/\/blogs.magicjudges.org\/o\/files\/2015\/02\/PlayerDisqualificationFAQ-ES.pdf\" target=\"_blank\" rel=\"noopener noreferrer\">Para el jugador descalificado<\/a><\/p>\n<h3 style=\"padding-left: 30px\"><strong>Gu\u00edas sobre conferencias:<\/strong><\/h3>\n<p style=\"padding-left: 30px\"><a href=\"http:\/\/blogs.magicjudges.org\/latam\/files\/2019\/03\/Gu\u00eda-de-buenas-pr\u00e1cticas-para-organizar-una-conferencia.pdf\" target=\"_blank\" rel=\"noopener noreferrer\">Gu\u00eda de buenas pr\u00e1cticas para organizar una conferencia<\/a><\/p>\n<p style=\"padding-left: 30px\"><a href=\"http:\/\/blogs.magicjudges.org\/latam\/files\/2019\/03\/Gu\u00eda-de-organizaci\u00f3n-de-Mini-conferencias-2019.pdf\" target=\"_blank\" rel=\"noopener noreferrer\">Gu\u00eda de organizaci\u00f3n de Mini-conferencias 2019<\/a><\/p>\n<p>&nbsp;<\/p>\n","protected":false},"excerpt":{"rendered":"<p>En esta secci\u00f3n podr\u00e1s encontrar los documentos actualizados en sus \u00faltimas versiones en espa\u00f1ol Reglas completas de Magic (CR) \u2013 22 de enero de 2020 Gu\u00eda de procedimientos de infracciones (IPG) \u2013 24 de enero de 2020 Gu\u00eda de procedimientos de infracciones Comentada (AIPG) Reglas de torneo de Magic (MTR) \u2013 24 de enero de [&hellip;]<\/p>\n","protected":false},"author":227,"featured_media":0,"parent":0,"menu_order":2,"comment_status":"closed","ping_status":"closed","template":"","meta":{"footnotes":"","_links_to":"","_links_to_target":""},"language":[],"class_list":["post-11","page","type-page","status-publish","hentry"],"_links":{"self":[{"href":"https:\/\/blogs.magicjudges.org\/latam\/wp-json\/wp\/v2\/pages\/11","targetHints":{"allow":["GET"]}}],"collection":[{"href":"https:\/\/blogs.magicjudges.org\/latam\/wp-json\/wp\/v2\/pages"}],"about":[{"href":"https:\/\/blogs.magicjudges.org\/latam\/wp-json\/wp\/v2\/types\/page"}],"author":[{"embeddable":true,"href":"https:\/\/blogs.magicjudges.org\/latam\/wp-json\/wp\/v2\/users\/227"}],"replies":[{"embeddable":true,"href":"https:\/\/blogs.magicjudges.org\/latam\/wp-json\/wp\/v2\/comments?post=11"}],"version-history":[{"count":70,"href":"https:\/\/blogs.magicjudges.org\/latam\/wp-json\/wp\/v2\/pages\/11\/revisions"}],"predecessor-version":[{"id":3365,"href":"https:\/\/blogs.magicjudges.org\/latam\/wp-json\/wp\/v2\/pages\/11\/revisions\/3365"}],"wp:attachment":[{"href":"https:\/\/blogs.magicjudges.org\/latam\/wp-json\/wp\/v2\/media?parent=11"}],"wp:term":[{"taxonomy":"language","embeddable":true,"href":"https:\/\/blogs.magicjudges.org\/latam\/wp-json\/wp\/v2\/language?post=11"}],"curies":[{"name":"wp","href":"https:\/\/api.w.org\/{rel}","templated":true}]}}