{"id":1043,"date":"2014-09-20T22:20:49","date_gmt":"2014-09-20T22:20:49","guid":{"rendered":"http:\/\/blogs.magicjudges.org\/o\/?page_id=1043"},"modified":"2018-12-31T16:42:48","modified_gmt":"2018-12-31T16:42:48","slug":"irc-mtgrules-faq-es","status":"publish","type":"page","link":"https:\/\/blogs.magicjudges.org\/o\/communication-channels-es\/irc-mtgrules-faq-es\/","title":{"rendered":"IRC #mtgrules &#8211; preguntas frecuentes"},"content":{"rendered":"<div class=\"alert alert-success\" role=\"alert\"> Enlaces a los canales de IRC: <a href=\"http:\/\/chat.magicjudges.org\/mtgjudge\/\">#mtgjudge<\/a> y <a href=\"http:\/\/chat.magicjudges.org\/mtgrules\">#mtgrules<\/a>.<\/div>\n<h2>\u00bfQu\u00e9 es #mtgrules?<\/h2>\n<p>El canal de Internet Relay Chat (IRC) de Magic Judges #mtgrules est\u00e1 enfocado en las preguntas de reglas. Jugadores, organizadores de torneos y jueces que no est\u00e9n seguros sobre una pregunta de reglas de Magic: The Gathering\u2122\u00a0pueden preguntar sin miedo en #mtgrules sabiendo que recibir\u00e1n respuestas correctas, basadas en las reglas y citas de los documentos cuando sea necesario.<\/p>\n<p>Las preguntas cortas sobre pol\u00edticas son bienvenidas, pero pueden ser redirigidas a #mtgjudge si la situaci\u00f3n descrita es compleja, o si hay m\u00e1s preguntas al respecto. Los Operadores del canal evitar\u00e1n las conversaciones no relativas a preguntas de reglas tan r\u00e1pido como sea posible.<\/p>\n<h2>\u00bfQu\u00e9 es un Operador del canal?<\/h2>\n<p>Este canal tiene varias personas que lo gestionan. Son todos jueces de nivel 2+ que han sido elegidos (por favor no preguntes si puedes ser un Operador) para asegurar que los temas de conversaci\u00f3n son s\u00f3lamente sobre preguntas relevantes a reglas. Si un Operador (identificado por una estrella o un s\u00edmbolo de @) te pide algo, por favor respeta esa petici\u00f3n. Nuestros Operadores (y sus nombres de usuario) son actualmente:<\/p>\n<p><div class=\"wp-caption alignleft judgeimg\"><a href=\"https:\/\/apps.magicjudges.org\/judges\/dci\/79945451\"><img src=https:\/\/apps.magicjudges.org\/dci\/avatar?dci=79945451&size=200 alt=\"Jason Lemahieu (Lems)\nNivel 3, Wisconsin (EEUU)\"><\/a><p class=\"wp-caption-text\">Jason Lemahieu (Lems)<br \/>\nNivel 3, Wisconsin (EEUU)<\/p><\/div><div class=\"wp-caption alignleft judgeimg\"><a href=\"https:\/\/apps.magicjudges.org\/judges\/dci\/157621\"><img src=https:\/\/apps.magicjudges.org\/dci\/avatar?dci=157621&size=200 alt=\"Mark Brown (MnarkBr)\nNivel 2, Australia\"><\/a><p class=\"wp-caption-text\">Mark Brown (MnarkBr)<br \/>\nNivel 2, Australia<\/p><\/div> <div class=\"wp-caption alignleft judgeimg\"><a href=\"https:\/\/apps.magicjudges.org\/judges\/dci\/11134222\"><img src=https:\/\/apps.magicjudges.org\/dci\/avatar?dci=11134222&size=200 alt=\"Johanna Virtanen (flame-)\nNivel 3, Finland\"><\/a><p class=\"wp-caption-text\">Johanna Virtanen (flame-)<br \/>\nNivel 3, Finland<\/p><\/div> <div class=\"wp-caption alignleft judgeimg\"><a href=\"https:\/\/apps.magicjudges.org\/judges\/dci\/3102549036\"><img src=https:\/\/apps.magicjudges.org\/dci\/avatar?dci=3102549036&size=200 alt=\"Jack Doyle (Scryus)\nNivel 3, United Kingdom\"><\/a><p class=\"wp-caption-text\">Jack Doyle (Scryus)<br \/>\nNivel 3, United Kingdom<\/p><\/div> <div class=\"wp-caption alignleft judgeimg\"><a href=\"https:\/\/apps.magicjudges.org\/judges\/dci\/18276430\"><img src=https:\/\/apps.magicjudges.org\/dci\/avatar?dci=18276430&size=200 alt=\"Arttu Kaipiainen (luma)\nNivel 2, Finland\"><\/a><p class=\"wp-caption-text\">Arttu Kaipiainen (luma)<br \/>\nNivel 2, Finland<\/p><\/div> <div class=\"wp-caption alignleft judgeimg\"><a href=\"https:\/\/apps.magicjudges.org\/judges\/dci\/1208473485\"><img src=https:\/\/apps.magicjudges.org\/dci\/avatar?dci=1208473485&size=200 alt=\"Carsten Haese (Cars10)\nNivel 2, Ohio (EEUU)\"><\/a><p class=\"wp-caption-text\">Carsten Haese (Cars10)<br \/>\nNivel 2, Ohio (EEUU)<\/p><\/div> <div class=\"wp-caption alignleft judgeimg\"><a href=\"https:\/\/apps.magicjudges.org\/judges\/dci\/23131655\"><img src=https:\/\/apps.magicjudges.org\/dci\/avatar?dci=23131655&size=200 alt=\"Nathan Long (Natedogg2)\nNivel 2, Colorado\u00a0(EEUU)\"><\/a><p class=\"wp-caption-text\">Nathan Long (Natedogg2)<br \/>\nNivel 2, Colorado\u00a0(EEUU)<\/p><\/div><\/p>\n<h2>Conducta en el canal<\/h2>\n<h3><strong>\u00bfPuedo simplemente preguntar?<\/strong><\/h3>\n<p>Al entrar en el canal es una buena idea esperar unos segundos para ver si hay alguna conversaci\u00f3n en curso. Si la hubiera, recomendamos esperar a que la pregunta anterior sea respondida. Si no hubiera nadie hablando por favor pregunta! Pr\u00e1cticamente siempre hay voluntarios disponibles para responder y no es necesario preguntar primero si hay alguien despierto. No obstante, a veces puede tomar un par de minutos para que alguien responda tu pregunta, as\u00ed que por favor s\u00e9 paciente!<\/p>\n<h3><strong>Tengo una pregunta sobre una carta que va a salir en la siguiente colecci\u00f3n, \u00bfpuedo preguntar?<\/strong><\/h3>\n<p>Antes del lanzamiento de una nueva colecci\u00f3n mucha gente quiere preguntar sobre cartas que no han sido a\u00fan publicadas. No podemos responder preguntas sobre cartas filtradas de forma no oficial. No hay problema por preguntar sobre los previews oficiales (listados en el sitio web de Wizards of the Coast website).<\/p>\n<p>Tampoco contestaremos preguntas sobre nuevas mec\u00e1nicas hasta que se publiquen oficialmente las reglas correspondientes, ya que es probable que esas reglas cambien. Todas las nuevas mec\u00e1nicas son explicadas en las Notas de la Colecci\u00f3n (Release Notes), que se publican antes de la prerelease de la colecci\u00f3n.<\/p>\n<h3><strong>How do I make card text appear?<\/strong><\/h3>\n<p>Puedes escribir &#8220;!carta&#8221;, y nuestro bot automatizado Datatog mostrar\u00e1 el texto de la carta. Por favor no lo uses en el canal a no ser que sea relevante a la pregunta que est\u00e9s haciendo. Si s\u00f3lo quieres ver el texto de una carta manda un mensaje privado a Datatog: escribe \u201c\/msg Datatog\u00a0!carta\u201d.<\/p>\n<h3><strong>\u00bfQu\u00e9 nivel de juez sois? \u00bfC\u00f3mo s\u00e9 qui\u00e9n es un juez certificado?<\/strong><\/h3>\n<p>La mayor\u00eda de los habituales en el canal son jueces certificados, pero tambi\u00e9n tenemos expertos en reglas en el canal que no son jueces certificados. Tenemos jueces de todos los niveles en el canal, y si alguien da una respuesta incorrecta otros le corregir\u00e1n r\u00e1pidamente. Los Operadores del canal son jueces de al menos nivel 2.<\/p>\n<h3><strong>\u00bfPor qu\u00e9 se ha echado a alguien del canal?<\/strong><\/h3>\n<p>No se tolerar\u00e1 el comportamiento disruptivo.<\/p>\n<p>Si no puedes entrar ni a #mtgrules ni a otros canales es posible que tu IP est\u00e9 prohibida por el servidor que est\u00e1s tratando de usar. Intenta usar otro servidor, consulta <a href=\"http:\/\/www.efnet.org\/?module=servers\">EFNet.org<\/a> para ver un listado.<\/p>\n<h3><strong>Este canal es genial! Soy un organizador de torneos, \u00bfpuedo usar este canal cuando mis jugadores tengan preguntas durante un torneo?<\/strong><\/h3>\n<p>Por supuesto. No obstante siempre es buena idea tener un juez f\u00edsicamente presente en tus torneos. Si quieres m\u00e1s informaci\u00f3n sobre encontrar un juez certificado cerca de ti, o sobre certificarte como juez entra en #mtgjudge. (escribe \/join #mtgjudge en la mayor\u00eda de los clientes de IRC)<\/p>\n<h3><strong>Soy un juez y quiero ayudar respondiendo preguntas. \u00bfHay alguna regla a seguir?<\/strong><\/h3>\n<p>Siempre estamos buscando gente para ayudar. No obstante hay que entender que este canal no es un lugar para que la gente practique sus conocimientos y tratar de acertar las respuestas a las preguntas de reglas. Este sitio es donde la gente que tiene preguntas viene buscando respuestas.<\/p>\n<p>Si eres un juez que quiere empezar a ayudar intenta esperar un poco al principio y piensa en las respuestas que dar\u00edas. Es una buena oportunidad para aprender y te ayudar\u00e1 a construir la confianza y la habilidad de responder preguntas por ti mismo\/a.<\/p>\n<p>No contin\u00faes las discusiones m\u00e1s all\u00e1 de lo que haya sido preguntado; estate atento a si quien haya preguntado ha dejado el canal. No discutas en detalle c\u00f3mo una interacci\u00f3n funcionar\u00eda bajo reglas o pol\u00edticas antiguas. Dirige a los usuarios a donde sea necesario &#8211; pol\u00edticas y operaciones de torneos en #mtgjudge, chats off-topic en #mtg.<\/p>\n<p>Por \u00faltimo, respeta las peticiones de los Operadores. Si te indican que un tema de conversaci\u00f3n no es adecuado, no contin\u00faes la discusi\u00f3n. Aquellos que contestan reglas no est\u00e1n exentos de descanso de una hora.<\/p>\n<h2>C\u00f3mo conectarse a IRC<\/h2>\n<p>Si est\u00e1s leyendo esto probablemente ya has localizado #mtgrules y has hecho click en el enlace en el topic. Si no, aqu\u00ed tienes unos consejos:<\/p>\n<p>Puedes usar la herramienta <a href=\"http:\/\/chat.magicjudges.org\/mtgrules\">Online de Magic Judges<\/a> para conectarte directamente a #mtgrules desde un navegador.<\/p>\n<p>Puedes usar un cliente de IRC como <a href=\"http:\/\/www.mirc.com\/\">mIRC<\/a> o <a href=\"http:\/\/www.irssi.org\/\">irssi<\/a> para conectarte. Estamos en la red EFNet, y cualquiera de los servidores disponibles deber\u00eda funcionar. Si tu cliente no lista servidores intenta <strong>irc.efnet.org<\/strong> para conectarte a uno cualquiera. Una vez conectado, escribe <strong>\/join #mtgrules<\/strong>.<\/p>\n<p>Puedes tambi\u00e9n usar otros servicios basados en web como el del sitio web de <a href=\"http:\/\/efnet.org\">EFNet<\/a>.<\/p>\n<p>Para entrar en un canal protegido por contrase\u00f1a (+k), escribe <strong>\/join #channel password<\/strong>.<\/p>\n<p>Para m\u00e1s informaci\u00f3n sobre IRC, visita este <a href=\"http:\/\/www.irchelp.org\/\">sitio web<\/a>.<\/p>\n","protected":false},"excerpt":{"rendered":"<p>\u00bfQu\u00e9 es #mtgrules? El canal de Internet Relay Chat (IRC) de Magic Judges #mtgrules est\u00e1 enfocado en las preguntas de reglas. Jugadores, organizadores de torneos y jueces que no est\u00e9n seguros sobre una pregunta de reglas de Magic: The Gathering\u2122\u00a0pueden preguntar sin miedo en #mtgrules sabiendo que recibir\u00e1n respuestas correctas, basadas en las reglas y [&hellip;]<\/p>\n","protected":false},"author":13,"featured_media":0,"parent":887,"menu_order":0,"comment_status":"closed","ping_status":"closed","template":"page_width-index.php","meta":{"footnotes":"","_links_to":"","_links_to_target":""},"language":[8],"class_list":["post-1043","page","type-page","status-publish","hentry","language-es"],"_links":{"self":[{"href":"https:\/\/blogs.magicjudges.org\/o\/wp-json\/wp\/v2\/pages\/1043","targetHints":{"allow":["GET"]}}],"collection":[{"href":"https:\/\/blogs.magicjudges.org\/o\/wp-json\/wp\/v2\/pages"}],"about":[{"href":"https:\/\/blogs.magicjudges.org\/o\/wp-json\/wp\/v2\/types\/page"}],"author":[{"embeddable":true,"href":"https:\/\/blogs.magicjudges.org\/o\/wp-json\/wp\/v2\/users\/13"}],"replies":[{"embeddable":true,"href":"https:\/\/blogs.magicjudges.org\/o\/wp-json\/wp\/v2\/comments?post=1043"}],"version-history":[{"count":18,"href":"https:\/\/blogs.magicjudges.org\/o\/wp-json\/wp\/v2\/pages\/1043\/revisions"}],"predecessor-version":[{"id":4705,"href":"https:\/\/blogs.magicjudges.org\/o\/wp-json\/wp\/v2\/pages\/1043\/revisions\/4705"}],"up":[{"embeddable":true,"href":"https:\/\/blogs.magicjudges.org\/o\/wp-json\/wp\/v2\/pages\/887"}],"wp:attachment":[{"href":"https:\/\/blogs.magicjudges.org\/o\/wp-json\/wp\/v2\/media?parent=1043"}],"wp:term":[{"taxonomy":"language","embeddable":true,"href":"https:\/\/blogs.magicjudges.org\/o\/wp-json\/wp\/v2\/language?post=1043"}],"curies":[{"name":"wp","href":"https:\/\/api.w.org\/{rel}","templated":true}]}}