{"id":1339,"date":"2017-05-15T18:09:13","date_gmt":"2017-05-15T18:09:13","guid":{"rendered":"http:\/\/blogs.magicjudges.org\/o\/?page_id=1339"},"modified":"2017-05-17T10:47:38","modified_gmt":"2017-05-17T10:47:38","slug":"judge-levels-itwelcome-to-level-2-it","status":"publish","type":"page","link":"https:\/\/blogs.magicjudges.org\/o\/judge-levels-itwelcome-to-level-2-it\/","title":{"rendered":"Benvenuti al Livello 2"},"content":{"rendered":"<p><b><\/b><span style=\"font-weight: 400\">Il Judge Program continua ad evolversi per andare incontro alle esigenze del Gioco Organizzato. Vogliamo che i Judge siano in grado di aiutare gli organizzatori dei tornei, i giocatori e anche gli altri arbitri.<\/span><\/p>\n<h2>Il punto di partenza<\/h2>\n<p><span style=\"font-weight: 400\">L\u2019esame per il Livello 2 certifica che siate in grado di comprendere ciascuna della abilit\u00e0 qui descritte e che ne siate gi\u00e0 abbastanza in possesso da poter iniziare ad operare nel vostro nuovo ruolo sia durante gli eventi che al di fuori di essi. Tuttavia il vostro percorso di miglioramento \u00e8 infinito, quindi gioite: potete continuare a sfidare voi stessi per diventare Judge migliori.<\/span><\/p>\n<h2>La strada verso il miglioramento<\/h2>\n<p><span style=\"font-weight: 400\">Uno degli aspetti pi\u00f9 belli dell\u2019essere Judge \u00e8 che ci sono sempre opportunit\u00e0 per accrescere le proprie abilit\u00e0 e migliorarsi. La maggior parte di questa crescita deriva dall&#8217;esperienza diretta, ma alcune indicazioni possono davvero aiutarvi a trovare il modo pi\u00f9 efficiente di lavorare sulle vostre capacit\u00e0.<\/span><\/p>\n<p><span style=\"font-weight: 400\">Se volete saperne di pi\u00f9 su come avanzare verso il Livello 3 date un&#8217;occhiata a <\/span><a href=\"http:\/\/blogs.magicjudges.org\/o\/judge-levels\/level-3-advancement-process\/\"><span style=\"font-weight: 400\">Il processo di avanzamento a L3<\/span><\/a><span style=\"font-weight: 400\">.<\/span><\/p>\n<h2>Arbitrare eventi a REL Competitive<\/h2>\n<p><span style=\"font-weight: 400\">Il modo migliore per accrescere la vostra capacit\u00e0 arbitrale in occasione di eventi a REL competitive \u00e8, beh, arbitrarli! In questi eventi inizierete ad incontrare nuove sfide per via delle procedure di torneo e dei vostri nuovi ruoli, come per esempio:<\/span><\/p>\n<ul>\n<li style=\"font-weight: 400\"><b>Lavoro di squadra<\/b><span style=\"font-weight: 400\">: I compiti di un grande torneo di solito sono divisi tra diversi Team (Deck check, Logistica, Paper, &#8230;) in modo che ogni Judge contribuisca al successo dell\u2019evento eseguendo compiti specifici. Ogni Team ha bisogno di un Judge che sia responsabile delle sue attivit\u00e0 e dei suoi Judge. I team leader sono gli occhi e le orecchie dell\u2019Head Judge in sala. Un buon team leader bilancia la sua attenzione tra i suoi compiti e i Judge, in modo che tutto sia eseguito correttamente e che i Judge possano sviluppare nuove competenze, stringere nuove amicizie, godersi l&#8217;evento e non sfinirsi nel farlo.<\/span><\/li>\n<li style=\"font-weight: 400\"><b>Head Judge<\/b><span style=\"font-weight: 400\">: L\u2019Head Judge \u00e8 il responsabile dell&#8217;intero torneo. Deve rispondere agli appelli da parte dei giocatori e spiegare i rulings, le Policy DCI e le vari decisioni. I suoi compiti di solito includono del lavoro con l&#8217;organizzatore prima dell&#8217;evento, per aiutarlo nella scelta dello staff e con la logistica della sede; e del lavoro dopo l\u2019evento per dare un feedback agli altri Judge e scrivere il report del torneo.<\/span><\/li>\n<li style=\"font-weight: 400\"><b>Investigations<\/b><span style=\"font-weight: 400\">: Un&#8217;indagine adeguata serve per raccogliere elementi sufficienti a prendere una decisione mentre una buona dose di diplomazia \u00e8 altrettanto necessaria per comunicare tale decisione ai giocatori. In caso di squalifica dall\u2019evento bisogna scrivere un report, raccogliere le informazioni e le dichiarazioni da giocatori e Judge coinvolti e inserire l&#8217;Investigation nel Judge Center.<\/span><\/li>\n<li style=\"font-weight: 400\"><b>Penalit\u00e0<\/b><span style=\"font-weight: 400\">: Dare una penalit\u00e0 ai giocatori richiede di valutare correttamente quale infrazione sia stata commessa per applicare il fix e la sanzione corretta. La diplomazia e la conoscenza dei documenti in questo processo sono di fondamentale importanza. Le infrazioni devono poi sempre essere inserite nel software.<\/span><\/li>\n<li style=\"font-weight: 400\"><b>Deck Checks<\/b><span style=\"font-weight: 400\">: Gli eventi competitive richiedono di verificare la legalit\u00e0 delle liste, e la corrispondenza fra le carte effettivamente giocate nel mazzo e la lista consegnata.<\/span><\/li>\n<\/ul>\n<h2>Coltivare la comunit\u00e0<\/h2>\n<p><span style=\"font-weight: 400\">Il pi\u00f9 grande privilegio che si acquisisce diventando L2 \u00e8 la possibilit\u00e0 di certificare nuovi Judge. Per aiutare i Judge ad entrare nel Judge Program avete bisogno di:<\/span><\/p>\n<ul>\n<li style=\"font-weight: 400\"><b>Trovare nuovi Judge<\/b><span style=\"font-weight: 400\">: Cercate delle persone che mostrino le competenze necessarie per essere Judge (capacit\u00e0 interpersonali, correttezza, volont\u00e0 di aiutare gli altri, &#8230;) e interesse per le regole e le Policy DCI. Potete iniziare a coinvolgerli nella comunit\u00e0 arbitrale indicandogli risorse, sfidandoli con domande e scenari, parlandogli delle vostre esperienze ad eventi a cui avete partecipato e cos\u00ec via. Queste persone possono essere sia giocatori che proprietari di negozi.<\/span><\/li>\n<li style=\"font-weight: 400\"><b>Fare da Mentore<\/b><span style=\"font-weight: 400\">: Dopo aver dimostrato interesse a diventare Judge, gli eventuali candidati saranno alla ricerca di qualcuno che li guidi attraverso il processo di apprendimento. Dovrete dar loro gli strumenti per imparare le regole, mettere alla prova le loro conoscenze e dargli tutto il vostro sostegno. Lasciate che vi assistano mentre arbitrate un piccolo evento in modo da farli familiarizzare con ci\u00f2 che facciamo.<\/span><\/li>\n<li style=\"font-weight: 400\"><b>Esaminare<\/b><span style=\"font-weight: 400\">: Il processo di certificazione \u00e8 standardizzato in modo tale che tutti i candidati siano tenuti a possedere le stesse competenze di base necessarie per operare al loro livello. Vi consigliamo vivamente di eseguire il processo di certificazione, almeno una volta, e fino in fondo, con un Judge pi\u00f9 esperto.<\/span><\/li>\n<li style=\"font-weight: 400\"><b>Reviewing<\/b><span style=\"font-weight: 400\">: Dare e ricevere dei feedback \u00e8 estremamente importante ed \u00e8 uno strumento fondamentale per migliorare la comunit\u00e0 arbitrale. Cercate sempre di guardare alcuni dei vostri colleghi Judge al lavoro e pensate a come potrebbero migliorare nel loro operato. Offrite loro suggerimenti su come farlo, ricordandovi di essere costruttivi nelle critiche.<\/span><\/li>\n<li style=\"font-weight: 400\"><b>Comunicazione<\/b><span style=\"font-weight: 400\">: Siate parte attiva della comunit\u00e0 regionale, siate presenti on-line sulle mailing list, sui forum locali e simili. Proponete situazioni interessanti per le discussioni, report dei vostri tornei, etc..<\/span><\/li>\n<\/ul>\n<h2>Far parte del Judge Program<\/h2>\n<p><span style=\"font-weight: 400\">Diventando livello 2 vi dimostrate interessati a venire coinvolti maggiormente nel Judge Program.<\/span><\/p>\n<ul>\n<li style=\"font-weight: 400\"><b>Coordinatore Regionale (RC)<\/b><span style=\"font-weight: 400\">: Non esitate a prendere contatto con il <\/span><a href=\"http:\/\/blogs.magicjudges.org\/o\/spheres\/regional-coordinators\/\"><span style=\"font-weight: 400\">Coordinatore Regionale<\/span><\/a><span style=\"font-weight: 400\">, per fargli conoscere eventuali dubbi, problemi o desideri che potreste avere riguardo al Judge Program.<\/span><\/li>\n<li style=\"font-weight: 400\"><b>Judge Forums<\/b><span style=\"font-weight: 400\">: Iniziate a diventare parte attiva della discussione sui forum internazionali e locali, sia proponendo argomenti che incontrate nella vostra comunit\u00e0 o nei vari eventi, sia condividendo la vostra esperienza rispondendo alle richieste di altri Judge. Riproponete alcune delle discussioni alla vostra comunit\u00e0 locale e aiutatela ad acquisire cos\u00ec nuove esperienze.<\/span><\/li>\n<li style=\"font-weight: 400\"><b>Progetti<\/b><span style=\"font-weight: 400\">: Il Judge Program continua da sempre a cercare di migliorare se stesso esplorando nuove possibilit\u00e0. I Judge lavorano su temi particolari, al fine di aggiungere nuove funzionalit\u00e0 al programma o per migliorare quelle gi\u00e0 presenti. Potete proporre nuovi progetti per la comunit\u00e0 o potete chiedere di aderire a quelli che pi\u00f9 vi aggradano.<\/span><\/li>\n<li style=\"font-weight: 400\"><b>Eventi pi\u00f9 grandi<\/b><span style=\"font-weight: 400\">: Una volta ottenuta abbastanza esperienza in eventi competitive, c&#8217;\u00e8 l&#8217;ultima frontiera degli eventi professional. Questi eventi sono gestiti al top degli standard per poter dare ai giocatori un&#8217;esperienza eccezionale. Le Applications per questi eventi vengono pubblicate su <\/span><a href=\"http:\/\/apps.magicjudges.org\/events\"><span style=\"font-weight: 400\">Judge Apps<\/span><\/a><span style=\"font-weight: 400\">, quindi assicuratevi di leggere le pagine degli eventi e inserite la vostra Application correttamente.<\/span><\/li>\n<\/ul>\n<p><i><span style=\"font-weight: 400\">Questa pagina \u00e8 stata scritta da <span class='judge-tooltip'><a href='https:\/\/apps.magicjudges.org\/judges\/dci\/25153831' >Fabian Peck<\/a><span class='avatar'><img width='200' height='200' src='https:\/\/apps.magicjudges.org\/dci\/avatar?dci=25153831&size=200'><\/span><\/span> e tradotta da <span class='judge-tooltip'><a href='https:\/\/apps.magicjudges.org\/judges\/dci\/1213624287' >Matteo Carpanedo<\/a><span class='avatar'><img width='200' height='200' src='https:\/\/apps.magicjudges.org\/dci\/avatar?dci=1213624287&size=200'><\/span><\/span> e <span class='judge-tooltip'><a href='https:\/\/apps.magicjudges.org\/judges\/dci\/1204564232' >Renato Spinelli<\/a><span class='avatar'><img width='200' height='200' src='https:\/\/apps.magicjudges.org\/dci\/avatar?dci=1204564232&size=200'><\/span><\/span><\/span><\/i><\/p>\n<p>&nbsp;<\/p>\n","protected":false},"excerpt":{"rendered":"<p>Il Judge Program continua ad evolversi per andare incontro alle esigenze del Gioco Organizzato. Vogliamo che i Judge siano in grado di aiutare gli organizzatori dei tornei, i giocatori e anche gli altri arbitri. Il punto di partenza L\u2019esame per il Livello 2 certifica che siate in grado di comprendere ciascuna della abilit\u00e0 qui descritte [&hellip;]<\/p>\n","protected":false},"author":126,"featured_media":0,"parent":0,"menu_order":0,"comment_status":"closed","ping_status":"closed","template":"page_width-index.php","meta":{"footnotes":"","_links_to":"","_links_to_target":""},"language":[14],"class_list":["post-1339","page","type-page","status-publish","hentry","language-it"],"_links":{"self":[{"href":"https:\/\/blogs.magicjudges.org\/o\/wp-json\/wp\/v2\/pages\/1339","targetHints":{"allow":["GET"]}}],"collection":[{"href":"https:\/\/blogs.magicjudges.org\/o\/wp-json\/wp\/v2\/pages"}],"about":[{"href":"https:\/\/blogs.magicjudges.org\/o\/wp-json\/wp\/v2\/types\/page"}],"author":[{"embeddable":true,"href":"https:\/\/blogs.magicjudges.org\/o\/wp-json\/wp\/v2\/users\/126"}],"replies":[{"embeddable":true,"href":"https:\/\/blogs.magicjudges.org\/o\/wp-json\/wp\/v2\/comments?post=1339"}],"version-history":[{"count":5,"href":"https:\/\/blogs.magicjudges.org\/o\/wp-json\/wp\/v2\/pages\/1339\/revisions"}],"predecessor-version":[{"id":3996,"href":"https:\/\/blogs.magicjudges.org\/o\/wp-json\/wp\/v2\/pages\/1339\/revisions\/3996"}],"wp:attachment":[{"href":"https:\/\/blogs.magicjudges.org\/o\/wp-json\/wp\/v2\/media?parent=1339"}],"wp:term":[{"taxonomy":"language","embeddable":true,"href":"https:\/\/blogs.magicjudges.org\/o\/wp-json\/wp\/v2\/language?post=1339"}],"curies":[{"name":"wp","href":"https:\/\/api.w.org\/{rel}","templated":true}]}}