{"id":1461,"date":"2015-02-25T02:19:07","date_gmt":"2015-02-25T02:19:07","guid":{"rendered":"http:\/\/blogs.magicjudges.org\/o\/?page_id=1461"},"modified":"2018-03-28T14:02:26","modified_gmt":"2018-03-28T14:02:26","slug":"disqualification-process-es","status":"publish","type":"page","link":"https:\/\/blogs.magicjudges.org\/o\/disqualification-process-es\/","title":{"rendered":"Proceso de Descalificaci\u00f3n"},"content":{"rendered":"<div class=\"alert alert-danger\" role=\"alert\"> Siempre que un jugador sea descalificado de un torneo sancionado el juez principal tiene que enviar un informe. En esta secci\u00f3n encontrar\u00e1s c\u00f3mo preparar y enviar el informe, y tambi\u00e9n los detalles del proceso que sigue despu\u00e9s.<\/div>\n<h2>Informaci\u00f3n importante a recordar<\/h2>\n<ol>\n<li>Seguir los pasos indicados en el\u00a0<a title=\"Procedimiento de descalificaci\u00f3n para el juez principal\" href=\"http:\/\/blogs.magicjudges.org\/o\/files\/2015\/02\/HeadJudgeDisqualificationProcedure-ES.pdf\" target=\"_blank\" rel=\"noopener\">Procedimiento de descalificaci\u00f3n para el juez principal<\/a>.<\/li>\n<li>Lo m\u00e1s importante es pedirle al jugador, a los jueces que participaron de la situaci\u00f3n y a los testigos que dejen su<b> informaci\u00f3n de contacto.<\/b><\/li>\n<li>Imprimir una copia de la\u00a0\u00a0<a title=\"Informaci\u00f3n para el jugador descalificado\" href=\"http:\/\/blogs.magicjudges.org\/o\/files\/2015\/02\/PlayerDisqualificationFAQ-ES.pdf\" target=\"_blank\" rel=\"noopener\">Informaci\u00f3n para el jugador descalificado<\/a>\u00a0\u00a0y d\u00e1rsela al jugador descalificado. Este documento de una p\u00e1gina le explicar\u00e1 los detalles de lo que sucede luego y responde a las preguntas m\u00e1s comunes que hacen los jugadores descalificados. Tambi\u00e9n les explicar\u00e1 qu\u00e9 opciones tienen para entregar su declaraci\u00f3n.<\/li>\n<li>Si el jugador descalificado quiere escribir su declaraci\u00f3n en ese momento, puede escribirlo en el reverso de esa hoja y\/o usar hojas en blanco adicionales que le des seg\u00fan sea necesario.<\/li>\n<li>Pedirle al jugador que se retire del lugar del evento si su presencia afecta el normal desarrollo del torneo o perjudica a otros jugadores (como en los casos de violencia f\u00edsica, robo o cualquier otra cosa con la que no se sientan c\u00f3modos si ese jugador permanece en el lugar. Para otras infracciones como tirar dado para determinar el ganador, especialmente cuando los jugadores no sab\u00edan que no se pod\u00eda hacer, se puede permitirles quedarse en el lugar sin problemas luego de descalificarlos).<\/li>\n<li>Despu\u00e9s del torneo, <a class=\"external text\" title=\"Centro de jueces\" href=\"https:\/\/apps.magicjudges.org\/investigations\/\" target=\"_blank\" rel=\"nofollow noopener\">env\u00eda el informe de la descalificaci\u00f3n mediante el formulario de Google disponible en JudgeApps<\/a>\u00a0lo m\u00e1s\u00a0pronto posible.<\/li>\n<li>Es posible que el organizador del torneo est\u00e9 interesado en leer el documento de <a href=\"http:\/\/blogs.magicjudges.org\/o\/files\/2016\/07\/TournamentOrganizerDisqualificationFAQ-ES.pdf\" target=\"_blank\" rel=\"noopener\">Informaci\u00f3n para organizadores sobre descalificaciones<\/a>.<\/li>\n<\/ol>\n<h2>Documentos<\/h2>\n<table class=\"table table-hover table-condensed\">\n<thead>\n<tr>\n<th style=\"width: 33%\">Documento<\/th>\n<th style=\"width: 37%\">Descripci\u00f3n<\/th>\n<th style=\"width: 15%\">Actualizado<\/th>\n<th style=\"width: 10%\">Descarga<\/th>\n<\/tr>\n<\/thead>\n<tbody>\n<tr>\n<th><a title=\"Procedimiento de descalificaci\u00f3n para el juez principal\" href=\"http:\/\/blogs.magicjudges.org\/o\/files\/2015\/02\/HeadJudgeDisqualificationProcedure-ES.pdf\" target=\"_blank\" rel=\"noopener\">Procedimiento de descalificaci\u00f3n para el juez principal<\/a><\/th>\n<td>Documento que contiene todos los pasos a seguir luego de descalificar un jugador.<\/td>\n<td>31 Ago 2017<\/td>\n<th><a class=\"media-left\" title=\"Procedimiento de descalificaci\u00f3n para el juez principal\" href=\"http:\/\/blogs.magicjudges.org\/o\/files\/2015\/02\/HeadJudgeDisqualificationProcedure-ES.pdf\" target=\"_blank\" rel=\"noopener\"><img loading=\"lazy\" decoding=\"async\" class=\"alignnone wp-image-1390 size-full\" src=\"http:\/\/blogs.magicjudges.org\/o\/files\/2015\/01\/1420963073_699581-icon-70-document-file-pdf-128.png\" width=\"48\" height=\"48\" \/><\/a><\/th>\n<\/tr>\n<tr>\n<th><a title=\"Informaci\u00f3n para el jugador descalificado\" href=\"http:\/\/blogs.magicjudges.org\/o\/files\/2015\/02\/PlayerDisqualificationFAQ-ES.pdf\" target=\"_blank\" rel=\"noopener\">Informaci\u00f3n para el jugador descalificado<\/a><\/th>\n<td>Documento de una p\u00e1gina para entregar a todos los jugadores descalificados antes de pedirles que escriban su declaraci\u00f3n (responde a las preguntas m\u00e1s comunes)<\/td>\n<td>16 Ene 2017<\/td>\n<th><a class=\"media-left\" title=\"Informaci\u00f3n para el jugador descalificado\" href=\"http:\/\/blogs.magicjudges.org\/o\/files\/2015\/02\/PlayerDisqualificationFAQ-ES.pdf\"><img loading=\"lazy\" decoding=\"async\" class=\"size-full wp-image-1390 aligncenter\" src=\"http:\/\/blogs.magicjudges.org\/o\/files\/2015\/01\/1420963073_699581-icon-70-document-file-pdf-128.png\" alt=\"\" width=\"48\" height=\"48\" \/><\/a><\/th>\n<\/tr>\n<tr>\n<th><a href=\"http:\/\/blogs.magicjudges.org\/o\/files\/2016\/07\/TournamentOrganizerDisqualificationFAQ-ES.pdf\" target=\"_blank\" rel=\"noopener\">Informaci\u00f3n para organizadores sobre descalificaciones<\/a><\/th>\n<td>Documento de una p\u00e1gina orientado a organizadores de torneos que no conocen el proceso de descalificaci\u00f3n, en especial para REL Normal.<\/td>\n<td>10 Abr 2016<\/td>\n<th><a class=\"media-left\" title=\"Informaci\u00f3n para organizadores sobre descalificaciones\" href=\"http:\/\/blogs.magicjudges.org\/o\/files\/2016\/07\/TournamentOrganizerDisqualificationFAQ-ES.pdf\"><img loading=\"lazy\" decoding=\"async\" class=\"size-full wp-image-1390 aligncenter\" src=\"http:\/\/blogs.magicjudges.org\/o\/files\/2015\/01\/1420963073_699581-icon-70-document-file-pdf-128.png\" alt=\"\" width=\"48\" height=\"48\" \/><\/a><\/th>\n<\/tr>\n<\/tbody>\n<\/table>\n<h2>Acceso r\u00e1pido a las informaci\u00f3n para el jugador descalificado en todos los idiomas<\/h2>\n<div class=\"responsive-element\">\n<div><a href=\"http:\/\/blogs.magicjudges.org\/o\/files\/2015\/07\/PlayerDisqualificationFAQ-ZH_HANS.pdf\"><img loading=\"lazy\" decoding=\"async\" class=\"aligncenter size-full wp-image-3512\" src=\"http:\/\/blogs.magicjudges.org\/o\/files\/2016\/11\/64x64-china-flag-icon.png\" alt=\"64x64-china-flag-icon\" width=\"64\" height=\"64\" \/><\/a><strong>Chino Simplificado<\/strong><\/div>\n<div><a href=\"http:\/\/blogs.magicjudges.org\/o\/files\/2015\/07\/PlayerDisqualificationFAQ-ZH_HANT.pdf\"><img loading=\"lazy\" decoding=\"async\" class=\"aligncenter size-full wp-image-3517\" src=\"http:\/\/blogs.magicjudges.org\/o\/files\/2016\/11\/64x64-hong-kong-flag-icon.png\" alt=\"64x64-hong-kong-flag-icon\" width=\"64\" height=\"64\" \/><\/a><strong>Chino Tradicional<\/strong><\/div>\n<div><a href=\"http:\/\/blogs.magicjudges.org\/o\/files\/2016\/07\/PlayerDisqualificationFAQ-CS.pdf\"><img loading=\"lazy\" decoding=\"async\" class=\"aligncenter size-full wp-image-3513\" src=\"http:\/\/blogs.magicjudges.org\/o\/files\/2016\/11\/64x64-czech-republic-flag-icon.png\" alt=\"64x64-czech-republic-flag-icon\" width=\"64\" height=\"64\" \/><\/a><b>Checo<\/b><\/div>\n<div><a href=\"http:\/\/blogs.magicjudges.org\/o\/files\/2015\/02\/PlayerDisqualificationFAQ-EN.pdf\"><img loading=\"lazy\" decoding=\"async\" class=\"aligncenter wp-image-3513 size-full\" src=\"http:\/\/blogs.magicjudges.org\/o\/files\/2017\/01\/64x64-us-united-states-flag-icon.png\" alt=\"64x64-united-states-flag-icon\" width=\"64\" height=\"64\" \/><\/a><b>Ingl\u00e9s<\/b><\/div>\n<div><a href=\"\/\/blogs.magicjudges.org\/o\/files\/2018\/02\/PlayerDisqualificationFAQ-FI.pdf\"><img loading=\"lazy\" decoding=\"async\" class=\"aligncenter wp-image-3513 size-full\" src=\"http:\/\/blogs.magicjudges.org\/o\/files\/2018\/01\/64x64-finland-flag-icon.png\" alt=\"64x64-finland-flag-icon\" width=\"64\" height=\"64\" \/><\/a><b>Finland\u00e9s<\/b><\/div>\n<div><a href=\"http:\/\/blogs.magicjudges.org\/o\/files\/2015\/03\/PlayerDisqualificationFAQ-FR.pdf\"><img loading=\"lazy\" decoding=\"async\" class=\"aligncenter size-full wp-image-3514\" src=\"http:\/\/blogs.magicjudges.org\/o\/files\/2016\/11\/64x64-france-flag-icon.png\" alt=\"64x64-france-flag-icon\" width=\"64\" height=\"64\" \/><\/a><strong>Franc\u00e9s<\/strong><\/div>\n<div><a href=\"http:\/\/blogs.magicjudges.org\/o\/files\/2015\/07\/PlayerDisqualificationFAQ-DE.pdf\"><img loading=\"lazy\" decoding=\"async\" class=\"aligncenter size-full wp-image-3515\" src=\"http:\/\/blogs.magicjudges.org\/o\/files\/2016\/11\/64x64-germany-flag-icon.png\" alt=\"64x64-germany-flag-icon\" width=\"64\" height=\"64\" \/><\/a><b>Alem\u00e1n<\/b><\/div>\n<div><a href=\"http:\/\/blogs.magicjudges.org\/o\/files\/2016\/01\/PlayerDisqualificationFAQ-HE.pdf\"><img loading=\"lazy\" decoding=\"async\" class=\"aligncenter size-full wp-image-3516\" src=\"http:\/\/blogs.magicjudges.org\/o\/files\/2016\/11\/64x64-israel-flag-icon.png\" alt=\"64x64-israel-flag-icon\" width=\"64\" height=\"64\" \/><\/a><strong>Hebreo<\/strong><\/div>\n<div><a href=\"http:\/\/blogs.magicjudges.org\/o\/files\/2018\/02\/PlayerDisqualificationFAQ-IT.pdf\"><img loading=\"lazy\" decoding=\"async\" class=\"aligncenter size-full wp-image-3504\" src=\"http:\/\/blogs.magicjudges.org\/o\/files\/2016\/11\/64x64-italy-flag-icon.png\" alt=\"64x64-italy-flag-icon\" width=\"64\" height=\"64\" \/><\/a><b>Italiano<\/b><\/div>\n<div><a href=\"http:\/\/blogs.magicjudges.org\/o\/files\/2015\/03\/PlayerDisqualificationFAQ-JA.pdf\"><img loading=\"lazy\" decoding=\"async\" class=\"aligncenter size-full wp-image-3505\" src=\"http:\/\/blogs.magicjudges.org\/o\/files\/2016\/11\/64x64-japan-flag-icon.png\" alt=\"64x64-japan-flag-icon\" width=\"64\" height=\"64\" \/><\/a><strong>Japon\u00e9s<\/strong><\/div>\n<div><a href=\"http:\/\/blogs.magicjudges.org\/o\/files\/2018\/01\/PlayerDisqualificationFAQ-NO.pdf\"><img loading=\"lazy\" decoding=\"async\" class=\"aligncenter wp-image-4524 size-full\" src=\"http:\/\/blogs.magicjudges.org\/o\/files\/2015\/01\/64x64-norway-flag-icon.jpg\" alt=\"64x64-norway-flag-icon\" width=\"64\" height=\"64\" srcset=\"https:\/\/blogs.magicjudges.org\/o\/files\/2015\/01\/64x64-norway-flag-icon.jpg 225w, https:\/\/blogs.magicjudges.org\/o\/files\/2015\/01\/64x64-norway-flag-icon-150x150.jpg 150w, https:\/\/blogs.magicjudges.org\/o\/files\/2015\/01\/64x64-norway-flag-icon-125x125.jpg 125w\" sizes=\"auto, (max-width: 64px) 100vw, 64px\" \/><\/a><strong>Noruego<\/strong><\/div>\n<div><strong><a href=\"http:\/\/blogs.magicjudges.org\/o\/files\/2015\/03\/PlayerDisqualificationFAQ-PL.pdf\"><img loading=\"lazy\" decoding=\"async\" class=\"aligncenter size-full wp-image-3506\" src=\"http:\/\/blogs.magicjudges.org\/o\/files\/2016\/11\/64x64-poland-flag-icon.png\" alt=\"64x64-poland-flag-icon\" width=\"64\" height=\"64\" \/><\/a>Polaco<\/strong><\/div>\n<div><strong><a href=\"http:\/\/blogs.magicjudges.org\/o\/files\/2015\/03\/PlayerDisqualificationFAQ-PT.pdf\"><img loading=\"lazy\" decoding=\"async\" class=\"aligncenter size-full wp-image-3507\" src=\"http:\/\/blogs.magicjudges.org\/o\/files\/2016\/11\/64x64-portugal-flag-icon.png\" alt=\"64x64-portugal-flag-icon\" width=\"64\" height=\"64\" \/><\/a>Portugues<\/strong><\/div>\n<div><strong><a href=\"http:\/\/blogs.magicjudges.org\/o\/files\/2015\/07\/PlayerDisqualificationFAQ-RU.pdf\"><img loading=\"lazy\" decoding=\"async\" class=\"aligncenter size-full wp-image-3508\" src=\"http:\/\/blogs.magicjudges.org\/o\/files\/2016\/11\/64x64-russia-flag-icon.png\" alt=\"64x64-russia-flag-icon\" width=\"64\" height=\"64\" \/><\/a>Ruso<br \/>\n<\/strong><\/div>\n<div><a href=\"http:\/\/blogs.magicjudges.org\/o\/files\/2016\/09\/PlayerDisqualificationFAQ-SR.pdf\"><img loading=\"lazy\" decoding=\"async\" class=\"aligncenter size-full wp-image-3509\" src=\"http:\/\/blogs.magicjudges.org\/o\/files\/2016\/11\/64x64-serbia-flag-icon.png\" alt=\"64x64-serbia-flag-icon\" width=\"64\" height=\"64\" \/><\/a><strong>Serbio<\/strong><\/div>\n<div><a href=\"http:\/\/blogs.magicjudges.org\/o\/files\/2015\/02\/PlayerDisqualificationFAQ-ES.pdf\"><img loading=\"lazy\" decoding=\"async\" class=\"aligncenter size-full wp-image-3510\" src=\"http:\/\/blogs.magicjudges.org\/o\/files\/2016\/11\/64x64-spain-flag-icon.png\" alt=\"64x64-spain-flag-icon\" width=\"64\" height=\"64\" \/><\/a><strong>Espa\u00f1ol<\/strong><\/div>\n<div><a href=\"http:\/\/blogs.magicjudges.org\/o\/files\/2017\/02\/PlayerDisqualificationFAQ-TH.pdf\"><img loading=\"lazy\" decoding=\"async\" class=\"aligncenter wp-image-3510 size-full\" src=\"http:\/\/blogs.magicjudges.org\/o\/files\/2017\/01\/64x64-thailand-flag-icon.png\" alt=\"64x64-thailand-flag-icon\" width=\"64\" height=\"64\" \/><\/a><strong>Thai<\/strong><\/div>\n<\/div>\n<p><em>\u00a0<\/em><\/p>\n","protected":false},"excerpt":{"rendered":"<p>Informaci\u00f3n importante a recordar Seguir los pasos indicados en el\u00a0Procedimiento de descalificaci\u00f3n para el juez principal. Lo m\u00e1s importante es pedirle al jugador, a los jueces que participaron de la situaci\u00f3n y a los testigos que dejen su informaci\u00f3n de contacto. Imprimir una copia de la\u00a0\u00a0Informaci\u00f3n para el jugador descalificado\u00a0\u00a0y d\u00e1rsela al jugador descalificado. Este [&hellip;]<\/p>\n","protected":false},"author":13,"featured_media":0,"parent":0,"menu_order":0,"comment_status":"closed","ping_status":"closed","template":"page_width-index.php","meta":{"footnotes":"","_links_to":"","_links_to_target":""},"language":[8],"class_list":["post-1461","page","type-page","status-publish","hentry","language-es"],"_links":{"self":[{"href":"https:\/\/blogs.magicjudges.org\/o\/wp-json\/wp\/v2\/pages\/1461","targetHints":{"allow":["GET"]}}],"collection":[{"href":"https:\/\/blogs.magicjudges.org\/o\/wp-json\/wp\/v2\/pages"}],"about":[{"href":"https:\/\/blogs.magicjudges.org\/o\/wp-json\/wp\/v2\/types\/page"}],"author":[{"embeddable":true,"href":"https:\/\/blogs.magicjudges.org\/o\/wp-json\/wp\/v2\/users\/13"}],"replies":[{"embeddable":true,"href":"https:\/\/blogs.magicjudges.org\/o\/wp-json\/wp\/v2\/comments?post=1461"}],"version-history":[{"count":24,"href":"https:\/\/blogs.magicjudges.org\/o\/wp-json\/wp\/v2\/pages\/1461\/revisions"}],"predecessor-version":[{"id":4611,"href":"https:\/\/blogs.magicjudges.org\/o\/wp-json\/wp\/v2\/pages\/1461\/revisions\/4611"}],"wp:attachment":[{"href":"https:\/\/blogs.magicjudges.org\/o\/wp-json\/wp\/v2\/media?parent=1461"}],"wp:term":[{"taxonomy":"language","embeddable":true,"href":"https:\/\/blogs.magicjudges.org\/o\/wp-json\/wp\/v2\/language?post=1461"}],"curies":[{"name":"wp","href":"https:\/\/api.w.org\/{rel}","templated":true}]}}