{"id":1502,"date":"2015-04-29T07:22:42","date_gmt":"2015-04-29T07:22:42","guid":{"rendered":"http:\/\/blogs.magicjudges.org\/o\/?page_id=1502"},"modified":"2017-01-03T13:11:03","modified_gmt":"2017-01-03T13:11:03","slug":"welcome-to-level-2-fr","status":"publish","type":"page","link":"https:\/\/blogs.magicjudges.org\/o\/judge-levels-fr\/welcome-to-level-2-fr\/","title":{"rendered":"Bienvenue au Niveau 2"},"content":{"rendered":"<p>Le programme arbitral ne cesse d&#8217;\u00e9voluer pour mieux r\u00e9pondre aux attentes du jeu organis\u00e9. Nous souhaitons que les arbitres soient capables d&#8217;aider avec la plus grande attention les organisateurs de tournoi, les joueurs et \u00e9galement les autres arbitres.<\/p>\n<h2>Le point de d\u00e9part<\/h2>\n<p>L&#8217;examen niveau 2 certifie que vous comprenez bien chacune de ces comp\u00e9tences, et que vous les poss\u00e9dez assez bien pour commencer \u00e0 travailler dans ce nouveau r\u00f4le dans les \u00e9v\u00e8nements et en dehors. La voie de l&#8217;am\u00e9lioration est sans fin, mais r\u00e9jouissez-vous : vous pouvez continuer \u00e0 relever des d\u00e9fis qui feront de vous un meilleur arbitre<\/p>\n<h2>La voie de l&#8217;am\u00e9lioration<\/h2>\n<p>Une des meilleures choses dans le fait d&#8217;\u00eatre arbitre est qu&#8217;il y a toujours des opportunit\u00e9s pour s&#8217;am\u00e9liorer et devenir un meilleur arbitre. La plupart de ces am\u00e9liorations viennent de l&#8217;exp\u00e9rience, mais certains conseils sont tr\u00e8s utiles afin de trouver la meilleure fa\u00e7on pour vous de continuer \u00e0 travailler sur vos comp\u00e9tences.<\/p>\n<p>Si vous souhaitez visualiser l\u2019avancement vers le Niveau 3, regardez la <a href=\"http:\/\/blogs.magicjudges.org\/o\/judge-testing-fr\/level-3-advancement-process-fr\/\">Page du Processus d\u2019avancement vers le Niveau 3<\/a>.<\/p>\n<h2>Travailler sur des \u00e9v\u00e8nements comp\u00e9titifs<\/h2>\n<p>Le meilleur moyen de s&#8217;am\u00e9liorer sur des \u00e9v\u00e8nements comp\u00e9titifs est, et bien, d&#8217;en arbitrer!<br \/>\nDans ces \u00e9v\u00e8nements, vous allez commencer \u00e0 rencontrer de nouveaux d\u00e9fis, sans doute \u00e0 cause des proc\u00e9dures de tournois et de votre nouveau r\u00f4le comme :<\/p>\n<ul>\n<li><b>Travail en \u00e9quipe<\/b>: Les taches d&#8217;un gros tournoi sont g\u00e9n\u00e9ralement partag\u00e9es entre diff\u00e9rentes \u00e9quipes (Deck Checks, Logistique, Paper, \u2026) afin que chaque arbitre contribue au succ\u00e8s de l&#8217;\u00e9v\u00e8nement en faisant des t\u00e2ches sp\u00e9cifiques. Chaque \u00e9quipe a besoin d&#8217;un arbitre qui est responsable \u00e0 la fois de ses propres t\u00e2ches (elles doivent \u00eatre accomplies correctement) et de ses arbitres (ils doivent \u00eatre correctement pris en charge). Les chefs d&#8217;\u00e9quipe sont les yeux et les oreilles du Head Judge dans la salle. Un bon chef d&#8217;\u00e9quipe \u00e9quilibre son attention entre les t\u00e2ches \u00e0 accomplir et les arbitres, afin que chaque t\u00e2che soit effectu\u00e9e correctement et que les arbitres puissent apprendre de nouvelles comp\u00e9tences, d\u00e9velopper de nouvelles amiti\u00e9s, appr\u00e9cier l&#8217;\u00e9v\u00e8nement et ne pas s&#8217;\u00e9puiser. .<\/li>\n<li><b>Head Judging<\/b>: Le Head Judge est responsable de tout le tournoi. Il doit r\u00e9pondres aux appeals des joueurs et expliquer ses d\u00e9cisions et leur raison. Ses t\u00e2ches incluent g\u00e9n\u00e9ralement de travailler avant l&#8217;\u00e9v\u00e8nement avec l&#8217;organisateur du tournoi afin de s\u00e9lectionner l&#8217;\u00e9quipe du tournoi et de pr\u00e9parer la logistique de la salle, et apr\u00e8s l&#8217;\u00e9v\u00e8nement pour donner un retour aux arbitres et un report de l&#8217;\u00e9v\u00e8nement.<\/li>\n<li><b>Investigations<\/b>: Une bonne investigation doit \u00eatre men\u00e9e afin de collecter assez d&#8217;\u00e9l\u00e9ments pour prendre une d\u00e9cision, et vous devez agir avec beaucoup de diplomatie pour la communiquer \u00e0 vos joueurs. Dans le cas d&#8217;une <a href=\"http:\/\/blogs.magicjudges.org\/o\/disqualification-process-fr\/\">disqualification<\/a> de l&#8217;\u00e9v\u00e8nement, vous devrez \u00e9crire un report, collecter les informations importantes, les d\u00e9clarations des joueurs et arbitres concern\u00e9s et entrer l&#8217;investigation dans le judge center.<\/li>\n<li><b>P\u00e9nalit\u00e9s<\/b>: Donner une p\u00e9nalit\u00e9 aux joueurs requiert d&#8217;\u00e9valuer correctement l&#8217;infraction qui a \u00e9t\u00e9 commise et d&#8217;appliquer la correction et la p\u00e9nalit\u00e9. De la diplomatie et de la connaissance des documents sont ici de la plus grande importance. Les infractions devraient toujours \u00eatre r\u00e9pertori\u00e9es dans le logiciel utilis\u00e9.<\/li>\n<li><b>Deck Checks<\/b>: Tous les \u00e9v\u00e8nements comp\u00e9titifs requi\u00e8rent de v\u00e9rifier l&#8217;exactitude des listes de decks et que les cartes effectivement jou\u00e9es y sont list\u00e9es.<\/li>\n<\/ul>\n<h2>Agrandir la communaut\u00e9<\/h2>\n<p>Le plus grand pouvoir que vous acquerrez en devenant niveau 2 est la possibilit\u00e9 de certifier de nouveaux arbitres. Afin d&#8217;aider les arbitres \u00e0 entrer dans le programme arbitral, vous aurez besoin :<\/p>\n<ul>\n<li><b>Acquisition<\/b>: Vous devez trouver des personnes qui montrent des comp\u00e9tences dont les arbitres ont besoin (sens du contact, exactitude, volont\u00e9 pour aider les autres, etc) et int\u00e9ress\u00e9 par les r\u00e8gles et les politiques de tournoi. Vous pouvez commencer \u00e0 les impliquer en leur montrant les diff\u00e9rentes ressources, en les mettant au d\u00e9fi avec des questions ou des sc\u00e9narios, en leur parlant de votre exp\u00e9rience sur des \u00e9v\u00e8nements o\u00f9 vous arbitriez. Ces personnes peuvent \u00eatre des joueurs ou des propri\u00e9taires de magasins.<\/li>\n<li><b>Encadrement<\/b>: Une fois que quelqu&#8217;un montre de l&#8217;int\u00e9r\u00eat pour d&#8217;arbitrage, il va chercher quelqu&#8217;un pour le guider sur la voie de l&#8217;apprentissage. Vous allez alors devoir lui donner les instruments pour apprendre les r\u00e8gles et les politiques de tournoi, pour tester leurs connaissances et votre support pour toutes questions qu&#8217;ils pourraient avoir. Il peut \u00eatre tr\u00e8s enrichissant de les laisser vous assister lors de petits tournois que vous arbitrez, afin qu&#8217;ils puissent voir ce que l&#8217;on fait effectivement lors d&#8217;un tournoi.<\/li>\n<li><b>Tester<\/b>: Le <a href=\"http:\/\/blogs.magicjudges.org\/o\/judge-certification-fr\/\" target=\"_blank\">processus d&#8217;avancement<\/a> est normalis\u00e9 de sorte que tous les candidats sont tenus de poss\u00e9der les m\u00eames comp\u00e9tences de base pour arbitrer \u00e0 leur niveau. Nous vous sugg\u00e9rons fortement de suivre le processus de certification avec un arbitre plus exp\u00e9riment\u00e9 au moins une fois.<\/li>\n<li><b>Reviews<\/b>: Donner et recevoir des commentaires est extr\u00eamement important et est un outil fondamental pour am\u00e9liorer la communaut\u00e9 toute enti\u00e8re. Essayez toujours de regarder certains de vos arbitres travailler, et trouvez-leur quelques axes d&#8217;am\u00e9lioration. Donnez-leur des suggestions sur comment s\u2019am\u00e9liorer en leur offrant des remarques constructives.<\/li>\n<li><b>Communication<\/b>: Soyez actif dans votre communaut\u00e9 locale, soyez pr\u00e9sent sur les mailing lists locales ou les forums. Proposez des situations int\u00e9ressantes \u00e0 la discussion, ainsi que des reports de vos tournois. .<\/li>\n<\/ul>\n<h2>Travailler pour le programme<\/h2>\n<p>En devenant niveau 2, vous avez montr\u00e9 de l&#8217;inter\u00eat pour devenir plus impliqu\u00e9 dans le Judge Program..<\/p>\n<ul>\n<li><b>Coordinateur Regional<\/b>: Assurez vous d&#8217;\u00eatre en contact avec votre <a title=\"http:\/\/blogs.magicjudges.org\/o\/program-structure-fr\/regional-coordinators-fr\/\">Coordinateur R\u00e9gional<\/a>, afin de le tenir au courant de toutes vos questions, probl\u00e8mes ou d\u00e9sirs que vous aurie sur le Judge Progam.<\/li>\n<li><b>Forums arbitraux<\/b>: Prenez part activement aux discussions, soit en proposant des sujets que vous avez rencontr\u00e9s dans votre communaut\u00e9 ou vos \u00e9v\u00e8nements, soit en partageant votre exp\u00e9rience en r\u00e9pondant aux questions des autres arbitres. Partagez certaines de ces discussions avec votre communaut\u00e9 local et ainsi aidez votre communaut\u00e9 \u00e0 gagner de l&#8217;exp\u00e9rience.<\/li>\n<li><b>Projets<\/b>: Le Programme arbitral continue d&#8217;essayer de s&#8217;am\u00e9liorer en explorant de nouvelles possibilit\u00e9s. Des arbitres commencent \u00e0 travailler sur des sujets particuliers \u00e0 la fois pour ajouter de nouvelles fonctionnalit\u00e9s au programme et pour s&#8217;am\u00e9liorer eux-m\u00eames. Vous pouvez proposer de nouveaux projets \u00e0 la communaut\u00e9 ou vous pouvez rejoindre votre pr\u00e9f\u00e9r\u00e9. .<\/li>\n<li><b>De plus gros \u00e9v\u00e8nements<\/b>: Une fois que vous aurez assez d&#8217;exp\u00e9rience sur des \u00e9v\u00e8nements comp\u00e9titifs, vous pourrez passer la fronti\u00e8re ultime des \u00e9v\u00e8nements professionnels. Ce sont des \u00e9v\u00e8nements internationaux qui sont ex\u00e9cut\u00e9s selon la norme la plus haute possible afin de donner au joueurs une exp\u00e9rience extraordinaire. Les demandes de candidatures pour de tels \u00e9v\u00e8nements sont post\u00e9es sur <a href=\"http:\/\/apps.magicjudges.org\/events\" target=\"_blank\">Judge Apps<\/a> veillez \u00e0 les lire attentivement et \u00e0 candidater correctement<\/li>\n<\/ul>\n<p><em>Cette page a \u00e9t\u00e9 \u00e9crite par <span class='judge-tooltip'><a href='https:\/\/apps.magicjudges.org\/judges\/dci\/25153831' >Fabian Peck<\/a><span class='avatar'><img width='200' height='200' src='https:\/\/apps.magicjudges.org\/dci\/avatar?dci=25153831&size=200'><\/span><\/span><\/em><\/p>\n","protected":false},"excerpt":{"rendered":"<p>Le programme arbitral ne cesse d&#8217;\u00e9voluer pour mieux r\u00e9pondre aux attentes du jeu organis\u00e9. Nous souhaitons que les arbitres soient capables d&#8217;aider avec la plus grande attention les organisateurs de tournoi, les joueurs et \u00e9galement les autres arbitres. Le point de d\u00e9part L&#8217;examen niveau 2 certifie que vous comprenez bien chacune de ces comp\u00e9tences, et [&hellip;]<\/p>\n","protected":false},"author":13,"featured_media":0,"parent":2616,"menu_order":0,"comment_status":"closed","ping_status":"closed","template":"page_width-index.php","meta":{"footnotes":"","_links_to":"","_links_to_target":""},"language":[15],"class_list":["post-1502","page","type-page","status-publish","hentry","language-fr"],"_links":{"self":[{"href":"https:\/\/blogs.magicjudges.org\/o\/wp-json\/wp\/v2\/pages\/1502","targetHints":{"allow":["GET"]}}],"collection":[{"href":"https:\/\/blogs.magicjudges.org\/o\/wp-json\/wp\/v2\/pages"}],"about":[{"href":"https:\/\/blogs.magicjudges.org\/o\/wp-json\/wp\/v2\/types\/page"}],"author":[{"embeddable":true,"href":"https:\/\/blogs.magicjudges.org\/o\/wp-json\/wp\/v2\/users\/13"}],"replies":[{"embeddable":true,"href":"https:\/\/blogs.magicjudges.org\/o\/wp-json\/wp\/v2\/comments?post=1502"}],"version-history":[{"count":8,"href":"https:\/\/blogs.magicjudges.org\/o\/wp-json\/wp\/v2\/pages\/1502\/revisions"}],"predecessor-version":[{"id":3670,"href":"https:\/\/blogs.magicjudges.org\/o\/wp-json\/wp\/v2\/pages\/1502\/revisions\/3670"}],"up":[{"embeddable":true,"href":"https:\/\/blogs.magicjudges.org\/o\/wp-json\/wp\/v2\/pages\/2616"}],"wp:attachment":[{"href":"https:\/\/blogs.magicjudges.org\/o\/wp-json\/wp\/v2\/media?parent=1502"}],"wp:term":[{"taxonomy":"language","embeddable":true,"href":"https:\/\/blogs.magicjudges.org\/o\/wp-json\/wp\/v2\/language?post=1502"}],"curies":[{"name":"wp","href":"https:\/\/api.w.org\/{rel}","templated":true}]}}