{"id":1524,"date":"2015-04-29T07:14:47","date_gmt":"2015-04-29T07:14:47","guid":{"rendered":"http:\/\/blogs.magicjudges.org\/o\/?page_id=1524"},"modified":"2017-01-03T14:58:13","modified_gmt":"2017-01-03T14:58:13","slug":"judge-conferences-fr","status":"publish","type":"page","link":"https:\/\/blogs.magicjudges.org\/o\/spheres-fr\/judge-conferences-fr\/","title":{"rendered":"Conf\u00e9rences d&#8217;arbitres"},"content":{"rendered":"<div class=\"wp-caption alignleft judgeimg\"><a href=\"https:\/\/apps.magicjudges.org\/judges\/dci\/91426501\"><img src=https:\/\/apps.magicjudges.org\/dci\/avatar?dci=91426501&size=200 alt=\"Damian Hiller\nArgentine\"><\/a><p class=\"wp-caption-text\">Damian Hiller<br \/>\nArgentine<\/p><\/div>\n<p><span class='judge-tooltip'><a href='https:\/\/apps.magicjudges.org\/judges\/dci\/91426501' >Damian Hiller<\/a><span class='avatar'><img width='200' height='200' src='https:\/\/apps.magicjudges.org\/dci\/avatar?dci=91426501&size=200'><\/span><\/span> est le responsable de la sph\u00e8re des Conf\u00e9rences d\u2019Arbitre, il supervise les Conf\u00e9rences d\u2019Arbitre partout \u00e0 travers le monde, il assiste les Coordinateurs R\u00e9gionaux dans leur pr\u00e9paration afin que les participants vivent la meilleure exp\u00e9rience possible, et il assure le transfert des connaissances gr\u00e2ce \u00e0 la biblioth\u00e8que de s\u00e9minaires et aux donn\u00e9es historiques sur les conf\u00e9rences.<\/p>\n<p>Ce groupe d\u00e9termine ce qui est attendu d\u2019une conf\u00e9rence d\u2019arbitre ; les exigences pour en organiser une et le soutien apport\u00e9. Il veille aussi \u00e0 ce que chaque conf\u00e9rence r\u00e9gionale obtienne un soutien ad\u00e9quat, des contenus et des conseils. Des documents, des directives et des r\u00e8glements seront publi\u00e9s et maintenus sur le <a href=\"http:\/\/blogs.magicjudges.org\/conferences\/\">blog des Conf\u00e9rences d\u2019Arbitres<\/a>.<\/p>\n","protected":false},"excerpt":{"rendered":"<p>est le responsable de la sph\u00e8re des Conf\u00e9rences d\u2019Arbitre, il supervise les Conf\u00e9rences d\u2019Arbitre partout \u00e0 travers le monde, il assiste les Coordinateurs R\u00e9gionaux dans leur pr\u00e9paration afin que les participants vivent la meilleure exp\u00e9rience possible, et il assure le transfert des connaissances gr\u00e2ce \u00e0 la biblioth\u00e8que de s\u00e9minaires et aux donn\u00e9es historiques sur les [&hellip;]<\/p>\n","protected":false},"author":13,"featured_media":0,"parent":1515,"menu_order":0,"comment_status":"closed","ping_status":"closed","template":"page_width-index.php","meta":{"footnotes":"","_links_to":"","_links_to_target":""},"language":[15],"class_list":["post-1524","page","type-page","status-publish","hentry","language-fr"],"_links":{"self":[{"href":"https:\/\/blogs.magicjudges.org\/o\/wp-json\/wp\/v2\/pages\/1524","targetHints":{"allow":["GET"]}}],"collection":[{"href":"https:\/\/blogs.magicjudges.org\/o\/wp-json\/wp\/v2\/pages"}],"about":[{"href":"https:\/\/blogs.magicjudges.org\/o\/wp-json\/wp\/v2\/types\/page"}],"author":[{"embeddable":true,"href":"https:\/\/blogs.magicjudges.org\/o\/wp-json\/wp\/v2\/users\/13"}],"replies":[{"embeddable":true,"href":"https:\/\/blogs.magicjudges.org\/o\/wp-json\/wp\/v2\/comments?post=1524"}],"version-history":[{"count":8,"href":"https:\/\/blogs.magicjudges.org\/o\/wp-json\/wp\/v2\/pages\/1524\/revisions"}],"predecessor-version":[{"id":3689,"href":"https:\/\/blogs.magicjudges.org\/o\/wp-json\/wp\/v2\/pages\/1524\/revisions\/3689"}],"up":[{"embeddable":true,"href":"https:\/\/blogs.magicjudges.org\/o\/wp-json\/wp\/v2\/pages\/1515"}],"wp:attachment":[{"href":"https:\/\/blogs.magicjudges.org\/o\/wp-json\/wp\/v2\/media?parent=1524"}],"wp:term":[{"taxonomy":"language","embeddable":true,"href":"https:\/\/blogs.magicjudges.org\/o\/wp-json\/wp\/v2\/language?post=1524"}],"curies":[{"name":"wp","href":"https:\/\/api.w.org\/{rel}","templated":true}]}}