{"id":1725,"date":"2015-04-22T19:20:15","date_gmt":"2015-04-22T19:20:15","guid":{"rendered":"http:\/\/blogs.magicjudges.org\/o\/?page_id=1725"},"modified":"2016-10-06T12:07:30","modified_gmt":"2016-10-06T12:07:30","slug":"welcome-to-level-1-pt","status":"publish","type":"page","link":"https:\/\/blogs.magicjudges.org\/o\/judge-levels-pt\/welcome-to-level-1-pt\/","title":{"rendered":"Bem vindo ao N\u00edvel 1"},"content":{"rendered":"<p>Primeiramente, parab\u00e9ns pelo seu esfor\u00e7o em se tornar um ju\u00edz de Magic!<\/p>\n<h2>Informe a sua comunidade local de jogadores<\/h2>\n<p>A primeira coisa que voc\u00ea deve fazer \u00e9 informar as lojas locais e aos jogadores sobre<br \/>\na sua promo\u00e7\u00e3o para o N\u00edvel 1, para que eles possam lhe consultar sempre que tiverem d\u00favidas. Voc\u00ea ainda pode jogar torneios de REL Regular e atuar como ju\u00edz ao mesmo tempo, ajudando os outros jogadores do torneio. Voc\u00ea ainda pode jogar torneios de REL competitivo ou profissional, contanto que voc\u00ea n\u00e3o esteja jogando e apitando ao mesmo tempo.<\/p>\n<p>Voc\u00ea pode encontrar as lojas da sua regi\u00e3o usando o <a href=\"http:\/\/locator.wizards.com\" target=\"_blank\">Wizards Event Locator<\/a>.<\/p>\n<h2>Entre em contato com a comunidade de ju\u00edzes da sua regi\u00e3o<\/h2>\n<p>Voc\u00ea tamb\u00e9m quer entrar em contato com o grupo de ju\u00edzes da sua regi\u00e3o, e interagir com eles regularmente. Voc\u00ea poder\u00e1 encontrar novidades com eles, e trocar experi\u00eancias para se tornarem ju\u00edzes melhores. O seu <a title=\"Regional Coordinators\" href=\"http:\/\/blogs.magicjudges.org\/o\/judge-program-structure\/regional-coordinators-pt\/\">Coordenador Regional<\/a> (CR) possui as informa\u00e7\u00f5es sobre a sua regi\u00e3o que voc\u00ea estiver procurando. Se voc\u00ea tiver sugest\u00f5es em como melhorar o Magic na sua comunidade local, ou ideias e sugest\u00f5es sobre o programa de ju\u00edzes, seu coordenador regional tamb\u00e9m pode te auxiliar. Voc\u00ea pode entrar em contato com o seu CR atrav\u00e9s <a href=\"http:\/\/blogs.magicjudges.org\/contact\/contact-a-regional-coordinator\/\" target=\"_blank\">deste link<\/a>. Confira tamb\u00e9m <a title=\"Communication Channels\" href=\"http:\/\/blogs.magicjudges.org\/o\/communication-channels-pt\/\">nosso site e lista de email<\/a>.<\/p>\n<h2>Pr\u00f3ximo passo: Eventos de REL competitivo<\/h2>\n<p>Como ju\u00edz, as lojas podem necessitar da sua ajuda em alguns eventos de REL competitivo, que necessitam de um ju\u00edz certificado, tais como, Grand Prix Trials (GPTs). Voc\u00ea precisar\u00e1 de um estudo a mais para esse tipo de evento, j\u00e1 que eles n\u00e3o s\u00e3o somente para divers\u00e3o, e possuem uma premia\u00e7\u00e3o maior, convites e at\u00e9 mesmo bys para eventos maiores. O Guia de Procedimentos para Infra\u00e7\u00f5es (IPG) \u00e9 um documento que mostra aos ju\u00edzes como lidar com infra\u00e7\u00f5es e qual penalidade deve ser aplicada para cada tipo de torneio e infra\u00e7\u00e3o cometida, e como consert\u00e1-las. O IPG pode ser encontrado <a href=\"http:\/\/wpn.wizards.com\/en\/resources\/rules-documents\/244\" target=\"_blank\">aqui<\/a>. Vers\u00f5es traduzidas desse documento em v\u00e1rias linguas podem ser encontrados <a href=\"http:\/\/blogs.magicjudges.org\/translatedrules\" target=\"_blank\">aqui<\/a>.<\/p>\n<h2>Recursos \u00fateis<\/h2>\n<p>Existem v\u00e1rios recursos que podem te ajudar como ju\u00edz:<\/p>\n<div style=\"margin-left: 20px\">\n<h3>Centro de Ju\u00edzes<\/h3>\n<p>Voc\u00ea provavelmente ja usou o <a href=\"http:\/\/judge.wizards.com\" target=\"_blank\">Centro de Ju\u00edzes<\/a> antes. Atrav\u00e9s dele voc\u00ea poder\u00e1 fazer provas pr\u00e1ticas, enviar investiga\u00e7\u00f5es, relatos e avalia\u00e7\u00f5es de outros ju\u00edzes.<\/p>\n<h3>Judge Apps<\/h3>\n<p>No <a href=\"http:\/\/apps.magicjudges.org\" target=\"_blank\">Judge Apps<\/a>voc\u00ea pode encontrar f\u00f3runs e contar com a ajuda de v\u00e1rios ju\u00edzes de n\u00edveis diferentes em assuntos diferentes. Todos os projetos de ju\u00edzes s\u00e3o gerenciados atrav\u00e9s dele, assim como as inscri\u00e7\u00f5es para grandes eventos (incluindo Pro Tour Qualifiers, World Magic Cup Qualifiers, e Grand Prix).<\/p>\n<h3>IRC<\/h3>\n<p>Quer conversar com outros ju\u00edzes online? Tem perguntas que precisam de respostas imediatas? Entre no canal de ju\u00edzes do IRC! Acesse agora mesmo <a href=\"http:\/\/chat.magicjudges.org\/mtgjudge\" target=\"_blank\">Clicando aqui<\/a>.<\/p>\n<p>Voc\u00ea pode tamb\u00e9m pode baixar o IRC e procurar pelos canais #mtgjudge e #mtgrules na EFnet.  Baixe o IRC: <a href=\"http:\/\/www.mirc.com\" target=\"_blank\">aqui<\/a> ou <a href=\"http:\/\/www.mibbit.com\" target=\"_blank\">acesse pelo navegador<\/a>.\n<\/div>\n","protected":false},"excerpt":{"rendered":"<p>Primeiramente, parab\u00e9ns pelo seu esfor\u00e7o em se tornar um ju\u00edz de Magic! Informe a sua comunidade local de jogadores A primeira coisa que voc\u00ea deve fazer \u00e9 informar as lojas locais e aos jogadores sobre a sua promo\u00e7\u00e3o para o N\u00edvel 1, para que eles possam lhe consultar sempre que tiverem d\u00favidas. Voc\u00ea ainda pode [&hellip;]<\/p>\n","protected":false},"author":126,"featured_media":0,"parent":2628,"menu_order":0,"comment_status":"closed","ping_status":"closed","template":"page_width-index.php","meta":{"footnotes":"","_links_to":"","_links_to_target":""},"language":[20],"class_list":["post-1725","page","type-page","status-publish","hentry","language-pt"],"_links":{"self":[{"href":"https:\/\/blogs.magicjudges.org\/o\/wp-json\/wp\/v2\/pages\/1725","targetHints":{"allow":["GET"]}}],"collection":[{"href":"https:\/\/blogs.magicjudges.org\/o\/wp-json\/wp\/v2\/pages"}],"about":[{"href":"https:\/\/blogs.magicjudges.org\/o\/wp-json\/wp\/v2\/types\/page"}],"author":[{"embeddable":true,"href":"https:\/\/blogs.magicjudges.org\/o\/wp-json\/wp\/v2\/users\/126"}],"replies":[{"embeddable":true,"href":"https:\/\/blogs.magicjudges.org\/o\/wp-json\/wp\/v2\/comments?post=1725"}],"version-history":[{"count":4,"href":"https:\/\/blogs.magicjudges.org\/o\/wp-json\/wp\/v2\/pages\/1725\/revisions"}],"predecessor-version":[{"id":1902,"href":"https:\/\/blogs.magicjudges.org\/o\/wp-json\/wp\/v2\/pages\/1725\/revisions\/1902"}],"up":[{"embeddable":true,"href":"https:\/\/blogs.magicjudges.org\/o\/wp-json\/wp\/v2\/pages\/2628"}],"wp:attachment":[{"href":"https:\/\/blogs.magicjudges.org\/o\/wp-json\/wp\/v2\/media?parent=1725"}],"wp:term":[{"taxonomy":"language","embeddable":true,"href":"https:\/\/blogs.magicjudges.org\/o\/wp-json\/wp\/v2\/language?post=1725"}],"curies":[{"name":"wp","href":"https:\/\/api.w.org\/{rel}","templated":true}]}}