{"id":1728,"date":"2015-04-22T20:36:25","date_gmt":"2015-04-22T20:36:25","guid":{"rendered":"http:\/\/blogs.magicjudges.org\/o\/?page_id=1728"},"modified":"2016-10-31T17:39:36","modified_gmt":"2016-10-31T17:39:36","slug":"welcome-to-level-2-pt","status":"publish","type":"page","link":"https:\/\/blogs.magicjudges.org\/o\/judge-levels-pt\/welcome-to-level-2-pt\/","title":{"rendered":"Bem vindo ao N\u00edvel 2"},"content":{"rendered":"<p>O programa de juizes continua evoluindo para servir melhor as necessidades do Jogo Organizado. N\u00f3s queremos que os ju\u00edzes sejam capazes de ajudar organizadores de torneios, jogadores e outros ju\u00edzes tamb\u00e9m.<\/p>\n<h2>O ponto de in\u00edcio<\/h2>\n<p>O exame N\u00edvel 2 certifica que voc\u00ea entende cada uma das habilidades descritas aqui e que voc\u00ea domine elas o bastante para come\u00e7ar a operar no seu novo papel em eventos e fora deles. Entretanto, a sua jornada de melhoria nunca acaba, ent\u00e3o fique contente: voc\u00ea vai continuar a se desafiar para se tornar um melhor juiz.<\/p>\n<h2>O caminho para a melhoria<\/h2>\n<p>Uma das melhores coisas de se tornar um juiz \u00e9 que voc\u00ea sempre ter\u00e1 a oportunidade de melhorar suas habilidades e se tornar um juiz melhor. A maioria dessas melhorias vem diretamente da experi\u00eancia, mas um processo de tutoria \u00e9 extremamente \u00fatil para encontrar a melhor maneira de trabalhar nas suas habilidades.<\/p>\n<p>Se voc\u00ea quiser ver melhor como avan\u00e7ar para o N\u00edvel 3 d\u00ea uma olhada em<br \/>\n<a href=\"http:\/\/blogs.magicjudges.org\/o\/judge-levels\/level-3-advancement-process-pt\/\">O processo de avan\u00e7o para o N\u00edvel 3<\/a>.<\/p>\n<h2>Trabalhando em eventos de REL competitivo<\/h2>\n<p>A melhor maneira de melhorar como juiz em eventos de REL competitivo \u00e9 arbitrando neles! Nesses eventos voc\u00ea vai se deparar com novos desafios devido aos procedimentos de torneio e seus novos papeis como:<\/p>\n<ul>\n<li><b>Trabalho em equipe<\/b>: Tarefas de um torneio grande s\u00e3o normalmente divididas em diferentes times (Checagem de Decks, Log\u00edstica, Papel, \u2026) ent\u00e3o cada juiz contribui para o sucesso do evento realizando tarefas espec\u00edficas. Cada time precisa de um juiz que seja respons\u00e1vel tanto pelas tarefas quanto por arbitrar. L\u00edderes de Times s\u00e3o os olhos e ouvidos do Ju\u00edz-mor do evento. Um bom L\u00edder de Time equilibra sua aten\u00e7\u00e3o entre as tarefas e os ju\u00edzes, de uma maneira que tudo seja realizado corretamente e os ju\u00edzes possam aprender novas habilidades, desenvolver novas amizades, aproveitar o evento e n\u00e3o se cansar.<\/li>\n<li><b>Investiga\u00e7\u00f5es<\/b>: Aplicar uma penalidade a jogadores requer que voc\u00ea avalie qual infra\u00e7\u00e3o foi cometida e realize o reparo correto e a penalidade. Diplomacia e conhecimento da documenta\u00e7\u00e3o s\u00e3o de extrema import\u00e2ncia nesse processo. Infra\u00e7\u00f5es devem sempre ser inseridas no sofware do torneio, Wizards Event Reporter.<\/li>\n<li><b>Checagem de Decks<\/b>: Eventos competitivos necessitam a verifica\u00e7\u00e3o da legalidade das listas de deck e que as cartas listadas nos decks est\u00e3o realmente sendo jogadas<\/li>\n<\/ul>\n<h2>Crescimento da comunidade<\/h2>\n<p>O novo maior poder que voc\u00ea vai adquirir ao conseguir o N\u00edvel 2 \u00e9 a possibilidade de certificar novos ju\u00edzes. Para ajudar ju\u00edzes a entrar no Programa de Ju\u00edzes voc\u00ea precisa:<\/p>\n<ul>\n<li><b>Aquisi\u00e7\u00f5es<\/b>: Encontrar algumas pessoa que mostrem a habilidade necess\u00e1ria para ser ju\u00edz (habilidade com pessoas, integridade, vontade de ajudar outros, \u2026) e interesse nas regras e pol\u00edticas. Voc\u00ea pode come\u00e7ar envolvendo eles na comunidade de ju\u00edzes mostrando recursos, desafiando eles com quest\u00f5es e cen\u00e1rios, conversando com eles sobre sua experi\u00eancia em eventos que voc\u00ea frequentou e assim por diante. Essas pessoas podem ser tanto jogadores como donos de lojas.<\/li>\n<li><b>Mentorando<\/b>: Uma vez que algu\u00e9m demonstra interesse em se tornar ju\u00edz ele vai procurar algu\u00e9m que o guie atrav\u00e9s o processo de aprendizado. Voc\u00ea precisa dar a ele os instrumentos para aprender as regras, para testar seus conhecimentos e seu suporte. Deixe ele lhe ajudar enquanto voc\u00ea arbitra pequenos eventos para que ele se acostume com o que n\u00f3s fazemos.<\/li>\n<li><b>Testando<\/b>: O <a href=\"http:\/\/blogs.magicjudges.org\/o\/judge-testing-pt\/\">processo de certifica\u00e7\u00e3o<\/a> \u00e9 padronizado para que seja necess\u00e1rio que todos os candidatos tenham as mesmas habilidades b\u00e1sicas para operar em seu n\u00edvel. N\u00f3s recomendamos fortemente passar pelo processo de certifica\u00e7\u00e3o ao menos uma vez com um juiz mais experiente<\/li>\n<li><b>Avaliando<\/b>: Dar e receber retorno \u00e9 extremamente importante e \u00e9 uma ferramenta fundamental para melhorar a comunidade de ju\u00edzes. Tente sempre observar seus companheiros ju\u00edzes trabalhando e encontre algumas \u00e1reas em suas habilidades em que eles poderiam melhorar. Ofere\u00e7a sugest\u00f5es para que eles se fortale\u00e7am, e lembre-se de oferecer criticas construtivas.<\/li>\n<li><b>Comunica\u00e7\u00e3o<\/b>: Seja uma parte ativa da sua comunidade regional, esteja presente online em listas de email, forums e afins. Proponha situa\u00e7\u00f5es interessantes para discuss\u00e3o, relatos de seus torneios, etc.<\/li>\n<\/ul>\n<h2>Trabalho do Programa de Ju\u00edzes<\/h2>\n<p>Ao se tornar N\u00edvel 2 voc\u00ea est\u00e1 demonstrando interesse em se tornar mais envolvido com o Programa de Ju\u00edzes<\/p>\n<ul>\n<li><b>Coordenador Regional<\/b>: Se certifique de entrar em contato com seu <a title=\"Regional Coordinators\" href=\"http:\/\/blogs.magicjudges.org\/o\/spheres\/regional-coordinators-pt\/\">Coordenador Regional<\/a>, para deixar eles cientes de qualquer quest\u00e3o, qualquer problema ou qualquer desejo que voc\u00ea possa ter sobre o Programa de Ju\u00edzes.<\/li>\n<li><b>F\u00f3runs de Ju\u00edzes<\/b>: Comece se tornando uma parte ativa da discuss\u00e3o em f\u00f3rums internacionais e regionais, tanto propondo t\u00f3picos que voc\u00ea encontra em sua comunidade ou em eventos ou compartilhando sua experi\u00eancia respondendo aos inqu\u00e9ritos de outros ju\u00edzes. Leve algumas das discuss\u00f5es de volta para sua comunidade local e ajude sua comunidade a ganhar novas experi\u00eancias.<\/li>\n<li><b>Projetos<\/b>: O Programa de Ju\u00edzes est\u00e1 sempre tentando se melhorar explorando sempre novas possibilidades. Ju\u00edzes come\u00e7am trabalhando em t\u00f3picos particulares tanto para adicionar novos atributos ao programa como para deixar ele melhor. Voc\u00ea pode propor novo Projetos para a comunidade ou voc\u00ea pode pedir para se juntar a um de seus favoritos<\/li>\n<li><b>Eventos Maiores<\/b>: Uma vez que voc\u00ea tiver experi\u00eancia o suficiente em eventos Competitivos, vai se deparar com os eventos Profissionais. Esses eventos s\u00e3o feitos nos mais altos padr\u00f5es para dar uma experi\u00eancia incr\u00edvel para os jogadores. Inscri\u00e7\u00f5es para esses eventos s\u00e3o postados no <a href=\"http:\/\/apps.magicjudges.org\/events\" target=\"_blank\">Judge Apps<\/a> ent\u00e3o se certifique de ler as p\u00e1ginas do evento e se inscrever devidamente.<\/li>\n<\/ul>\n","protected":false},"excerpt":{"rendered":"<p>O programa de juizes continua evoluindo para servir melhor as necessidades do Jogo Organizado. N\u00f3s queremos que os ju\u00edzes sejam capazes de ajudar organizadores de torneios, jogadores e outros ju\u00edzes tamb\u00e9m. O ponto de in\u00edcio O exame N\u00edvel 2 certifica que voc\u00ea entende cada uma das habilidades descritas aqui e que voc\u00ea domine elas o [&hellip;]<\/p>\n","protected":false},"author":126,"featured_media":0,"parent":2628,"menu_order":0,"comment_status":"closed","ping_status":"closed","template":"page_width-index.php","meta":{"footnotes":"","_links_to":"","_links_to_target":""},"language":[20],"class_list":["post-1728","page","type-page","status-publish","hentry","language-pt"],"_links":{"self":[{"href":"https:\/\/blogs.magicjudges.org\/o\/wp-json\/wp\/v2\/pages\/1728","targetHints":{"allow":["GET"]}}],"collection":[{"href":"https:\/\/blogs.magicjudges.org\/o\/wp-json\/wp\/v2\/pages"}],"about":[{"href":"https:\/\/blogs.magicjudges.org\/o\/wp-json\/wp\/v2\/types\/page"}],"author":[{"embeddable":true,"href":"https:\/\/blogs.magicjudges.org\/o\/wp-json\/wp\/v2\/users\/126"}],"replies":[{"embeddable":true,"href":"https:\/\/blogs.magicjudges.org\/o\/wp-json\/wp\/v2\/comments?post=1728"}],"version-history":[{"count":5,"href":"https:\/\/blogs.magicjudges.org\/o\/wp-json\/wp\/v2\/pages\/1728\/revisions"}],"predecessor-version":[{"id":3333,"href":"https:\/\/blogs.magicjudges.org\/o\/wp-json\/wp\/v2\/pages\/1728\/revisions\/3333"}],"up":[{"embeddable":true,"href":"https:\/\/blogs.magicjudges.org\/o\/wp-json\/wp\/v2\/pages\/2628"}],"wp:attachment":[{"href":"https:\/\/blogs.magicjudges.org\/o\/wp-json\/wp\/v2\/media?parent=1728"}],"wp:term":[{"taxonomy":"language","embeddable":true,"href":"https:\/\/blogs.magicjudges.org\/o\/wp-json\/wp\/v2\/language?post=1728"}],"curies":[{"name":"wp","href":"https:\/\/api.w.org\/{rel}","templated":true}]}}