{"id":1761,"date":"2015-03-24T20:36:24","date_gmt":"2015-03-24T20:36:24","guid":{"rendered":"http:\/\/blogs.magicjudges.org\/o\/?page_id=1761"},"modified":"2016-11-15T21:31:18","modified_gmt":"2016-11-15T21:31:18","slug":"welcome-to-the-official-resources-pt","status":"publish","type":"page","link":"https:\/\/blogs.magicjudges.org\/o\/welcome-to-the-official-resources-pt\/","title":{"rendered":""},"content":{"rendered":"<p style=\"margin-top: 40px;text-align: justify\">Bem-vindo \u00e0 p\u00e1gina de Recursos Oficiais para o Programa de Ju\u00edzes de Magic. Este \u00e9 o lugar para encontrar todo o tipo de informa\u00e7\u00f5es sobre n\u00edveis de ju\u00edzes, as Esferas, certifica\u00e7\u00e3o, regras de <strong>Magic<\/strong>: The Gathering\u2122, regras e pol\u00edticas de torneios DCI e v\u00e1rios outros t\u00f3picos.<\/p>\n<p style=\"text-align: justify\">Todo o conte\u00fado nesta p\u00e1gina \u00e9 Oficial e aprovado pelo Programa de Ju\u00edzes de Magic.<\/p>\n","protected":false},"excerpt":{"rendered":"<p>Bem-vindo \u00e0 p\u00e1gina de Recursos Oficiais para o Programa de Ju\u00edzes de Magic. Este \u00e9 o lugar para encontrar todo o tipo de informa\u00e7\u00f5es sobre n\u00edveis de ju\u00edzes, as Esferas, certifica\u00e7\u00e3o, regras de Magic: The Gathering\u2122, regras e pol\u00edticas de torneios DCI e v\u00e1rios outros t\u00f3picos. Todo o conte\u00fado nesta p\u00e1gina \u00e9 Oficial e aprovado [&hellip;]<\/p>\n","protected":false},"author":126,"featured_media":0,"parent":0,"menu_order":0,"comment_status":"closed","ping_status":"closed","template":"page_width-index.php","meta":{"footnotes":"","_links_to":"","_links_to_target":""},"language":[20],"class_list":["post-1761","page","type-page","status-publish","hentry","language-pt"],"_links":{"self":[{"href":"https:\/\/blogs.magicjudges.org\/o\/wp-json\/wp\/v2\/pages\/1761","targetHints":{"allow":["GET"]}}],"collection":[{"href":"https:\/\/blogs.magicjudges.org\/o\/wp-json\/wp\/v2\/pages"}],"about":[{"href":"https:\/\/blogs.magicjudges.org\/o\/wp-json\/wp\/v2\/types\/page"}],"author":[{"embeddable":true,"href":"https:\/\/blogs.magicjudges.org\/o\/wp-json\/wp\/v2\/users\/126"}],"replies":[{"embeddable":true,"href":"https:\/\/blogs.magicjudges.org\/o\/wp-json\/wp\/v2\/comments?post=1761"}],"version-history":[{"count":7,"href":"https:\/\/blogs.magicjudges.org\/o\/wp-json\/wp\/v2\/pages\/1761\/revisions"}],"predecessor-version":[{"id":3368,"href":"https:\/\/blogs.magicjudges.org\/o\/wp-json\/wp\/v2\/pages\/1761\/revisions\/3368"}],"wp:attachment":[{"href":"https:\/\/blogs.magicjudges.org\/o\/wp-json\/wp\/v2\/media?parent=1761"}],"wp:term":[{"taxonomy":"language","embeddable":true,"href":"https:\/\/blogs.magicjudges.org\/o\/wp-json\/wp\/v2\/language?post=1761"}],"curies":[{"name":"wp","href":"https:\/\/api.w.org\/{rel}","templated":true}]}}