{"id":2008,"date":"2015-07-16T22:45:32","date_gmt":"2015-07-16T22:45:32","guid":{"rendered":"http:\/\/blogs.magicjudges.org\/o\/?page_id=2008"},"modified":"2017-08-15T04:58:08","modified_gmt":"2017-08-15T04:58:08","slug":"disqualification-process-de","status":"publish","type":"page","link":"https:\/\/blogs.magicjudges.org\/o\/disqualification-process-de\/","title":{"rendered":"Disqualifikations Prozedur"},"content":{"rendered":"<div class=\"alert alert-danger\" role=\"alert\"> Jedes Mal, wenn ein Spieler von einem sanktionierten Turnier disqualifiziert wird, muss der Head Judge einen Bericht des Vorfalls vorlegen. In diesem Abschnitt erfahren Sie, wie dies zu tun ist und wie der Prozess abl\u00e4uft.<\/div>\n<h2>Hauptpunkte<\/h2>\n<ol>\n<li>Folgen Sie dem Verfahren, welches in <a href=\"http:\/\/blogs.magicjudges.org\/o\/files\/2015\/07\/HeadJudgeDisqualificationProcedure-DE.pdf\">Head Judge Disqualifikations Prozedur<\/a> erkl\u00e4rt ist.<\/li>\n<li>Das Wichtigste \u00fcberhaupt ist es, die <strong>Kontaktdaten<\/strong> aller Beteiligten (Spieler, Schiedsrichtern und Zeugen) zu sammeln.<\/li>\n<li>Drucken Sie eine Kopie des <a href=\"http:\/\/blogs.magicjudges.org\/o\/files\/2015\/07\/PlayerDisqualificationFAQ-DE.pdf\">Spieler Disqualifikations FAQ<\/a> und gebt diese allen disqualifizierten Spielern. Dieses einseitige Dokument wird den Spielern erkl\u00e4ren, was jetzt abl\u00e4uft und die h\u00e4ufigsten Fragen beantworten. Es wird ihnen auch ihre Optionen aufzeigen um einen Bericht einzureichen.<\/li>\n<li>Falls der disqualifizierte Spieler zu diesem Zeitpunkt einen Bericht schreiben m\u00f6chte, kann er es auf der R\u00fcckseite des FAQ Blatt und\/oder auf weiteren leeren Seiten machen.<\/li>\n<li>Bittet den Spieler, den Ort zu verlassen, falls seine Anwesenheit das Turnier weiter st\u00f6ren k\u00f6nnte (z. B. bei Handgreiflichkeiten, Diebstahl, oder allem was Unbehagen bereitet. F\u00fcr DQs wie \u201cSieger ausw\u00fcrfeln\u201d sollte es kein Problem sein, ihnen nach dem DQ das Zuschauen weiterhin zu erlauben, vor allem wenn sie es nicht besser wussten).<\/li>\n<li>Nach dem Turnier, im <a class=\"external text\" title=\"Judge Center\" href=\"https:\/\/apps.magicjudges.org\/investigations\/\" target=\"_blank\" rel=\"nofollow noopener noreferrer\">Judge Apps<\/a>\u00a0sollten Sie den DQ so schnell wie m\u00f6glich einreichen (und auf Submit dr\u00fccken).<\/li>\n<\/ol>\n<h2>Ressourcen<\/h2>\n<table class=\"table table-hover table-condensed\">\n<thead>\n<tr>\n<th style=\"width: 33%\">Dokument<\/th>\n<th style=\"width: 37%\">Beschreibung<\/th>\n<th style=\"width: 15%\">Aktualisierung<\/th>\n<th style=\"width: 10%\">Herunterladen<\/th>\n<\/tr>\n<\/thead>\n<tbody>\n<tr>\n<th><a href=\"http:\/\/blogs.magicjudges.org\/o\/files\/2015\/07\/HeadJudgeDisqualificationProcedure-DE.pdf\">Head Judge Disqualifikations Prozedur<\/a><\/th>\n<td>Ein Dokument mit allen erforderlichen Schritten, nachdem ein Spieler disqualifiziert wurde.<\/td>\n<td>24 Feb 2015<\/td>\n<th><a href=\"http:\/\/blogs.magicjudges.org\/o\/files\/2015\/07\/HeadJudgeDisqualificationProcedure-DE.pdf\"><img loading=\"lazy\" decoding=\"async\" class=\" size-full wp-image-1390 aligncenter\" src=\"http:\/\/blogs.magicjudges.org\/o\/files\/2015\/01\/1420963073_699581-icon-70-document-file-pdf-128.png\" alt=\"\" width=\"48\" height=\"48\" \/><\/a><\/th>\n<\/tr>\n<tr>\n<th><a href=\"http:\/\/blogs.magicjudges.org\/o\/files\/2015\/07\/PlayerDisqualificationFAQ-DE.pdf\">Spieler Disqualifikations FAQ<\/a><\/th>\n<td>Eine einseitige Dokument, dass an alle disqualifiziert Spieler zu geben ist, bevor sie gebeten werden, eine Erkl\u00e4rung zu schreiben (es gibt Antworten auf die am h\u00e4ufigsten gestellten Fragen).<\/td>\n<td>17 Jan 2017<\/td>\n<th><a href=\"http:\/\/blogs.magicjudges.org\/o\/files\/2015\/07\/PlayerDisqualificationFAQ-DE.pdf\"><img loading=\"lazy\" decoding=\"async\" class=\" size-full wp-image-1390 aligncenter\" src=\"http:\/\/blogs.magicjudges.org\/o\/files\/2015\/01\/1420963073_699581-icon-70-document-file-pdf-128.png\" alt=\"\" width=\"48\" height=\"48\" \/><\/a><\/th>\n<\/tr>\n<\/tbody>\n<\/table>\n<p>&nbsp;<\/p>\n","protected":false},"excerpt":{"rendered":"<p>Hauptpunkte Folgen Sie dem Verfahren, welches in Head Judge Disqualifikations Prozedur erkl\u00e4rt ist. Das Wichtigste \u00fcberhaupt ist es, die Kontaktdaten aller Beteiligten (Spieler, Schiedsrichtern und Zeugen) zu sammeln. Drucken Sie eine Kopie des Spieler Disqualifikations FAQ und gebt diese allen disqualifizierten Spielern. Dieses einseitige Dokument wird den Spielern erkl\u00e4ren, was jetzt abl\u00e4uft und die h\u00e4ufigsten [&hellip;]<\/p>\n","protected":false},"author":126,"featured_media":0,"parent":0,"menu_order":0,"comment_status":"closed","ping_status":"closed","template":"page_width-index.php","meta":{"footnotes":"","_links_to":"","_links_to_target":""},"language":[18],"class_list":["post-2008","page","type-page","status-publish","hentry","language-de"],"_links":{"self":[{"href":"https:\/\/blogs.magicjudges.org\/o\/wp-json\/wp\/v2\/pages\/2008","targetHints":{"allow":["GET"]}}],"collection":[{"href":"https:\/\/blogs.magicjudges.org\/o\/wp-json\/wp\/v2\/pages"}],"about":[{"href":"https:\/\/blogs.magicjudges.org\/o\/wp-json\/wp\/v2\/types\/page"}],"author":[{"embeddable":true,"href":"https:\/\/blogs.magicjudges.org\/o\/wp-json\/wp\/v2\/users\/126"}],"replies":[{"embeddable":true,"href":"https:\/\/blogs.magicjudges.org\/o\/wp-json\/wp\/v2\/comments?post=2008"}],"version-history":[{"count":18,"href":"https:\/\/blogs.magicjudges.org\/o\/wp-json\/wp\/v2\/pages\/2008\/revisions"}],"predecessor-version":[{"id":4333,"href":"https:\/\/blogs.magicjudges.org\/o\/wp-json\/wp\/v2\/pages\/2008\/revisions\/4333"}],"wp:attachment":[{"href":"https:\/\/blogs.magicjudges.org\/o\/wp-json\/wp\/v2\/media?parent=2008"}],"wp:term":[{"taxonomy":"language","embeddable":true,"href":"https:\/\/blogs.magicjudges.org\/o\/wp-json\/wp\/v2\/language?post=2008"}],"curies":[{"name":"wp","href":"https:\/\/api.w.org\/{rel}","templated":true}]}}