{"id":2628,"date":"2016-04-11T16:12:51","date_gmt":"2016-04-11T16:12:51","guid":{"rendered":"http:\/\/blogs.magicjudges.org\/o\/?page_id=2628"},"modified":"2016-10-29T08:50:52","modified_gmt":"2016-10-29T08:50:52","slug":"judge-levels-pt","status":"publish","type":"page","link":"https:\/\/blogs.magicjudges.org\/o\/judge-levels-pt\/","title":{"rendered":"N\u00edveis de Juiz"},"content":{"rendered":"<p style=\"text-align: justify\">O \u00e2mago do Programa de Ju\u00edzes, o sistema de n\u00edveis, afeta todos os ju\u00edzes. \u00c9 o n\u00edvel amplo de certifica\u00e7\u00e3o, fornecendo rapidamente uma base de informa\u00e7\u00e3o a um organizador sobre o que um juiz sabe e estudou.<\/p>\n<p style=\"text-align: justify\">Cada n\u00edvel tem um conjunto de crit\u00e9rios para avan\u00e7ar a este n\u00edvel e um outro conjunto de crit\u00e9rios para manter um n\u00edvel. \u00c9 esperado que ju\u00edzes de todos os n\u00edveis sigam as orienta\u00e7\u00f5es do C\u00f3digo do Juiz de Magic.<br \/>\n<div class=\"row judge-familiar-stacked-pills \"><ul class=\"nav nav-pills nav-stacked col-lg-2\" role=\"tablist\"><li class=\"nav-item\"><a href=\"#nivel-1\" class=\"nav-link active\" role=\"tab\" data-toggle=\"tab\">N\u00edvel 1<\/a><\/li><li class=\"nav-item\"><a href=\"#nivel-2\" class=\"nav-link \" role=\"tab\" data-toggle=\"tab\">N\u00edvel 2<\/a><\/li><li class=\"nav-item\"><a href=\"#nivel-3\" class=\"nav-link \" role=\"tab\" data-toggle=\"tab\">N\u00edvel 3<\/a><\/li><\/ul><div class=\"tab-content col-lg-10\"><div role=\"tabpanel\" class=\"tab-pane fade in active\" id=\"nivel-1\">\n<h3><strong>N\u00edvel 1 \u2014 Juiz de REL Regular de Loja<\/strong><\/h3>\n<p style=\"text-align: justify\">Um juiz de N\u00edvel 1 demonstra conhecimento suficiente das Regras Abrangentes e pol\u00edticas de REL Regular para realizar um pequeno evento no n\u00edvel de loja como um FNM.<\/p>\n<p style=\"text-align: justify\">Ju\u00edzes de N\u00edvel 1 n\u00e3o s\u00e3o testados nas se\u00e7\u00f5es mais complexas das regras ou nas pol\u00edticas de REL Competitivo. Alguns ju\u00edzes de N\u00edvel 1 podem ser capazes de trabalhar como juiz de sal\u00e3o de um evento de REL Competitivo sem ser supervisionado, mas esta n\u00e3o \u00e9 a expectativa padr\u00e3o do papel, e estes ju\u00edzes devem ser encorajados a se certificarem para o N\u00edvel 2.<\/p>\n<h4 style=\"text-align: justify\">Requisitos de Avan\u00e7o<\/h4>\n<ul style=\"text-align: justify\">\n<li>Arbitrar dois eventos sancionados nos \u00faltimos seis meses.<\/li>\n<li>Uma curta entrevista e recomenda\u00e7\u00e3o de um juiz de N\u00edvel 2 ou de N\u00edvel 3.<\/li>\n<li>Uma nota suficiente no exame de N\u00edvel 1, que incorpora o JAR (Arbitrando no REL Regular) e um subconjunto das CR (Regras Abrangentes).<\/li>\n<li>Estar de acordo a agir conforme o <a href=\"http:\/\/blogs.magicjudges.org\/conduct\/magic-judge-code\/\" target=\"_blank\">C\u00f3digo de Conduta do Juiz<\/a>.<\/li>\n<\/ul>\n<h4 style=\"text-align: justify\">Requisitos de Manuten\u00e7\u00e3o<\/h4>\n<ul style=\"text-align: justify\">\n<li>Arbitrar um evento sancionado uma vez a cada seis meses.<\/li>\n<li>Demonstrar manuten\u00e7\u00e3o do conhecimento de regras e pol\u00edticas atrav\u00e9s de exames anuais. Ju\u00edzes com performances ruins ser\u00e3o direcionados para seu Coordenador Regional para acompanhamento.<\/li>\n<\/ul>\n<h4 style=\"text-align: justify\">Intervalo para reteste<\/h4>\n<ul style=\"text-align: justify\">\n<li>Um candidato que falha uma prova de N\u00edvel 1 pode tentar uma recertifica\u00e7\u00e3o em <strong>dois<\/strong> meses.<\/li>\n<\/ul>\n<p style=\"text-align: justify\"><\/div><div role=\"tabpanel\" class=\"tab-pane fade \" id=\"nivel-2\">\n<h3><strong>N\u00edvel 2 \u2014 Juiz de REL Competitivo<\/strong><\/h3>\n<p style=\"text-align: justify\">Um juiz de N\u00edvel 2 est\u00e1 certificado a realizar eventos no REL Competitivo. Eles s\u00e3o os respons\u00e1veis pelos PPTQs e representam a maior parte de ju\u00edzes de sal\u00e3o de um Grand Prix e outros eventos de grande escala. Eles mentoram e testam candidatos ao N\u00edvel 1. Eles podem adquirir certifica\u00e7\u00f5es para mentorar e testar ju\u00edzes N\u00edvel 2 e a serem l\u00edderes de equipe no Dia 2 de um Grand Prix<\/p>\n<p style=\"text-align: justify\">Os requisitos para o n\u00edvel refletem uma expectativa de maior diplomacia e envolvimento que \u00e9 esperada de algu\u00e9m que frequentemente ir\u00e1 de um lugar para o outro para trabalhar com m\u00faltiplos Organizadores de Torneio e que compartilha seus conhecimentos de regras e pr\u00e1ticas de torneio com outros ju\u00edzes. Eles tamb\u00e9m podem escolher se tornar mais envolvidos em projetos globais conforme descobrem mais sobre o programa.<\/p>\n<h4 style=\"text-align: justify\">Requisitos Pr\u00e9-Exame<\/h4>\n<ul style=\"text-align: justify\">\n<li>Arbitrar seis eventos sancionados nos \u00faltimos seis meses.<\/li>\n<li>Avalia\u00e7\u00e3o de Recomenda\u00e7\u00e3o por ter trabalhado em um evento de REL Competitivo escrito por um Juiz N\u00edvel 2 ou N\u00edvel 3 nos \u00faltimos 12 meses. <a href=\"http:\/\/blogs.magicjudges.org\/o\/judge-levels\/level-2-certification-template-review-pt\">Veja modelo aqui.<\/a><\/li>\n<li>Ter enviado avalia\u00e7\u00f5es de dois ju\u00edzes diferentes no Centro de Ju\u00edzes nos \u00faltimos 12 meses.<\/li>\n<li>Ter escrito um report de um evento com m\u00faltiplos ju\u00edzes, report de uma confer\u00eancia ou artigo nos \u00faltimos 12 meses.<\/li>\n<li>Uma nota de 70% em uma prova de Pr\u00e1tica de N\u00edvel 2 nos \u00faltimos 12 meses.<\/li>\n<\/ul>\n<p style=\"text-align: justify\">Qualquer um desses requisitos pode ser suprimido para um candidato espec\u00edfico ao N\u00edvel 2 por seu Coordenador Regional sob circunst\u00e2ncias excepcionais.<\/p>\n<p style=\"text-align: justify\"><strong>A prova de n\u00edvel 2 consistir\u00e1 em:<\/strong><br \/>\nUma nota suficiente na prova de n\u00edvel 2, incorporando IPG, MTR e CR.<\/p>\n<p style=\"text-align: justify\">Entrevista e recomenda\u00e7\u00e3o de um juiz certificado a testar N\u00edveis 2. Essa entrevista deve verificar:<\/p>\n<ul style=\"text-align: justify\">\n<li>Diplomacia com jogadores, ju\u00edzes e Organizadores de Torneio do candidato.<\/li>\n<li>Compreens\u00e3o de investiga\u00e7\u00f5es b\u00e1sicas (ajude o candidato a compreender quando uma investiga\u00e7\u00e3o \u00e9 adequada e como conduzir a investiga\u00e7\u00e3o) do candidato.<\/li>\n<li>Vontade do candidato de mentorar e certificar outros ju\u00edzes.<\/li>\n<li>Envolvimento na comunidade Regional do candidato.<\/li>\n<\/ul>\n<h4 style=\"text-align: justify\">Requisitos de Manuten\u00e7\u00e3o<\/h4>\n<p>Ao final de cada ano (excluindo o ano em que o juiz se certificou para o N\u00edvel 2), os requisitos a seguir devem ser cumpridos para manter a certifica\u00e7\u00e3o de N\u00edvel 2.<\/p>\n<ul style=\"text-align: justify\">\n<li>Arbitrar dois eventos de REL competitivo.<\/li>\n<li>Enviar uma avalia\u00e7\u00e3o de outro juiz no Centro de Ju\u00edzes.<\/li>\n<li>Demonstrar manuten\u00e7\u00e3o de conhecimento de regras e pol\u00edtica atrav\u00e9s de exames anuais. Ju\u00edzes com performances ruins ser\u00e3o direcionados para seu Coordenador Regional para acompanhamento.<\/li>\n<\/ul>\n<p style=\"text-align: justify\">A maneira precisa e o prazo para providenciar prova desses requisitos ser\u00e1 definido por cada Coordenador Regional. Se um Juiz N\u00edvel 2 falhar em cumprir ou enviar esses requisitos, seu Coordenador Regional providenciar\u00e1 ao juiz ou ju\u00edza um caminho para resolver o problema, se adequado. Se n\u00e3o for resolvido adequadamente, ou se, a crit\u00e9rio do Coordenador Regional, o problema for muito grande para consertar, o juiz ou ju\u00edza ser\u00e1 rebaixado para o N\u00edvel 1.<\/p>\n<h4 style=\"text-align: justify\">Intervalo para reteste<\/h4>\n<ul style=\"text-align: justify\">\n<li>Um candidato que falha uma prova de N\u00edvel 2 pode tentar uma recertifica\u00e7\u00e3o em <strong>tr\u00eas<\/strong> meses.<\/li>\n<\/ul>\n<p style=\"text-align: justify\"><\/div><div role=\"tabpanel\" class=\"tab-pane fade \" id=\"nivel-3\">\n<h3><strong>N\u00edvel 3 \u2014 Juiz Premier<\/strong><\/h3>\n<p style=\"text-align: justify\">Ju\u00edzes Premier s\u00e3o peritos na \u00e1rea e os l\u00edderes do Jogo Organizado Premier. Eles s\u00e3o os l\u00edderes no sal\u00e3o de eventos Grand Prix, realizam diversos outros Eventos Premier, e compartilham seu expertise e conhecimento com outros ju\u00edzes. Eles est\u00e3o envolvidos com Programa de Ju\u00edzes global; participar e\/ou liderar projetos que os interesse \u00e9 esperado do papel. Eles mentoram e testam candidatos a N\u00edvel 1 e N\u00edvel 2.<\/p>\n<p style=\"text-align: justify\">Se tornar um N\u00edvel 3 \u00e9 um processo exigente que necessita que o candidato demonstre comprometimento, habilidade, conhecimento e diplomacia excepcionais. \u00c9 uma realiza\u00e7\u00e3o substancial e o mais alto n\u00edvel reconhecido de juiz.<\/p>\n<h4 style=\"text-align: justify\">Requisitos de Avan\u00e7o<\/h4>\n<p style=\"text-align: justify\">O processo para o avan\u00e7o ao N\u00edvel 3 <a href=\"http:\/\/blogs.magicjudges.org\/o\/judge-certification\/level-3-advancement-process-pt\/\" target=\"_blank\">conforme atualmente documentado<\/a>, com as seguintes mudan\u00e7as:<\/p>\n<ul style=\"text-align: justify\">\n<li style=\"margin-top: -20px\">Compet\u00eancia em Ingl\u00eas s\u00f3 \u00e9 necess\u00e1ria ao ponto de liderar um time em um Grand Prix e ler documenta\u00e7\u00e3o oficial.<\/li>\n<li>Lideran\u00e7a em eventos pode substituir envolvimento na comunidade.<\/li>\n<li>Algumas partes do processo de avan\u00e7o ao N\u00edvel 3 foram movidas para certifica\u00e7\u00f5es que podem ser feitas independentemente.<\/li>\n<li>Requisitos adicionais sobre habilidade demonstrada em Log\u00edstica e Opera\u00e7\u00f5es de Torneio.<\/li>\n<\/ul>\n<h4 style=\"text-align: justify\">Requisitos de Manuten\u00e7\u00e3o<\/h4>\n<ul style=\"text-align: justify\">\n<li>Arbitrar pelo menos quatro Eventos Premier (RPTQ, WMCQ, Grand Prix, Pro Tour, World Magic Cup) por ano de calend\u00e1rio. N\u00e3o faz\u00ea-lo levantar\u00e1 um alerta para este n\u00edvel ser revisto.<\/li>\n<li>Contribui\u00e7\u00f5es significativas em um ou mais dentre programa, torneio ou comunidade (conforme verificado por um juiz no Papel Avan\u00e7ado correspondente). Performance aceit\u00e1vel nos outros aspectos.<\/li>\n<li>Manuten\u00e7\u00e3o de todas as caracter\u00edsticas do N\u00edvel 3 descritas no <a href=\"http:\/\/blogs.magicjudges.org\/o\/judge-certification\/level-3-advancement-process-pt\/\" target=\"_blank\">Processo de Avan\u00e7o para o N\u00edvel 3 <\/a>.<\/li>\n<li>Demonstra\u00e7\u00e3o de conhecimento de regras e pol\u00edticas atrav\u00e9s de exames graduais.<\/li>\n<\/ul>\n<p style=\"text-align: justify\">Um juiz incapaz de cumprir os requisitos de manuten\u00e7\u00e3o ser\u00e1 notificado das preocupa\u00e7\u00f5es e ter\u00e1 6 meses para resolv\u00ea-las ou voltar ao N\u00edvel 2.<\/div><\/div><\/div><\/p>\n","protected":false},"excerpt":{"rendered":"<p>O \u00e2mago do Programa de Ju\u00edzes, o sistema de n\u00edveis, afeta todos os ju\u00edzes. \u00c9 o n\u00edvel amplo de certifica\u00e7\u00e3o, fornecendo rapidamente uma base de informa\u00e7\u00e3o a um organizador sobre o que um juiz sabe e estudou. Cada n\u00edvel tem um conjunto de crit\u00e9rios para avan\u00e7ar a este n\u00edvel e um outro conjunto de crit\u00e9rios [&hellip;]<\/p>\n","protected":false},"author":13,"featured_media":0,"parent":0,"menu_order":0,"comment_status":"closed","ping_status":"closed","template":"page_width-index.php","meta":{"footnotes":"","_links_to":"","_links_to_target":""},"language":[20],"class_list":["post-2628","page","type-page","status-publish","hentry","language-pt"],"_links":{"self":[{"href":"https:\/\/blogs.magicjudges.org\/o\/wp-json\/wp\/v2\/pages\/2628","targetHints":{"allow":["GET"]}}],"collection":[{"href":"https:\/\/blogs.magicjudges.org\/o\/wp-json\/wp\/v2\/pages"}],"about":[{"href":"https:\/\/blogs.magicjudges.org\/o\/wp-json\/wp\/v2\/types\/page"}],"author":[{"embeddable":true,"href":"https:\/\/blogs.magicjudges.org\/o\/wp-json\/wp\/v2\/users\/13"}],"replies":[{"embeddable":true,"href":"https:\/\/blogs.magicjudges.org\/o\/wp-json\/wp\/v2\/comments?post=2628"}],"version-history":[{"count":9,"href":"https:\/\/blogs.magicjudges.org\/o\/wp-json\/wp\/v2\/pages\/2628\/revisions"}],"predecessor-version":[{"id":3327,"href":"https:\/\/blogs.magicjudges.org\/o\/wp-json\/wp\/v2\/pages\/2628\/revisions\/3327"}],"wp:attachment":[{"href":"https:\/\/blogs.magicjudges.org\/o\/wp-json\/wp\/v2\/media?parent=2628"}],"wp:term":[{"taxonomy":"language","embeddable":true,"href":"https:\/\/blogs.magicjudges.org\/o\/wp-json\/wp\/v2\/language?post=2628"}],"curies":[{"name":"wp","href":"https:\/\/api.w.org\/{rel}","templated":true}]}}