{"id":3243,"date":"2016-10-16T17:05:43","date_gmt":"2016-10-16T17:05:43","guid":{"rendered":"http:\/\/blogs.magicjudges.org\/o\/?page_id=3243"},"modified":"2017-01-03T11:39:56","modified_gmt":"2017-01-03T11:39:56","slug":"certifications-fr","status":"publish","type":"page","link":"https:\/\/blogs.magicjudges.org\/o\/judge-levels-fr\/certifications-fr\/","title":{"rendered":"Certifications"},"content":{"rendered":"<p style=\"text-align: justify\">Les certifications sont une opportunit\u00e9 \u00e0 plus petite \u00e9chelle pour un arbitre de relever un nouveau d\u00e9fi existant en dehors de son niveau. Elles sont suppl\u00e9mentaires et attestent que l\u2019arbitre a acquis une capacit\u00e9 suppl\u00e9mentaire. Bien que les certifications soient ouvertes \u00e0 tous les arbitres, certaines peuvent avoir des pr\u00e9-requis (niveau de certification) devant \u00eatre r\u00e9alis\u00e9s d\u2019abord.<\/p>\n<p style=\"text-align: justify\">Les certifications pass\u00e9es seront list\u00e9es sur la page de profil de l\u2019arbitre sur JudgeApps.<br \/>\n<div class=\"row judge-familiar-stacked-pills \"><ul class=\"nav nav-pills nav-stacked col-lg-4\" role=\"tablist\"><li class=\"nav-item\"><a href=\"#testeur-de-niveau-2\" class=\"nav-link active\" role=\"tab\" data-toggle=\"tab\">Testeur de niveau 2<\/a><\/li><li class=\"nav-item\"><a href=\"#team-leading\" class=\"nav-link \" role=\"tab\" data-toggle=\"tab\">Team Leading<\/a><\/li><li class=\"nav-item\"><a href=\"#panel-lead-pour-niveau-3\" class=\"nav-link \" role=\"tab\" data-toggle=\"tab\">Panel Lead pour niveau 3<\/a><\/li><\/ul><div class=\"tab-content col-lg-8\"><div role=\"tabpanel\" class=\"tab-pane fade in active\" id=\"testeur-de-niveau-2\">\n<p style=\"text-align: justify\"><a href=\"http:\/\/blogs.magicjudges.org\/o\/judge-levels-fr\/the-level-2-tester-certification-fr\/\">Disponible pour les arbitres de niveau 2<\/a>. Leur permet de tester les candidats pour l\u2019examen de niveau 2.<\/div><div role=\"tabpanel\" class=\"tab-pane fade \" id=\"team-leading\">\n<p style=\"text-align: justify\"><a href=\"http:\/\/blogs.magicjudges.org\/o\/judge-levels-fr\/the-level-2-team-leader-certification-fr\/\">Disponible pour les arbitres de niveau 2<\/a>. Certifie qu\u2019ils sont capables de diriger une \u00e9quipe pour le deuxi\u00e8me jour d\u2019un plus petit Grand Prix.<\/div><div role=\"tabpanel\" class=\"tab-pane fade \" id=\"panel-lead-pour-niveau-3\">\n<p style=\"text-align: justify\">Disponible pour les arbitres de niveau 3. Certifie qu\u2019ils sont capables de diriger le panel d\u2019un candidat pour le niveau 3.<\/div><\/div><\/div><\/p>\n","protected":false},"excerpt":{"rendered":"<p>Les certifications sont une opportunit\u00e9 \u00e0 plus petite \u00e9chelle pour un arbitre de relever un nouveau d\u00e9fi existant en dehors de son niveau. Elles sont suppl\u00e9mentaires et attestent que l\u2019arbitre a acquis une capacit\u00e9 suppl\u00e9mentaire. Bien que les certifications soient ouvertes \u00e0 tous les arbitres, certaines peuvent avoir des pr\u00e9-requis (niveau de certification) devant \u00eatre [&hellip;]<\/p>\n","protected":false},"author":13,"featured_media":0,"parent":2616,"menu_order":0,"comment_status":"closed","ping_status":"closed","template":"page_width-index.php","meta":{"footnotes":"","_links_to":"","_links_to_target":""},"language":[15],"class_list":["post-3243","page","type-page","status-publish","hentry","language-fr"],"_links":{"self":[{"href":"https:\/\/blogs.magicjudges.org\/o\/wp-json\/wp\/v2\/pages\/3243","targetHints":{"allow":["GET"]}}],"collection":[{"href":"https:\/\/blogs.magicjudges.org\/o\/wp-json\/wp\/v2\/pages"}],"about":[{"href":"https:\/\/blogs.magicjudges.org\/o\/wp-json\/wp\/v2\/types\/page"}],"author":[{"embeddable":true,"href":"https:\/\/blogs.magicjudges.org\/o\/wp-json\/wp\/v2\/users\/13"}],"replies":[{"embeddable":true,"href":"https:\/\/blogs.magicjudges.org\/o\/wp-json\/wp\/v2\/comments?post=3243"}],"version-history":[{"count":4,"href":"https:\/\/blogs.magicjudges.org\/o\/wp-json\/wp\/v2\/pages\/3243\/revisions"}],"predecessor-version":[{"id":3664,"href":"https:\/\/blogs.magicjudges.org\/o\/wp-json\/wp\/v2\/pages\/3243\/revisions\/3664"}],"up":[{"embeddable":true,"href":"https:\/\/blogs.magicjudges.org\/o\/wp-json\/wp\/v2\/pages\/2616"}],"wp:attachment":[{"href":"https:\/\/blogs.magicjudges.org\/o\/wp-json\/wp\/v2\/media?parent=3243"}],"wp:term":[{"taxonomy":"language","embeddable":true,"href":"https:\/\/blogs.magicjudges.org\/o\/wp-json\/wp\/v2\/language?post=3243"}],"curies":[{"name":"wp","href":"https:\/\/api.w.org\/{rel}","templated":true}]}}