{"id":3261,"date":"2016-10-16T17:41:03","date_gmt":"2016-10-16T17:41:03","guid":{"rendered":"http:\/\/blogs.magicjudges.org\/o\/?page_id=3261"},"modified":"2016-10-16T17:42:46","modified_gmt":"2016-10-16T17:42:46","slug":"certifications-pt","status":"publish","type":"page","link":"https:\/\/blogs.magicjudges.org\/o\/judge-levels-pt\/certifications-pt\/","title":{"rendered":"Certifica\u00e7\u00f5es"},"content":{"rendered":"<p style=\"text-align: justify\">Certifica\u00e7\u00f5es \u00e9 uma oportunidade de menor escopo para um juiz tomar um desafio que existe fora de seu n\u00edvel. Elas s\u00e3o suplementais e reconhecem que o juiz ganhou uma capacita\u00e7\u00e3o adicional. Apesar de certifica\u00e7\u00f5es estarem dispon\u00edveis a todos os ju\u00edzes, algumas t\u00eam pr\u00e9-requisitos (level ou certifica\u00e7\u00e3o) que devem ser alcan\u00e7ados antes. Certifica\u00e7\u00f5es ser\u00e3o listadas na p\u00e1gina de perfil do juiz no JudgeApps.<br \/>\n<div class=\"row judge-familiar-stacked-pills \"><ul class=\"nav nav-pills nav-stacked col-lg-4\" role=\"tablist\"><li class=\"nav-item\"><a href=\"#testador-de-nivel-2\" class=\"nav-link active\" role=\"tab\" data-toggle=\"tab\">Testador de N\u00edvel 2<\/a><\/li><li class=\"nav-item\"><a href=\"#lider-de-time-basico\" class=\"nav-link \" role=\"tab\" data-toggle=\"tab\">L\u00edder de Time B\u00e1sico<\/a><\/li><li class=\"nav-item\"><a href=\"#lider-de-painel-de-nivel-3\" class=\"nav-link \" role=\"tab\" data-toggle=\"tab\">L\u00edder de Painel de N\u00edvel 3<\/a><\/li><\/ul><div class=\"tab-content col-lg-8\"><div role=\"tabpanel\" class=\"tab-pane fade in active\" id=\"testador-de-nivel-2\">\n<p style=\"text-align: justify\">Dispon\u00edvel para Ju\u00edzes de N\u00edvel 2. Permite que eles testem candidatos para avan\u00e7ar ao N\u00edvel 2.<br \/>\n<\/div><div role=\"tabpanel\" class=\"tab-pane fade \" id=\"lider-de-time-basico\">\n<p style=\"text-align: justify\">Dispon\u00edvel para Ju\u00edzes de N\u00edvel 2. Certifica que eles s\u00e3o capazes de liderar um time no dia 2 de um evento menor de Grand Prix.<\/div><div role=\"tabpanel\" class=\"tab-pane fade \" id=\"lider-de-painel-de-nivel-3\">\n<p style=\"text-align: justify\">Dispon\u00edvel para ju\u00edzes N\u00edvel 3. Certifica que eles s\u00e3o capazes de liderar o painel de um candidato ao N\u00edvel 3.<\/div><\/div><\/div><\/p>\n","protected":false},"excerpt":{"rendered":"<p>Certifica\u00e7\u00f5es \u00e9 uma oportunidade de menor escopo para um juiz tomar um desafio que existe fora de seu n\u00edvel. Elas s\u00e3o suplementais e reconhecem que o juiz ganhou uma capacita\u00e7\u00e3o adicional. Apesar de certifica\u00e7\u00f5es estarem dispon\u00edveis a todos os ju\u00edzes, algumas t\u00eam pr\u00e9-requisitos (level ou certifica\u00e7\u00e3o) que devem ser alcan\u00e7ados antes. Certifica\u00e7\u00f5es ser\u00e3o listadas na [&hellip;]<\/p>\n","protected":false},"author":13,"featured_media":0,"parent":2628,"menu_order":0,"comment_status":"closed","ping_status":"closed","template":"page_width-index.php","meta":{"footnotes":"","_links_to":"","_links_to_target":""},"language":[20],"class_list":["post-3261","page","type-page","status-publish","hentry","language-pt"],"_links":{"self":[{"href":"https:\/\/blogs.magicjudges.org\/o\/wp-json\/wp\/v2\/pages\/3261","targetHints":{"allow":["GET"]}}],"collection":[{"href":"https:\/\/blogs.magicjudges.org\/o\/wp-json\/wp\/v2\/pages"}],"about":[{"href":"https:\/\/blogs.magicjudges.org\/o\/wp-json\/wp\/v2\/types\/page"}],"author":[{"embeddable":true,"href":"https:\/\/blogs.magicjudges.org\/o\/wp-json\/wp\/v2\/users\/13"}],"replies":[{"embeddable":true,"href":"https:\/\/blogs.magicjudges.org\/o\/wp-json\/wp\/v2\/comments?post=3261"}],"version-history":[{"count":2,"href":"https:\/\/blogs.magicjudges.org\/o\/wp-json\/wp\/v2\/pages\/3261\/revisions"}],"predecessor-version":[{"id":3267,"href":"https:\/\/blogs.magicjudges.org\/o\/wp-json\/wp\/v2\/pages\/3261\/revisions\/3267"}],"up":[{"embeddable":true,"href":"https:\/\/blogs.magicjudges.org\/o\/wp-json\/wp\/v2\/pages\/2628"}],"wp:attachment":[{"href":"https:\/\/blogs.magicjudges.org\/o\/wp-json\/wp\/v2\/media?parent=3261"}],"wp:term":[{"taxonomy":"language","embeddable":true,"href":"https:\/\/blogs.magicjudges.org\/o\/wp-json\/wp\/v2\/language?post=3261"}],"curies":[{"name":"wp","href":"https:\/\/api.w.org\/{rel}","templated":true}]}}