{"id":3288,"date":"2016-10-17T12:12:55","date_gmt":"2016-10-17T12:12:55","guid":{"rendered":"http:\/\/blogs.magicjudges.org\/o\/?page_id=3288"},"modified":"2016-11-10T17:10:52","modified_gmt":"2016-11-10T17:10:52","slug":"the-team-leader-certification-feedback-form-es","status":"publish","type":"page","link":"https:\/\/blogs.magicjudges.org\/o\/judge-levels-es\/certifications-es\/the-level-2-team-leader-certification-es\/the-team-leader-certification-feedback-form-es\/","title":{"rendered":"Formulario de comentarios de Certificaci\u00f3n de l\u00edder de equipo"},"content":{"rendered":"<p style=\"text-align: justify\">Cada secci\u00f3n de este formulario debe ser completada por el juez Evaluador Borgo\u00f1a y el L3 Sombra seg\u00fan corresponda e ingresada en el Centro de jueces por el juez Evaluador Borgo\u00f1a con el contenido de este formulario en la secci\u00f3n de comentarios. El juez Evaluador Borgo\u00f1a y el L3 Sombra deber\u00edan proveer una evaluaci\u00f3n completa con fortalezas y debilidades, pero no es necesario.<\/p>\n<h2><b>Informaci\u00f3n general<\/b><\/h2>\n<p>Nombre del candidato:<\/p>\n<p>Equipo liderado por el candidato:<\/p>\n<p>Nombre del Evaluador Borgo\u00f1a:<\/p>\n<p>Nombre del L3 Sombra:<\/p>\n<p>L3 que verific\u00f3 los requisitos pre-examen y recomienda al candidato:<\/p>\n<p>Tipo de evento, fecha y nombre:<\/p>\n<p>\u00bfRecibi\u00f3 el candidato la certificaci\u00f3n de l\u00edder de equipo? SI \/ NO<\/p>\n<h2><b>Secci\u00f3n del L3 Sombra<\/b><\/h2>\n<p>Por favor eval\u00faa las siguientes preguntas desde tu perspectiva de miembro del equipo.<\/p>\n<p><b>\u00c9xito con las tareas del equipo<\/b>: Deficiente\/ Insuficiente \/ Exitoso \/ Excelente<\/p>\n<p><b>Delegaci\u00f3n<\/b>: Deficiente\/ Insuficiente \/ Exitoso \/ Excelente<\/p>\n<p><b>Construcci\u00f3n de equipo y gu\u00eda<\/b>: Deficiente\/ Insuficiente \/ Exitoso \/ Excelente<\/p>\n<p><b>Comunicaci\u00f3n:<\/b> Deficiente\/ Insuficiente \/ Exitoso \/ Excelente<\/p>\n<p><b>\u00bfRecomendar\u00edas al juez principal que le diera la certificaci\u00f3n de l\u00edder de equipo a este candidato?<\/b>\u00a0SI \/ NO<\/p>\n<h2><b>Secci\u00f3n del Evaluador Borgo\u00f1a<\/b><\/h2>\n<p>Por favor eval\u00faa las siguientes preguntas desde tu perspectiva de juez principal.<\/p>\n<p><b>Preparaci\u00f3n de la tarea<\/b>: Deficiente\/ Insuficiente \/ Exitoso \/ Excelente<\/p>\n<p><b>\u00c9xito con las tareas del equipo<\/b>: Deficiente\/ Insuficiente \/ Exitoso \/ Excelente<\/p>\n<p><b>Evaluaci\u00f3n del evento y comentarios<\/b>: Deficiente\/ Insuficiente \/ Exitoso \/ Excelente<\/p>\n<p><b>Comunicaci\u00f3n<\/b>: Deficiente\/ Insuficiente \/ Exitoso \/ Excelente<\/p>\n","protected":false},"excerpt":{"rendered":"<p>Cada secci\u00f3n de este formulario debe ser completada por el juez Evaluador Borgo\u00f1a y el L3 Sombra seg\u00fan corresponda e ingresada en el Centro de jueces por el juez Evaluador Borgo\u00f1a con el contenido de este formulario en la secci\u00f3n de comentarios. El juez Evaluador Borgo\u00f1a y el L3 Sombra deber\u00edan proveer una evaluaci\u00f3n completa [&hellip;]<\/p>\n","protected":false},"author":28,"featured_media":0,"parent":3051,"menu_order":0,"comment_status":"closed","ping_status":"closed","template":"page_width-index.php","meta":{"footnotes":"","_links_to":"","_links_to_target":""},"language":[8],"class_list":["post-3288","page","type-page","status-publish","hentry","language-es"],"_links":{"self":[{"href":"https:\/\/blogs.magicjudges.org\/o\/wp-json\/wp\/v2\/pages\/3288","targetHints":{"allow":["GET"]}}],"collection":[{"href":"https:\/\/blogs.magicjudges.org\/o\/wp-json\/wp\/v2\/pages"}],"about":[{"href":"https:\/\/blogs.magicjudges.org\/o\/wp-json\/wp\/v2\/types\/page"}],"author":[{"embeddable":true,"href":"https:\/\/blogs.magicjudges.org\/o\/wp-json\/wp\/v2\/users\/28"}],"replies":[{"embeddable":true,"href":"https:\/\/blogs.magicjudges.org\/o\/wp-json\/wp\/v2\/comments?post=3288"}],"version-history":[{"count":5,"href":"https:\/\/blogs.magicjudges.org\/o\/wp-json\/wp\/v2\/pages\/3288\/revisions"}],"predecessor-version":[{"id":3353,"href":"https:\/\/blogs.magicjudges.org\/o\/wp-json\/wp\/v2\/pages\/3288\/revisions\/3353"}],"up":[{"embeddable":true,"href":"https:\/\/blogs.magicjudges.org\/o\/wp-json\/wp\/v2\/pages\/3051"}],"wp:attachment":[{"href":"https:\/\/blogs.magicjudges.org\/o\/wp-json\/wp\/v2\/media?parent=3288"}],"wp:term":[{"taxonomy":"language","embeddable":true,"href":"https:\/\/blogs.magicjudges.org\/o\/wp-json\/wp\/v2\/language?post=3288"}],"curies":[{"name":"wp","href":"https:\/\/api.w.org\/{rel}","templated":true}]}}