{"id":3321,"date":"2016-10-27T16:48:58","date_gmt":"2016-10-27T16:48:58","guid":{"rendered":"http:\/\/blogs.magicjudges.org\/o\/?page_id=3321"},"modified":"2017-03-19T20:21:55","modified_gmt":"2017-03-19T20:21:55","slug":"level-2-certification-template-review-pt","status":"publish","type":"page","link":"https:\/\/blogs.magicjudges.org\/o\/judge-levels-pt\/level-2-certification-template-review-pt\/","title":{"rendered":"Exemplo de Avalia\u00e7\u00e3o de Certifica\u00e7\u00e3o N\u00edvel 2"},"content":{"rendered":"<h2 style=\"text-align: justify;\">Instru\u00e7\u00f5es<\/h2>\n<p style=\"text-align: justify;\">Por favor insira a Se\u00e7\u00e3o 1 na se\u00e7\u00e3o de coment\u00e1rios da Avalia\u00e7\u00e3o. Insira a Se\u00e7\u00e3o 2 nas For\u00e7as e Fraquezas da avalia\u00e7\u00e3o.<\/p>\n<h2 style=\"text-align: justify;\">Se\u00e7\u00e3o 1<\/h2>\n<p style=\"text-align: justify;\">Que evento voc\u00ea arbitrou com o recipiente dessa avalia\u00e7\u00e3o? Data? REL? N\u00famero de jogadores?<\/p>\n<p style=\"text-align: justify;\">Por favor, responda sim ou n\u00e3o:<\/p>\n<ul style=\"text-align: justify;\">\n<li>Voc\u00ea recomenda que o recipiente avaliado para o n\u00edvel 2 baseado em sua intera\u00e7\u00e3o com ele ou ela neste evento?<\/li>\n<li>Voc\u00ea acredita que o recipiente avaliado far\u00e1 um trabalho decente em um PPTQ mediano?<\/li>\n<\/ul>\n<h2 style=\"text-align: justify;\">Se\u00e7\u00e3o 2<\/h2>\n<p style=\"text-align: justify;\">Por favor escreva sobre os seguintes t\u00f3picos na se\u00e7\u00e3o de for\u00e7as e fraquezas. Lembre-se que o mesmo t\u00f3pico pode estar em ambos, porque a pessoa avaliada pode ser forte em alguns itens do t\u00f3pico, mas fraca em outros.<br \/>\nNote que os itens em colchetes s\u00e3o exemplos, o candidato n\u00e3o precisa ser bom em todos eles; voc\u00ea n\u00e3o precisa cobrir todos eles; e voc\u00ea pode cobrir \u00e1reas n\u00e3o listadas.<\/p>\n<ul>\n<li style=\"text-align: justify;\">Estrutura de Evento (Exemplos: Entender Estrutura de rodadas su\u00ed\u00e7as, entender estrutura de elimina\u00e7\u00e3o simples, entender procedimentos de selado, entender procedimentos d edraft, entender todos os procedimentos de um torneio do in\u00edcio \u00e0s finais etc.)<\/li>\n<li style=\"text-align: justify;\">Pol\u00edtica de Ju\u00edzes e Opera\u00e7\u00f5es (Exemplos: Capacidade de preparar log\u00edstica para um torneio de deck selado, entender como fazer um deck check, saber como enviar um reporte de desclassifica\u00e7\u00e3o etc.)<\/li>\n<li style=\"text-align: justify;\">Diplomacia e Intera\u00e7\u00e3o (Exemplos: Capaz de se comunicar com o TO, capaz de se comunicar com outros ju\u00edzes, capaz explicar e aplicar uma regra a jogadores, etc.)<\/li>\n<\/ul>\n","protected":false},"excerpt":{"rendered":"<p>Instru\u00e7\u00f5es Por favor insira a Se\u00e7\u00e3o 1 na se\u00e7\u00e3o de coment\u00e1rios da Avalia\u00e7\u00e3o. Insira a Se\u00e7\u00e3o 2 nas For\u00e7as e Fraquezas da avalia\u00e7\u00e3o. Se\u00e7\u00e3o 1 Que evento voc\u00ea arbitrou com o recipiente dessa avalia\u00e7\u00e3o? Data? REL? N\u00famero de jogadores? Por favor, responda sim ou n\u00e3o: Voc\u00ea recomenda que o recipiente avaliado para o n\u00edvel 2 [&hellip;]<\/p>\n","protected":false},"author":149,"featured_media":0,"parent":2628,"menu_order":0,"comment_status":"closed","ping_status":"closed","template":"","meta":{"footnotes":"","_links_to":"","_links_to_target":""},"language":[20],"class_list":["post-3321","page","type-page","status-publish","hentry","language-pt"],"_links":{"self":[{"href":"https:\/\/blogs.magicjudges.org\/o\/wp-json\/wp\/v2\/pages\/3321","targetHints":{"allow":["GET"]}}],"collection":[{"href":"https:\/\/blogs.magicjudges.org\/o\/wp-json\/wp\/v2\/pages"}],"about":[{"href":"https:\/\/blogs.magicjudges.org\/o\/wp-json\/wp\/v2\/types\/page"}],"author":[{"embeddable":true,"href":"https:\/\/blogs.magicjudges.org\/o\/wp-json\/wp\/v2\/users\/149"}],"replies":[{"embeddable":true,"href":"https:\/\/blogs.magicjudges.org\/o\/wp-json\/wp\/v2\/comments?post=3321"}],"version-history":[{"count":5,"href":"https:\/\/blogs.magicjudges.org\/o\/wp-json\/wp\/v2\/pages\/3321\/revisions"}],"predecessor-version":[{"id":3909,"href":"https:\/\/blogs.magicjudges.org\/o\/wp-json\/wp\/v2\/pages\/3321\/revisions\/3909"}],"up":[{"embeddable":true,"href":"https:\/\/blogs.magicjudges.org\/o\/wp-json\/wp\/v2\/pages\/2628"}],"wp:attachment":[{"href":"https:\/\/blogs.magicjudges.org\/o\/wp-json\/wp\/v2\/media?parent=3321"}],"wp:term":[{"taxonomy":"language","embeddable":true,"href":"https:\/\/blogs.magicjudges.org\/o\/wp-json\/wp\/v2\/language?post=3321"}],"curies":[{"name":"wp","href":"https:\/\/api.w.org\/{rel}","templated":true}]}}