{"id":4062,"date":"2017-06-24T16:42:26","date_gmt":"2017-06-24T16:42:26","guid":{"rendered":"http:\/\/blogs.magicjudges.org\/o\/?page_id=4062"},"modified":"2017-10-11T14:57:37","modified_gmt":"2017-10-11T14:57:37","slug":"il-modello-dei-commenti-sulla-certificazione-da-team-leader","status":"publish","type":"page","link":"https:\/\/blogs.magicjudges.org\/o\/il-modello-dei-commenti-sulla-certificazione-da-team-leader\/","title":{"rendered":"Il modello dei commenti sulla Certificazione da Team Leader"},"content":{"rendered":"<p style=\"text-align: justify\">Ogni senzione di questo modulo va completata dall\u2019arbitro Esaminatore in camicia rossa e dal L3 Shadow, a seconda di ci\u00f2 che gli compete, e successivamente inserita su Judge Apps dall\u2019 Esaminatore in camicia rossa, in un campo chiamato \u201cTLC Template\u201d. L\u2019arbitro Esaminatore in camicia rossa e il L3 Shadow sono incoraggiati a fornire una revisione completa includendo i punti di forza e di debolezza, ma questo passaggio non \u00e8 obbligatorio.<\/p>\n<p style=\"text-align: justify\">Ogni qualit\u00e0 \u00e8 valutata su una scala di 5 valori:<\/p>\n<p style=\"text-align: justify\"><b>Deficient:<\/b> Il candidato manca completamente in comprensione ed esecuzione nell\u2019area di riferimento. Il candidato ha, o avrebbe potuto, danneggiare l\u2019evento.<\/p>\n<p style=\"text-align: justify\"><b>Underdeveloped:<\/b> Il candidato \u00e8 carente, ma non al punto di danneggiare l\u2019evento. Il candidato \u00e8 sotto la soglia minima per un nuovo Team Leader.<\/p>\n<p style=\"text-align: justify\"><b>Adequate:<\/b> Il candidato completa i propri compiti con successo, ma con margine di miglioramento. Questo \u00e8 il minimo punteggio per superare il test.<\/p>\n<p style=\"text-align: justify\"><b>Very Good:<\/b> Il candidato performa al livello di un nuovo Team Leader, dimostrando controllo e comprensione dell\u2019abilit\u00e0 in questione. Il candidato \u00e8 in grado di guidare un Team senza supervisione.<\/p>\n<p style=\"text-align: justify\"><b>Exceptional:<\/b> Il candidato supera le aspettative e performa al livello di un Team Leader esperto. Il candiato presenta innovazioni, ed \u00e8 un esempio anche per i Team Leader esperti.<\/p>\n<p style=\"text-align: justify\">Ci si aspetta che un candidato consegua almeno \u201cAdequate\u201d in ognuna delle seguenti qualit\u00e0 per superare l\u2019esame ed ottenere la Certificazione da Team Leader. Se il candidato ottiene la valutazione  \u201cUnderdeveloped\u201d in fino a due delle abilit\u00e0 menzionate (secondo valutazione dell\u2019Esaminatore in camicia rossa e\/o del L3 Shadow), pu\u00f2 ancora superare l\u2019esame se compensato da almeno 2 valutazioni \u201cVery Good\u201d o \u201cExceptional\u201d. Un candidato che ottiene \u201cDeficient\u201d in una qualunque  delle qualit\u00e0 ha fallito l\u2019esame, come anche un candidato che ha ottenuto \u201cUnderdeveloped\u201d in uno fra \u201cTask Preparation\u201d e \u201cSuccesso con le mansioni del Team\u201d\n<\/p>\n<p style=\"text-align: justify\">Per una spiegazione pi\u00f9 dettagliata del processo e della definizione dei punteggi per categoria, fate riferimento alla pagina <a href=\"https:\/\/blogs.magicjudges.org\/o\/judge-levels\/certifications\/the-level-2-team-leader-certification\/\">Team Leader Certification<\/a>.<\/p>\n<p style=\"text-align: justify\">Se avete Feedback o domande riguardo al TLC, vi preghiamo di mandare un\u2019 email a <\/span><a href=\"mailto:L3.testing.manager@gmail.com\"><span style=\"font-weight: 400\">L3.testing.manager@gmail.com<\/span><\/a> <span style=\"font-weight: 400\"><\/p>\n<h2><b>Sezione del L3 Shadow<\/b><\/h2>\n<p><span style=\"font-weight: 400\">Si valutino i seguenti aspetti dalla prospettiva di un membro del Team.<\/span><\/p>\n<p><b>Successo con le mansioni del Team<\/b><span style=\"font-weight: 400\">: Deficient \/ Underdeveloped \/ Adequate \/ Very Good \/ Exceptional<\/span><\/p>\n<p><b>Capacit\u00e0 di delega<\/b><span style=\"font-weight: 400\">: Deficient \/ Underdeveloped \/ Adequate \/ Very Good \/ Exceptional<\/span><\/p>\n<p><b>Team Building<\/b><span style=\"font-weight: 400\">: Deficient \/ Underdeveloped \/ Adequate \/ Very Good \/ Exceptional<\/span><\/p>\n<p><b>Mentoring<\/b><span style=\"font-weight: 400\">: Deficient \/ Underdeveloped \/ Adequate \/ Very Good \/ Exceptional<\/span><\/p>\n<p><b>Comunicazione all\u2019interno del Team:<\/b><span style=\"font-weight: 400\"> Deficient \/ Underdeveloped \/ Adequate \/ Very Good \/ Exceptional<\/span><\/p>\n<p><b>Raccomandi al Capo Arbitro di concedere la Certificazione da Team Leader a questo candidato?<\/b><span style=\"font-weight: 400\"> S\u00ec\/No<\/span><\/p>\n<p style=\"text-align: justify\">L\u2019arbitro L3 Shadow dovrebbe comportarsi come un L2 inesperto e passivo, che non ostacola il Team, e che non ne contribuisce attivamente, a meno che non venga richiesto dal candidato.<\/p>\n<p style=\"text-align: justify\">L\u2019arbitro L3 Shadow non dovrebbe consigliare il candidato durante la valutazione, ma \u00e8 incoraggiato a dare feedback e consigli in un secondo momento. Non dovrebbe prendere il controllo del Team, n\u00e9 mostrare troppa iniziativa, guidare le azioni del Team o dare troppi feedback indesiderati durante il giorno, cos\u00ec da poter lasciare al candidato la possibilit\u00e0 di mostrare la sua capacit\u00e0 di leadership e i suoi meriti.<br \/>\n Il L3 Shadow non dovrebbe creare ad hoc situazioni specifiche, ma \u00e8 incoraggiato a coinvolgere il candidato in situazioni particolari o impegnative che capitano durante l\u2019evento. Ad ogni modo, lo incoraggiamo ad essere onesto e sincero con il candidato, qualora chieda feedback durante il processo. Il L3 Shadow deve intervenire e fare ci\u00f2 che \u00e8 necessario per prevenire danni seri al torneo; se ci\u00f2 accade, significa probabilmente che il candidato non ha superato l\u2019esame. Ad esempio, se il L3 Shadow notasse che il piano del Team Leader porterebbe ai pairings appesi in modo sub-ottimale, non dovrebbe intervenire ma osservare come il TL sistemi la situazione. Se il L3 Shadow notasse che il piano del TL porterebbe a non avere nessuno assegnato ad appendere i pairings quando il Team \u00e8 in pausa, dovrebbe intervenire.<\/p>\n<h2><b>Sezione dell&#8217; Esaminatore in camicia rossa<\/b><\/h2>\n<p><span style=\"font-weight: 400\">Si valutino i seguenti aspetti dalla prospettiva di Capo Arbitro.<\/span><\/p>\n<p><b>Preparazione dei compiti <\/b><span style=\"font-weight: 400\">: Deficient \/ Underdeveloped \/ Adequate \/ Very Good \/ Exceptional<\/span><\/p>\n<p><b>Successo con le mansioni del Team<\/b><span style=\"font-weight: 400\">: Deficient \/ Underdeveloped \/ Adequate \/ Very Good \/ Exceptional<\/span><\/p>\n<p><b>Visione d\u2019insieme dell\u2019evento e feedback<\/b><span style=\"font-weight: 400\">: Deficient \/ Underdeveloped \/ Adequate \/ Very Good \/ Exceptional<\/span><\/p>\n<p><b>Comunicazione fra i vari Team e con gli Head Judge<\/b><span style=\"font-weight: 400\">: Deficient \/ Underdeveloped \/ Adequate \/ Very Good \/ Exceptional<\/span><\/p>\n<h2><b>Informazioni Generali<\/b><\/h2>\n<p><span style=\"font-weight: 400\">Nome del candidato:<\/span><\/p>\n<p><span style=\"font-weight: 400\">Team guidato dal candidato:<\/span><\/p>\n<p><span style=\"font-weight: 400\">Nome dell\u2019 Esaminatore in camicia rossa:<\/span><\/p>\n<p><span style=\"font-weight: 400\">Nome del L3 Shadow:<\/span><\/p>\n<p><span style=\"font-weight: 400\">L3 che verifica i requisiti pre-esame del candidato e lo raccomanda:<\/span><\/p>\n<p><span style=\"font-weight: 400\">Tipo, nome e data dell\u2019evento:<\/span><\/p>\n<p><span style=\"font-weight: 400\">Il candidato ha ricevuto la Certificazione da Team Leader? S\u00ec\/No<\/span><\/p>\n<p style=\"text-align: justify\">\n<b><\/b><\/p>\n","protected":false},"excerpt":{"rendered":"<p>Ogni senzione di questo modulo va completata dall\u2019arbitro Esaminatore in camicia rossa e dal L3 Shadow, a seconda di ci\u00f2 che gli compete, e successivamente inserita su Judge Apps dall\u2019 Esaminatore in camicia rossa, in un campo chiamato \u201cTLC Template\u201d. L\u2019arbitro Esaminatore in camicia rossa e il L3 Shadow sono incoraggiati a fornire una revisione [&hellip;]<\/p>\n","protected":false},"author":335,"featured_media":0,"parent":0,"menu_order":0,"comment_status":"closed","ping_status":"closed","template":"","meta":{"footnotes":"","_links_to":"","_links_to_target":""},"language":[14],"class_list":["post-4062","page","type-page","status-publish","hentry","language-it"],"_links":{"self":[{"href":"https:\/\/blogs.magicjudges.org\/o\/wp-json\/wp\/v2\/pages\/4062","targetHints":{"allow":["GET"]}}],"collection":[{"href":"https:\/\/blogs.magicjudges.org\/o\/wp-json\/wp\/v2\/pages"}],"about":[{"href":"https:\/\/blogs.magicjudges.org\/o\/wp-json\/wp\/v2\/types\/page"}],"author":[{"embeddable":true,"href":"https:\/\/blogs.magicjudges.org\/o\/wp-json\/wp\/v2\/users\/335"}],"replies":[{"embeddable":true,"href":"https:\/\/blogs.magicjudges.org\/o\/wp-json\/wp\/v2\/comments?post=4062"}],"version-history":[{"count":6,"href":"https:\/\/blogs.magicjudges.org\/o\/wp-json\/wp\/v2\/pages\/4062\/revisions"}],"predecessor-version":[{"id":4432,"href":"https:\/\/blogs.magicjudges.org\/o\/wp-json\/wp\/v2\/pages\/4062\/revisions\/4432"}],"wp:attachment":[{"href":"https:\/\/blogs.magicjudges.org\/o\/wp-json\/wp\/v2\/media?parent=4062"}],"wp:term":[{"taxonomy":"language","embeddable":true,"href":"https:\/\/blogs.magicjudges.org\/o\/wp-json\/wp\/v2\/language?post=4062"}],"curies":[{"name":"wp","href":"https:\/\/api.w.org\/{rel}","templated":true}]}}