{"id":4561,"date":"2018-03-25T11:38:45","date_gmt":"2018-03-25T11:38:45","guid":{"rendered":"http:\/\/blogs.magicjudges.org\/o\/?page_id=4561"},"modified":"2018-03-25T11:42:13","modified_gmt":"2018-03-25T11:42:13","slug":"level-1-level-2-it","status":"publish","type":"page","link":"https:\/\/blogs.magicjudges.org\/o\/level-1-level-2-it\/","title":{"rendered":"Livello 1 &amp; Livello 2"},"content":{"rendered":"<div class=\"wp-caption alignleft judgeimg\"><a href=\"https:\/\/apps.magicjudges.org\/judges\/dci\/70274285\"><img src=https:\/\/apps.magicjudges.org\/dci\/avatar?dci=70274285&size=200 alt=\"Alfonso Bueno\nSpagna\"><\/a><p class=\"wp-caption-text\">Alfonso Bueno<br \/>\nSpagna<\/p><\/div>\n<p style=\"text-align: justify\"><span class='judge-tooltip'><a href='https:\/\/apps.magicjudges.org\/judges\/dci\/70274285' >Alfonso Bueno<\/a><span class='avatar'><img width='200' height='200' src='https:\/\/apps.magicjudges.org\/dci\/avatar?dci=70274285&size=200'><\/span><\/span>\u00a0<span style=\"font-weight: 400\">\u00e8 il leader della Sfera L1&amp;L2; \u00e8 sua responsabilit\u00e0 coordinare il lavoro dei capi progetto e assicurarsi che ci sia coesione tra i livelli, le certificazioni, le procedure d\u2019esame e i requisiti per il mantenimento dei livelli stessi.<\/span><\/p>\n<p><span style=\"font-weight: 400\">Nel corso del 2016 il Judge Program \u00e8 cambiato molto, gli L4 e gli L5 hanno cessato di esistere e ogni livello nella struttura del programma \u00e8 stato influenzato con differenti intensit\u00e0. Il team di questa Sfera si prende cura di operare i cambiamenti e gli aggiornamenti appropriati, cos\u00ec che i livelli arbitrali si adattino ciascuno alla propria definizione.<\/span><\/p>\n<p><span style=\"font-weight: 400\">Ci\u00f2 nonostante il Judge Program \u00e8 in continua evoluzione, il Gioco Organizzato cambia, la comunit\u00e0 cresce e noi puntiamo sempre a migliorarci. Questo rende \u00a0necessario un gruppo permanente di Judge che dia un contributo continuativo in questa sfera<\/span><\/p>\n<h2 style=\"text-align: justify\">Progetti<\/h2>\n<p>[cets_callout_box style=&#8217;gray&#8217; align=&#8217;full&#8217; title=&#8217;<b>Filosofia dei Livelli 1 e 2, Definizione e Realizzazione<\/b>&#8216;]<span style=\"font-weight: 400\">L\u2019obiettivo di questo progetto \u00e8 dar vita a una filosofia armonizzata per i Livelli 1 e 2, nonch\u00e9 stabilire i requisiti per ottenerli e mantenerli. Questo gruppo ha anche la responsabilit\u00e0 di assicurarsi che tutti i diversi aspetti del Judge Program siano coerenti con le definizioni di questi livelli.<\/span><br \/>\n<strong>Project lead\u00a0<\/strong>| <span class='judge-tooltip'><a href='https:\/\/apps.magicjudges.org\/judges\/dci\/70274285' >Alfonso Bueno<\/a><span class='avatar'><img width='200' height='200' src='https:\/\/apps.magicjudges.org\/dci\/avatar?dci=70274285&size=200'><\/span><\/span><br \/>\n<strong>Contact point with Regional Coordinators<\/strong> | <span class='judge-tooltip'><a href='https:\/\/apps.magicjudges.org\/judges\/dci\/1204257097' >Sebastian P\u0119kala<\/a><span class='avatar'><img width='200' height='200' src='https:\/\/apps.magicjudges.org\/dci\/avatar?dci=1204257097&size=200'><\/span><\/span><br \/>\n<strong>Contact point with the Level 3 Testing Sphere<\/strong> | <span class='judge-tooltip'><a href='https:\/\/apps.magicjudges.org\/judges\/dci\/29870351' >Daniel Kitachewsky<\/a><span class='avatar'><img width='200' height='200' src='https:\/\/apps.magicjudges.org\/dci\/avatar?dci=29870351&size=200'><\/span><\/span><br \/>\n<strong>Team members<\/strong> | <span class='judge-tooltip'><a href='https:\/\/apps.magicjudges.org\/judges\/dci\/1201757752' >Bryan Prillaman<\/a><span class='avatar'><img width='200' height='200' src='https:\/\/apps.magicjudges.org\/dci\/avatar?dci=1201757752&size=200'><\/span><\/span>, <span class='judge-tooltip'><a href='https:\/\/apps.magicjudges.org\/judges\/dci\/1204146583' >Dustin De Leeuw<\/a><span class='avatar'><img width='200' height='200' src='https:\/\/apps.magicjudges.org\/dci\/avatar?dci=1204146583&size=200'><\/span><\/span>, <span class='judge-tooltip'><a href='https:\/\/apps.magicjudges.org\/judges\/dci\/29614562' >Edwin Zhang<\/a><span class='avatar'><img width='200' height='200' src='https:\/\/apps.magicjudges.org\/dci\/avatar?dci=29614562&size=200'><\/span><\/span>, <span class='judge-tooltip'><a href='https:\/\/apps.magicjudges.org\/judges\/dci\/25153831' >Fabian Peck<\/a><span class='avatar'><img width='200' height='200' src='https:\/\/apps.magicjudges.org\/dci\/avatar?dci=25153831&size=200'><\/span><\/span>, <span class='judge-tooltip'><a href='https:\/\/apps.magicjudges.org\/judges\/dci\/1200447331' >Julio Sosa<\/a><span class='avatar'><img width='200' height='200' src='https:\/\/apps.magicjudges.org\/dci\/avatar?dci=1200447331&size=200'><\/span><\/span>, <span class='judge-tooltip'><a href='https:\/\/apps.magicjudges.org\/judges\/dci\/1200175953' >Sean Catanese<\/a><span class='avatar'><img width='200' height='200' src='https:\/\/apps.magicjudges.org\/dci\/avatar?dci=1200175953&size=200'><\/span><\/span>, <span class='judge-tooltip'><a href='https:\/\/apps.magicjudges.org\/judges\/dci\/2208242225' >Steven Briggs<\/a><span class='avatar'><img width='200' height='200' src='https:\/\/apps.magicjudges.org\/dci\/avatar?dci=2208242225&size=200'><\/span><\/span>, <span class='judge-tooltip'><a href='https:\/\/apps.magicjudges.org\/judges\/dci\/48926875' >Yoshitoki Sakai<\/a><span class='avatar'><img width='200' height='200' src='https:\/\/apps.magicjudges.org\/dci\/avatar?dci=48926875&size=200'><\/span><\/span>[\/cets_callout_box][cets_callout_box style=&#8217;gray&#8217; align=&#8217;full&#8217; title=&#8217;Raggio d&#8217;Azione&#8217;]<span style=\"font-weight: 400\">Questo progetto ha lo scopo di creare e mantenere un canale di comunicazione fra chi prende le decisioni all\u2019interno della Sfera e gli L1 o L2 condizionati dalle stesse. Abbiamo fatto un sondaggio fra gli L2, chiedendo loro se avessero domande o suggerimenti. Potete trovare <\/span><strong><a href=\"http:\/\/blogs.magicjudges.org\/articles\/2016\/12\/15\/level-2-frequently-asked-questions\/\">qui<\/a><\/strong>, <span style=\"font-weight: 400\">le risposte alle domande del sondaggio, mentre stiamo ancora lavorando sui consigli che abbiamo ricevuto. Se avete dubbi riguardo al Livello 2 in s\u00e9 o al processo per ottenerlo, o se vi vengono in mente altri suggerimenti, contattate pure<\/span> <span class='judge-tooltip'><a href='https:\/\/apps.magicjudges.org\/judges\/dci\/1200447331' >Julio Sosa<\/a><span class='avatar'><img width='200' height='200' src='https:\/\/apps.magicjudges.org\/dci\/avatar?dci=1200447331&size=200'><\/span><\/span> e\/o <span class='judge-tooltip'><a href='https:\/\/apps.magicjudges.org\/judges\/dci\/70274285' >Alfonso Bueno<\/a><span class='avatar'><img width='200' height='200' src='https:\/\/apps.magicjudges.org\/dci\/avatar?dci=70274285&size=200'><\/span><\/span>.<br \/>\n<strong>Project lead\u00a0<\/strong>| <span class='judge-tooltip'><a href='https:\/\/apps.magicjudges.org\/judges\/dci\/1200447331' >Julio Sosa<\/a><span class='avatar'><img width='200' height='200' src='https:\/\/apps.magicjudges.org\/dci\/avatar?dci=1200447331&size=200'><\/span><\/span><br \/>\n<strong>Team members<\/strong> | <span class='judge-tooltip'><a href='https:\/\/apps.magicjudges.org\/judges\/dci\/70274285' >Alfonso Bueno<\/a><span class='avatar'><img width='200' height='200' src='https:\/\/apps.magicjudges.org\/dci\/avatar?dci=70274285&size=200'><\/span><\/span>[\/cets_callout_box][cets_callout_box style=&#8217;gray&#8217; align=&#8217;full&#8217; title=&#8217;Team Leader Certification&#8217;]<span style=\"font-weight: 400\">Con questo progetto \u00e8 stata creata la<\/span> <a href=\"http:\/\/blogs.magicjudges.org\/o\/judge-levels\/certifications\/the-level-2-team-leader-certification\/\">Level 2 Team Leader Certification<\/a>,\u00a0<span style=\"font-weight: 400\">grazie anche ai <\/span><i><span style=\"font-weight: 400\">feedback<\/span><\/i><span style=\"font-weight: 400\"> dei<\/span> <a href=\"http:\/\/blogs.magicjudges.org\/o\/advanced-roles\/grand-prix-head-judges\/\">Grand Prix Head Judge<\/a>. <span style=\"font-weight: 400\">La finalit\u00e0 del gruppo \u00e8 quella di mantenere aggiornata questa certificazione, assicurarsi che chi l\u2019abbia ottenuta sia riconosciuto come tale su JudgeApps e far rispettare i requisiti per il mantenimento della stessa.<\/span><br \/>\n<strong>Project lead\u00a0<\/strong>| <span class='judge-tooltip'><a href='https:\/\/apps.magicjudges.org\/judges\/dci\/1204146583' >Dustin De Leeuw<\/a><span class='avatar'><img width='200' height='200' src='https:\/\/apps.magicjudges.org\/dci\/avatar?dci=1204146583&size=200'><\/span><\/span><br \/>\n<strong>Team members<\/strong> | <span class='judge-tooltip'><a href='https:\/\/apps.magicjudges.org\/judges\/dci\/70274285' >Alfonso Bueno<\/a><span class='avatar'><img width='200' height='200' src='https:\/\/apps.magicjudges.org\/dci\/avatar?dci=70274285&size=200'><\/span><\/span>, <span class='judge-tooltip'><a href='https:\/\/apps.magicjudges.org\/judges\/dci\/99515486' >Carlos Rada<\/a><span class='avatar'><img width='200' height='200' src='https:\/\/apps.magicjudges.org\/dci\/avatar?dci=99515486&size=200'><\/span><\/span>, <span class='judge-tooltip'><a href='https:\/\/apps.magicjudges.org\/judges\/dci\/29870351' >Daniel Kitachewsky<\/a><span class='avatar'><img width='200' height='200' src='https:\/\/apps.magicjudges.org\/dci\/avatar?dci=29870351&size=200'><\/span><\/span>, <span class='judge-tooltip'><a href='https:\/\/apps.magicjudges.org\/judges\/dci\/82733019' >Hans Wang<\/a><span class='avatar'><img width='200' height='200' src='https:\/\/apps.magicjudges.org\/dci\/avatar?dci=82733019&size=200'><\/span><\/span>[\/cets_callout_box][cets_callout_box style=&#8217;gray&#8217; align=&#8217;full&#8217; title=&#8217;<b>Certificazione da L2 Tester<\/b>&#8216;]<span style=\"font-weight: 400\">Con questo progetto \u00e8 stata creata la<\/span> <a href=\"http:\/\/blogs.magicjudges.org\/o\/judge-levels\/certifications\/the-level-2-tester-certification\/\">Certificazione da L2 Tester<\/a>,\u00a0<span style=\"font-weight: 400\">grazie anche al contributo dei<\/span> <a href=\"http:\/\/blogs.magicjudges.org\/o\/advanced-roles\/regional-coordinators\/\">Coordinatori Regionali<\/a>. <span style=\"font-weight: 400\">La finalit\u00e0 del gruppo \u00e8 di mantenere aggiornata questa certificazione, assicurarsi che chi l\u2019abbia ottenuta sia riconosciuto come tale su JudgeApps e far rispettare i requisiti per il mantenimento della stessa.<\/span><br \/>\n<strong>Project lead\u00a0<\/strong>| <span class='judge-tooltip'><a href='https:\/\/apps.magicjudges.org\/judges\/dci\/25153831' >Fabian Peck<\/a><span class='avatar'><img width='200' height='200' src='https:\/\/apps.magicjudges.org\/dci\/avatar?dci=25153831&size=200'><\/span><\/span><br \/>\n<strong>Team members<\/strong> | <span class='judge-tooltip'><a href='https:\/\/apps.magicjudges.org\/judges\/dci\/4210150014' >Adena Chernosky<\/a><span class='avatar'><img width='200' height='200' src='https:\/\/apps.magicjudges.org\/dci\/avatar?dci=4210150014&size=200'><\/span><\/span>, <span class='judge-tooltip'><a href='https:\/\/apps.magicjudges.org\/judges\/dci\/70274285' >Alfonso Bueno<\/a><span class='avatar'><img width='200' height='200' src='https:\/\/apps.magicjudges.org\/dci\/avatar?dci=70274285&size=200'><\/span><\/span>, <span class='judge-tooltip'><a href='https:\/\/apps.magicjudges.org\/judges\/dci\/99515486' >Carlos Rada<\/a><span class='avatar'><img width='200' height='200' src='https:\/\/apps.magicjudges.org\/dci\/avatar?dci=99515486&size=200'><\/span><\/span>, <span class='judge-tooltip'><a href='https:\/\/apps.magicjudges.org\/judges\/dci\/7207236749' >John Temple<\/a><span class='avatar'><img width='200' height='200' src='https:\/\/apps.magicjudges.org\/dci\/avatar?dci=7207236749&size=200'><\/span><\/span>, <span class='judge-tooltip'><a href='https:\/\/apps.magicjudges.org\/judges\/dci\/80140708' >Kevin Binswanger<\/a><span class='avatar'><img width='200' height='200' src='https:\/\/apps.magicjudges.org\/dci\/avatar?dci=80140708&size=200'><\/span><\/span>[\/cets_callout_box][cets_callout_box style=&#8217;gray&#8217; align=&#8217;full&#8217; title=&#8217;Judge Tournament Qualifier&#8217;]<span style=\"font-weight: 400\">Questo progetto sta sviluppando<\/span> <a href=\"https:\/\/blogs.magicjudges.org\/conferences\/2017\/06\/26\/announcing-judge-tournament-qualifiers-jtqs\/\">uno speciale evento a scopo educativo<\/a> <span style=\"font-weight: 400\">(qualcosa di simile a una conferenza arbitrale) che sostituisca uno dei requisiti per accedere all\u2019esame da L2, ossia \u201cRicevere una review di raccomandazione da un L2 o L3 col quale si \u00e8 lavorato in un torneo Competitivo negli ultimi dodici mesi\u201d. Questa pu\u00f2 essere una soluzione nei casi straordinari in cui il candidato L2 abbia difficolt\u00e0 ad ottenerla, come per chi proviene da una zona isolata.<\/span><\/p>\n<p><strong>Project lead\u00a0<\/strong>| <span class='judge-tooltip'><a href='https:\/\/apps.magicjudges.org\/judges\/dci\/29614562' >Edwin Zhang<\/a><span class='avatar'><img width='200' height='200' src='https:\/\/apps.magicjudges.org\/dci\/avatar?dci=29614562&size=200'><\/span><\/span><br \/>\n<strong>Team members<\/strong> | <span class='judge-tooltip'><a href='https:\/\/apps.magicjudges.org\/judges\/dci\/70274285' >Alfonso Bueno<\/a><span class='avatar'><img width='200' height='200' src='https:\/\/apps.magicjudges.org\/dci\/avatar?dci=70274285&size=200'><\/span><\/span>, <span class='judge-tooltip'><a href='https:\/\/apps.magicjudges.org\/judges\/dci\/91426501' >Dami\u00e1n Hiller<\/a><span class='avatar'><img width='200' height='200' src='https:\/\/apps.magicjudges.org\/dci\/avatar?dci=91426501&size=200'><\/span><\/span>, <span class='judge-tooltip'><a href='https:\/\/apps.magicjudges.org\/judges\/dci\/8102879048' >David Poon<\/a><span class='avatar'><img width='200' height='200' src='https:\/\/apps.magicjudges.org\/dci\/avatar?dci=8102879048&size=200'><\/span><\/span>, <span class='judge-tooltip'><a href='https:\/\/apps.magicjudges.org\/judges\/dci\/79140771' >Ivan Petkovic<\/a><span class='avatar'><img width='200' height='200' src='https:\/\/apps.magicjudges.org\/dci\/avatar?dci=79140771&size=200'><\/span><\/span>, <span class='judge-tooltip'><a href='https:\/\/apps.magicjudges.org\/judges\/dci\/7207236749' >John Temple<\/a><span class='avatar'><img width='200' height='200' src='https:\/\/apps.magicjudges.org\/dci\/avatar?dci=7207236749&size=200'><\/span><\/span>, <span class='judge-tooltip'><a href='https:\/\/apps.magicjudges.org\/judges\/dci\/1200447331' >Julio Sosa<\/a><span class='avatar'><img width='200' height='200' src='https:\/\/apps.magicjudges.org\/dci\/avatar?dci=1200447331&size=200'><\/span><\/span>, <span class='judge-tooltip'><a href='https:\/\/apps.magicjudges.org\/judges\/dci\/5213674561' >Matthew Johnson<\/a><span class='avatar'><img width='200' height='200' src='https:\/\/apps.magicjudges.org\/dci\/avatar?dci=5213674561&size=200'><\/span><\/span>, <span class='judge-tooltip'><a href='https:\/\/apps.magicjudges.org\/judges\/dci\/88995985' >Niko Skartvedt<\/a><span class='avatar'><img width='200' height='200' src='https:\/\/apps.magicjudges.org\/dci\/avatar?dci=88995985&size=200'><\/span><\/span>, <span class='judge-tooltip'><a href='https:\/\/apps.magicjudges.org\/judges\/dci\/7048108564' >Ralph Gl\u00e4tsch<\/a><span class='avatar'><img width='200' height='200' src='https:\/\/apps.magicjudges.org\/dci\/avatar?dci=7048108564&size=200'><\/span><\/span>, <span class='judge-tooltip'><a href='https:\/\/apps.magicjudges.org\/judges\/dci\/725295' >Scott Marshall<\/a><span class='avatar'><img width='200' height='200' src='https:\/\/apps.magicjudges.org\/dci\/avatar?dci=725295&size=200'><\/span><\/span>, <span class='judge-tooltip'><a href='https:\/\/apps.magicjudges.org\/judges\/dci\/1204199802' >Stefan Ladst\u00e4tter<\/a><span class='avatar'><img width='200' height='200' src='https:\/\/apps.magicjudges.org\/dci\/avatar?dci=1204199802&size=200'><\/span><\/span>[\/cets_callout_box]<\/p>\n<h2 style=\"text-align: justify\">Link e articoli rilevanti<\/h2>\n<ul>\n<li style=\"text-align: justify\"><a href=\"http:\/\/blogs.magicjudges.org\/o\/judge-levels\/#level-1\">Level 1 definition<\/a><\/li>\n<li style=\"text-align: justify\"><a href=\"http:\/\/blogs.magicjudges.org\/o\/judge-levels\/#level-2\">Level 2\u00a0definition<\/a><\/li>\n<li style=\"text-align: justify\"><a href=\"http:\/\/blogs.magicjudges.org\/o\/judge-levels\/certifications\/the-level-2-team-leader-certification\/\">Level 2 Team Leader Certification<\/a><\/li>\n<li style=\"text-align: justify\"><a href=\"http:\/\/blogs.magicjudges.org\/o\/judge-levels\/certifications\/the-level-2-tester-certification\/\">Level 2 Tester Certification<\/a><\/li>\n<li style=\"text-align: justify\"><a href=\"http:\/\/blogs.magicjudges.org\/articles\/2016\/12\/15\/level-2-frequently-asked-questions\/\">Level 2 FAQs article<\/a>, by <span class='judge-tooltip'><a href='https:\/\/apps.magicjudges.org\/judges\/dci\/1200447331' >Julio Sosa<\/a><span class='avatar'><img width='200' height='200' src='https:\/\/apps.magicjudges.org\/dci\/avatar?dci=1200447331&size=200'><\/span><\/span> and <span class='judge-tooltip'><a href='https:\/\/apps.magicjudges.org\/judges\/dci\/70274285' >Alfonso Bueno<\/a><span class='avatar'><img width='200' height='200' src='https:\/\/apps.magicjudges.org\/dci\/avatar?dci=70274285&size=200'><\/span><\/span><\/li>\n<\/ul>\n<p><em>Traduzione a cura di <span class='judge-tooltip'><a href='https:\/\/apps.magicjudges.org\/judges\/dci\/3207256360' >Luca Cafaggi<\/a><span class='avatar'><img width='200' height='200' src='https:\/\/apps.magicjudges.org\/dci\/avatar?dci=3207256360&size=200'><\/span><\/span> e <span class='judge-tooltip'><a href='https:\/\/apps.magicjudges.org\/judges\/dci\/5081051539' >Fabio Pierucci<\/a><span class='avatar'><img width='200' height='200' src='https:\/\/apps.magicjudges.org\/dci\/avatar?dci=5081051539&size=200'><\/span><\/span><\/em><\/p>\n","protected":false},"excerpt":{"rendered":"<p>\u00a0\u00e8 il leader della Sfera L1&amp;L2; \u00e8 sua responsabilit\u00e0 coordinare il lavoro dei capi progetto e assicurarsi che ci sia coesione tra i livelli, le certificazioni, le procedure d\u2019esame e i requisiti per il mantenimento dei livelli stessi. Nel corso del 2016 il Judge Program \u00e8 cambiato molto, gli L4 e gli L5 hanno cessato [&hellip;]<\/p>\n","protected":false},"author":335,"featured_media":0,"parent":0,"menu_order":0,"comment_status":"closed","ping_status":"closed","template":"","meta":{"footnotes":"","_links_to":"","_links_to_target":""},"language":[14],"class_list":["post-4561","page","type-page","status-publish","hentry","language-it"],"_links":{"self":[{"href":"https:\/\/blogs.magicjudges.org\/o\/wp-json\/wp\/v2\/pages\/4561","targetHints":{"allow":["GET"]}}],"collection":[{"href":"https:\/\/blogs.magicjudges.org\/o\/wp-json\/wp\/v2\/pages"}],"about":[{"href":"https:\/\/blogs.magicjudges.org\/o\/wp-json\/wp\/v2\/types\/page"}],"author":[{"embeddable":true,"href":"https:\/\/blogs.magicjudges.org\/o\/wp-json\/wp\/v2\/users\/335"}],"replies":[{"embeddable":true,"href":"https:\/\/blogs.magicjudges.org\/o\/wp-json\/wp\/v2\/comments?post=4561"}],"version-history":[{"count":5,"href":"https:\/\/blogs.magicjudges.org\/o\/wp-json\/wp\/v2\/pages\/4561\/revisions"}],"predecessor-version":[{"id":4566,"href":"https:\/\/blogs.magicjudges.org\/o\/wp-json\/wp\/v2\/pages\/4561\/revisions\/4566"}],"wp:attachment":[{"href":"https:\/\/blogs.magicjudges.org\/o\/wp-json\/wp\/v2\/media?parent=4561"}],"wp:term":[{"taxonomy":"language","embeddable":true,"href":"https:\/\/blogs.magicjudges.org\/o\/wp-json\/wp\/v2\/language?post=4561"}],"curies":[{"name":"wp","href":"https:\/\/api.w.org\/{rel}","templated":true}]}}