{"id":4282,"date":"2016-06-09T18:04:14","date_gmt":"2016-06-09T15:04:14","guid":{"rendered":"http:\/\/blogs.magicjudges.org\/rules\/?page_id=4282"},"modified":"2018-11-03T20:41:38","modified_gmt":"2018-11-03T17:41:38","slug":"ipg2-es","status":"publish","type":"page","link":"https:\/\/blogs.magicjudges.org\/rules\/ipg2-es\/","title":{"rendered":"IPG 2. Errores de Juego"},"content":{"rendered":"<table class=\"table table-hover table-condensed\" style=\"width: 100%\">\n<tbody>\n<tr>\n<td style=\"width: 50%;text-align: left\">2.1. <a href=\"http:\/\/blogs.magicjudges.org\/rules\/ipg2-1-es\/\">Error de Juego \u2014 Disparo olvidado<\/a><\/td>\n<td style=\"width: 50%;text-align: left\">2.4. <a href=\"http:\/\/blogs.magicjudges.org\/rules\/ipg2-4-es\/\">Error de Juego \u2014 Error de Procedimiento de Mulligan<\/a><\/td>\n<\/tr>\n<tr>\n<td style=\"width: 50%;text-align: left\">2.2. <a href=\"http:\/\/blogs.magicjudges.org\/rules\/ipg2-2-es\/\">Error de Juego \u2014 Mirar Cartas Adicionales<\/a><\/td>\n<td style=\"width: 50%;text-align: left\">2.5. <a href=\"http:\/\/blogs.magicjudges.org\/rules\/ipg2-5-es\/\">Error de Juego \u2014 Violaci\u00f3n de Regla de Juego<\/a><\/td>\n<\/tr>\n<tr>\n<td style=\"width: 50%;text-align: left\">2.3. <a href=\"http:\/\/blogs.magicjudges.org\/rules\/ipg2-3-es\/\">Error de Juego \u2014 Error de Carta Oculta<\/a><\/td>\n<td style=\"width: 50%;text-align: left\">2.6. <a href=\"http:\/\/blogs.magicjudges.org\/rules\/ipg2-6-es\/\">Error de Juego \u2014 No Mantener el Estado de Juego<\/a><\/td>\n<\/tr>\n<tr>\n<td style=\"width: 50%;text-align: left\"><\/td>\n<td style=\"width: 50%;text-align: left\"><\/td>\n<\/tr>\n<\/tbody>\n<\/table>\n<p><span style=\"font-weight: 400\">Los Errores de juego son ocasionados por un juego incorrecto o inadecuado de tal modo que resulta en una violaci\u00f3n de las<\/span><a href=\"http:\/\/blogs.magicjudges.org\/rules\/cr\/\"> <span style=\"font-weight: 400\">Reglas Completas de Magic<\/span><\/a><span style=\"font-weight: 400\">.<\/span><\/p>\n<p><span style=\"font-weight: 400\"><div class=\"alert alert-info\" role=\"alert\"> <\/span><i><span style=\"font-weight: 400\">Es la primera de las tres grandes categor\u00edas de infracciones. Cubre la violaci\u00f3n no intencionada de las Reglas Completas \u2013 errores en el juego en s\u00ed mismo\u2013 y no violaciones de la pol\u00edtica de torneo o alg\u00fan otro comportamiento negativo.<\/span><\/i><\/p>\n<p><i><span style=\"font-weight: 400\">Estos errores son cometidos por al menos un jugador durante una partida por una violaci\u00f3n no intencionada de las Reglas Completas. Los Errores de Juego (EJ) pueden ocurrir por distintas razones. Los jugadores se cansan, se distraen, juegan demasiado r\u00e1pido, o desconocen las cartas o las reglas que se aplican a una situaci\u00f3n compleja adecuadamente. Estas situaciones no son excepcionales, por lo cual EJ es la categor\u00eda m\u00e1s com\u00fan para los errores.<\/span><\/i><span style=\"font-weight: 400\"><\/div><\/span><\/p>\n<p><span style=\"font-weight: 400\">Muchas ofensas entran en esta categor\u00eda y ser\u00eda imposible enumerarlas todas.<\/span><\/p>\n<p><span style=\"font-weight: 400\"><div class=\"alert alert-info\" role=\"alert\"> <\/span><i><span style=\"font-weight: 400\">Dada la complejidad del juego, es imposible hacer una lista de todos los tipos de errores que pueden ocurrir, as\u00ed que, como jueces, no lo intentamos. Queremos que este documento sea comprensible y posible de aprender. Si enumeramos todo y detallamos todos los casos especiales, este documento ser\u00eda de cientos de largas e inutilizables p\u00e1ginas. En vez de eso, hemos dividido estos errores en categor\u00edas generales, conocidos como los 5 EJ definidos por las IPG.<\/span><\/i><span style=\"font-weight: 400\"><\/div><\/span><\/p>\n<p><span style=\"font-weight: 400\">La gu\u00eda a continuaci\u00f3n est\u00e1 designada para dar a los jueces un marco de trabajo para saber c\u00f3mo manejar un Error de juego.<\/span><\/p>\n<p><span style=\"font-weight: 400\"><div class=\"alert alert-info\" role=\"alert\"> <\/span><i><span style=\"font-weight: 400\">Dado que puede ser dif\u00edcil, a primera vista, percatarse a qu\u00e9 categor\u00eda pertenece cierta infracci\u00f3n en particular, leer cuidadosamente la infracci\u00f3n completa \u2013 la definici\u00f3n, la filosof\u00eda y el remedio \u2013 puede ayudarnos a determinar esto.<\/span><\/i><span style=\"font-weight: 400\"><\/div><\/span><\/p>\n<p><span style=\"font-weight: 400\">Se asume que la mayor\u00eda de las infracciones por Errores de juego fueron cometidas sin intenci\u00f3n.<\/span><\/p>\n<p><span style=\"font-weight: 400\"><div class=\"alert alert-info\" role=\"alert\"> <\/span><i><span style=\"font-weight: 400\">Los errores cometidos intencionalmente, por supuesto, pueden caer en una categor\u00eda distinta: <\/span><\/i><a href=\"http:\/\/blogs.magicjudges.org\/rules\/ipg4-8-es\/\"><i><span style=\"font-weight: 400\">Conducta Antideportiva \u2013 Hacer Trampa<\/span><\/i><\/a><i><span style=\"font-weight: 400\">. Sin embargo, es importante darse cuenta de que no todos los errores de juego son hacer trampa. De hecho, muy pocos lo son.<\/span><\/i><\/p>\n<p><i><span style=\"font-weight: 400\">Nos gusta asumir que los jugadores son agradables, y, cuando caminamos a una mesa, no vamos acusando a la gente de tramposa. Esto puede cambiar una vez que hagamos algunas preguntas, pero, cuando comenzamos, nuestra suposici\u00f3n inicial es que estamos tratando con un error honesto.<\/span><\/i><span style=\"font-weight: 400\"><\/div><\/span><\/p>\n<p><span style=\"font-weight: 400\">Si el juez cree que el error fue intencional, deber\u00eda considerar primero si ocurri\u00f3 una infracci\u00f3n de<\/span><a href=\"http:\/\/blogs.magicjudges.org\/rules\/ipg4-8-es\/\"> <span style=\"font-weight: 400\">Conducta antideportiva \u2014 Hacer trampa<\/span><\/a><span style=\"font-weight: 400\">.<\/span><\/p>\n<p><span style=\"font-weight: 400\"><div class=\"alert alert-info\" role=\"alert\"> <\/span><i><span style=\"font-weight: 400\">Este es el otro lado de la moneda; aunque la tarea del juez es siempre ayudar a los jugadores, nunca debemos olvidar que ellos pueden mentir o hacer trampa para obtener una ventaja. La experiencia y el consejo de jueces m\u00e1s experimentados pueden ayudar a manejar la situaci\u00f3n correctamente y saber si un jugador era consciente de estar cometiendo una ofensa o no.<\/span><\/i><span style=\"font-weight: 400\"><\/div><\/span><\/p>\n<p>&nbsp;<\/p>\n<p><span style=\"font-weight: 400\">A excepci\u00f3n de <a href=\"http:\/\/blogs.magicjudges.org\/rules\/ipg2-6-es\/\"> No mantener el estado de juego<\/a>, que nunca es aumentada, la tercera o subsiguiente penalizaci\u00f3n por ofensas de Error de juego en la misma categor\u00eda es aumentada a una P\u00e9rdida de juego. Para torneos de varios d\u00edas, el aumento de penalizaci\u00f3n por reiteraci\u00f3n para estas infracciones se reinicia cada d\u00eda.<\/span><\/p>\n<p><span style=\"font-weight: 400\"><div class=\"alert alert-info\" role=\"alert\"> <\/span><i><span style=\"font-weight: 400\">Queremos que los jugadores aprendan algo de sus errores y se preocupen de no cometerlos nuevamente en el futuro. Si un jugador comete errores repetidamente, la Advertencia no est\u00e1 haciendo su trabajo de reforzar la lecci\u00f3n y, por lo tanto, debemos aumentar la severidad de la penalizaci\u00f3n a una P\u00e9rdida de Juego. Cuando le asignes un Error de Juego a un jugador, aseg\u00farate de preguntarle si ha recibido esa infracci\u00f3n antes. Los torneos de m\u00faltiples d\u00edas reinician las infracciones luego de cada corte, porque se determin\u00f3 que era injusto que el l\u00edmite se mantuviera en tres sin importar el n\u00famero de rondas de un evento \u2013 es mucho m\u00e1s f\u00e1cil acumular tres Errores de Juego en quince rondas de un Grand Prix que en cinco rondas de un pPTQ. Finalmente, se\u00f1alar que esta es la tercera o subsiguiente penalizaci\u00f3n, no Advertencia. Si un jugador ha recibido 2 Violaciones de Reglas de Juego que han sido aumentadas a P\u00e9rdida de Juego, esta ser\u00e1 aumentada a P\u00e9rdida de Juego tambi\u00e9n.<\/span><\/i><\/p>\n<p><span style=\"font-weight: 400\"><i>Respecto a la infracci\u00f3n<\/i><a href=\"http:\/\/blogs.magicjudges.org\/rules\/ipg2-6-es\/\"> <i>No Mantener el Estado de Juego<\/i><\/a><i> prep\u00e1rate para algunos jugadores que no entienden por qu\u00e9 reciben una Advertencia. \u201c\u00a1Pero juez, no hice nada malo!\u201d T\u00f3mate unos momentos para explicarle al jugador por qu\u00e9 recibe la Advertencia y, si a\u00fan desea discutirlo, pueden hacerlo despu\u00e9s de la partida. Pese a que son sancionados con una Advertencia, no aumentamos esta infracci\u00f3n como lo hacemos con otros errores de torneo. Esto es porque no queremos que los jugadores teman llamar a un juez. Ser recompensado con una P\u00e9rdida de Juego porque mis oponentes cometieron errores de juego y yo no me percat\u00e9 se siente mal. Y, si esta es la tercera vez que mi oponente ha cometido un error de juego del que no me percat\u00e9 durante el evento, podr\u00eda sentirme reacio a llamar a un juez y que mi No Mantener el Estado de Juego aumente, as\u00ed que decido hacer como que no me di cuenta. No queremos que nuestra pol\u00edtica fomente hacer trampas. Si no aumentamos esta penalizaci\u00f3n, \u00bfpara qu\u00e9 asignamos Advertencias entonces? Hay dos razones: la primera es que el hecho de recibir una Advertencia es generalmente suficiente para recordarle a un jugador que debe prestar m\u00e1s atenci\u00f3n. La segunda es para que podamos rastrearlas. Si un jugador tiende a obtener muchos No Mantener el Estado de Juego, y el error relacionado es siempre a su favor, esto le brinda al juez la habilidad para rastrear estas infracciones \u2013 y cuando son a\u00f1adidas a la inmensa base de datos de infracciones, podemos rastrearlas entre los eventos tambi\u00e9n.<\/i><\/div><\/span><\/p>\n","protected":false},"excerpt":{"rendered":"<p>2.1. Error de Juego \u2014 Disparo olvidado 2.4. Error de Juego \u2014 Error de Procedimiento de Mulligan 2.2. Error de Juego \u2014 Mirar Cartas Adicionales 2.5. Error de Juego \u2014 Violaci\u00f3n de Regla de Juego 2.3. Error de Juego \u2014 Error de Carta Oculta 2.6. Error de Juego \u2014 No Mantener el Estado de Juego [&hellip;]<\/p>\n","protected":false},"author":13,"featured_media":0,"parent":0,"menu_order":0,"comment_status":"closed","ping_status":"closed","template":"page_width-index.php","meta":{"footnotes":"","_links_to":"","_links_to_target":""},"language":[8],"class_list":["post-4282","page","type-page","status-publish","hentry","language-es"],"_links":{"self":[{"href":"https:\/\/blogs.magicjudges.org\/rules\/wp-json\/wp\/v2\/pages\/4282","targetHints":{"allow":["GET"]}}],"collection":[{"href":"https:\/\/blogs.magicjudges.org\/rules\/wp-json\/wp\/v2\/pages"}],"about":[{"href":"https:\/\/blogs.magicjudges.org\/rules\/wp-json\/wp\/v2\/types\/page"}],"author":[{"embeddable":true,"href":"https:\/\/blogs.magicjudges.org\/rules\/wp-json\/wp\/v2\/users\/13"}],"replies":[{"embeddable":true,"href":"https:\/\/blogs.magicjudges.org\/rules\/wp-json\/wp\/v2\/comments?post=4282"}],"version-history":[{"count":8,"href":"https:\/\/blogs.magicjudges.org\/rules\/wp-json\/wp\/v2\/pages\/4282\/revisions"}],"predecessor-version":[{"id":8565,"href":"https:\/\/blogs.magicjudges.org\/rules\/wp-json\/wp\/v2\/pages\/4282\/revisions\/8565"}],"wp:attachment":[{"href":"https:\/\/blogs.magicjudges.org\/rules\/wp-json\/wp\/v2\/media?parent=4282"}],"wp:term":[{"taxonomy":"language","embeddable":true,"href":"https:\/\/blogs.magicjudges.org\/rules\/wp-json\/wp\/v2\/language?post=4282"}],"curies":[{"name":"wp","href":"https:\/\/api.w.org\/{rel}","templated":true}]}}