{"id":4387,"date":"2016-06-16T16:48:31","date_gmt":"2016-06-16T13:48:31","guid":{"rendered":"http:\/\/blogs.magicjudges.org\/rules\/?page_id=4387"},"modified":"2018-09-03T03:53:08","modified_gmt":"2018-09-03T00:53:08","slug":"ipg4-6-es","status":"publish","type":"page","link":"https:\/\/blogs.magicjudges.org\/rules\/ipg4-6-es\/","title":{"rendered":"IPG 4.6 Conducta Antideportiva \u2014 Robo de Material de Torneo"},"content":{"rendered":"<div style=\"padding-right: 20px;float: left;width: 80%;margin-top: 0px\">\n<h2>Definici\u00f3n<\/h2>\n<p><span style=\"font-weight: 400\">Un jugador roba material del torneo, incluyendo pero no limitado a cartas o equipo de torneo.<\/span><\/p>\n<\/div>\n<div style=\"float: right;width: 20%;margin-top: 0px;margin-bottom: -20px;text-align: center\">\n<div class=\"alert alert-warning\" role=\"alert\"> <\/p>\n<p style=\"text-align: center;margin-top: 10px;margin-left: -10px\"><strong>Penalizaci\u00f3n<\/strong><\/p>\n<p style=\"text-align: center;margin-bottom: 10px;margin-left: -12px\">Descalificaci\u00f3n<\/p>\n<p><\/div>\n<\/div>\n<br style=\"clear: both; height: 1px; margin: -1px 0pt 0pt; overflow: hidden;\">\n<p style=\"margin-top: -5px\"><div class=\"alert alert-info\" role=\"alert\"> <\/p>\n<p><i><span style=\"font-weight: 400\">Independientemente de que tu sistema moral derive de las leyes locales, de los Diez Mandamientos, o el c\u00f3digo Hammurabi, probablemente ya sepas que robar es un comportamiento inaceptable. Este tipo de conducta es tan intolerable en torneos de Magic como en nuestra sociedad en general. Hay una clara l\u00ednea aqu\u00ed; para recibir esta penalizaci\u00f3n, el robo debe ser de materiales del evento. El robo de un mazo de EDH de la mochila de un jugador participando en el evento no es Robo de material de torneo. Sin embargo todav\u00eda es inaceptable. Robar est\u00e1 mal. \u00bfTu madre no te ense\u00f1\u00f3 eso?<\/span><\/i><span style=\"font-weight: 400\"><\/div><\/span><\/p>\n<h2 style=\"text-align: justify\">Ejemplos<\/h2>\n<ul class=\"list-group\" style=\"text-align: justify;margin-left: 0px\">\n<li class=\"list-group-item\"><strong>A.<\/strong> Un jugador roba cartas del sideboard de su oponente.<\/li>\n<li class=\"list-group-item\"><strong>B.<\/strong> Un jugador roba un n\u00famero de mesa.<br \/>\n<div class=\"alert alert-info\" role=\"alert\"> <em>Si falta un n\u00famero de mesa, probablemente sea el 69 o el 420.<\/em><\/div><\/li>\n<li class=\"list-group-item\"><strong>C.<\/strong> Un jugador se percata que tiene una carta de un oponente anterior, pero la esconde en lugar de avisarle a un oficial.<br \/>\n<div class=\"alert alert-info\" role=\"alert\"> <i><span style=\"font-weight: 400\">El ejemplo C deja claro que un jugador que no se propuso intencionalmente robar algo puede llegar a cometer esta infracci\u00f3n m\u00e1s tarde por inacci\u00f3n. Un fen\u00f3meno tan viejo como Magic es el de jugadores olvidando devolver a sus oponentes una criatura que se llevaron con Magia de control, y en vez de eso simplemente la barajan de en su biblioteca. Hacer esto no es un problema en s\u00ed mismo, siempre y cuando el jugador devuelva la carta o llame a un juez tan pronto \u00e9l o ella descubra el problema. Sin embargo, un jugador que se da cuenta de que accidentalmente sigue teniendo en su mazo un Colmillothrag (<a href=\"https:\/\/blogs.magicjudges.org\/rules\/wp-content\/plugins\/lems-mtg-helper\/lems-mtg-helper-cardfinder.php?find=Thragtusk&width=223&height=310\" class=\"jTip\" name=\"\">Thragtusk<\/a>) del oponente de su \u00faltima ronda y decide call\u00e1rselo es un gran problema, y sigue cumpliendo la definici\u00f3n de esta infracci\u00f3n. Piensa en ello como una forma de &#8220;robo pasivo&#8221;<\/span><\/i><em>.<\/em><\/div><\/li>\n<\/ul>\n<h2 style=\"text-align: justify;margin-top: 20px\">Filosof\u00eda<\/h2>\n<p><span style=\"font-weight: 400\">Los jugadores participan de un torneo y esperan que sus materiales sean protegidos.<\/span><\/p>\n<p><span style=\"font-weight: 400\"><div class=\"alert alert-info\" role=\"alert\"> <\/span><i><span style=\"font-weight: 400\">Como se suele decir, tus derechos terminan donde empiezan los de los dem\u00e1s. Los jugadores tienen derecho sobre sus propias cosas, y por lo tanto no tienes derecho a tomarlas. No deber\u00edamos necesitar que la IPG nos digan esto.<\/span><\/i><span style=\"font-weight: 400\"><\/div><\/span><\/p>\n<p><span style=\"font-weight: 400\">Esto no absuelve a los jugadores de la responsabilidad de cuidar sus posesiones, pero deber\u00edan poder esperar quedarse con el producto con el que comenzaron el torneo o se les dio en \u00e9l.<\/span><\/p>\n<p><span style=\"font-weight: 400\"><div class=\"alert alert-info\" role=\"alert\"> <\/span><i><span style=\"font-weight: 400\">El robo es una preocupaci\u00f3n siempre presente, y mantener un ojo en nuestras pertenencias es importante. A pesar de los recordatorios constantes de jueces, Organizadores de Torneo, e incluso aqu\u00ed en la IPG, es raro pasar por un gran evento sin al menos unos pocos jugadores con el fin de semana arruinado por un caso de robo de mochilas. Aunque los jueces deber\u00edan permanecer vigilantes para detectar ladrones, los jugadores son los responsables finales de sus posesiones.<\/span><\/i><span style=\"font-weight: 400\"><\/div><\/span><\/p>\n<p><span style=\"font-weight: 400\">Otras instancias de robo que no involucran materiales del torneo son la responsabilidad del Organizador del torneo, aunque los jueces deber\u00edan ayudar como puedan.<\/span><\/p>\n<p><span style=\"font-weight: 400\"><div class=\"alert alert-info\" role=\"alert\"> <\/span><i><span style=\"font-weight: 400\">Esta frase es un tanto compleja. \u00bfQu\u00e9 ocurre si un jugador roba una mochila con carpetas de cambio, pero no el mazo de un jugador? T\u00e9cnicamente, esto no es Robo de material de torneo, aunque el resultado (la eliminaci\u00f3n del jugador del evento) tiene m\u00e1s o menos las mismas consecuencias. Si el robo se puso en conocimiento del juez, el juez debe involucrar al Organizador del Torneo. \u00c9l se ocupar\u00e1 de expulsar al individuo de la tienda o avisar a la polic\u00eda. En un caso as\u00ed, el suceso debe ser reportado<\/span><\/i><a href=\"https:\/\/blogs.magicjudges.org\/o\/spheres-es\/investigations-committee-es\/\"> <i><span style=\"font-weight: 400\">al Comit\u00e9 de Investigaciones<\/span><\/i><\/a><i><span style=\"font-weight: 400\"> a trav\u00e9s de<\/span><\/i><a href=\"https:\/\/apps.magicjudges.org\/investigations\/\"><i><span style=\"font-weight: 400\"> la pesta\u00f1a &#8220;Investigaciones&#8221; en el Apps<\/span><\/i><\/a><i><span style=\"font-weight: 400\"> A todos los efectos, un jugador que robe una mochila debe ser manejado de la misma forma que uno que haya cometido esta infracci\u00f3n.<\/span><\/i><\/p>\n<p><i><span style=\"font-weight: 400\">Por otra parte, los jueces no son agentes de la ley. El t\u00e9rmino &#8220;como puedan&#8221; no deber\u00eda incluir detener al delincuente, o dejarlo atado en el estacionamiento del Departamento de Polic\u00eda de Gotham City. Vamos a dejar la justicia por mano propia a los superh\u00e9roes.<\/span><\/i><span style=\"font-weight: 400\"><\/div><\/span><\/p>\n<h2><b>Soluci\u00f3n Adicional<\/b><\/h2>\n<p><span style=\"font-weight: 400\">El organizador deber\u00eda pedirle al ofensor que abandone el sal\u00f3n.<\/span><\/p>\n<p><span style=\"font-weight: 400\"><div class=\"alert alert-info\" role=\"alert\"> <\/span><i><span style=\"font-weight: 400\">No pases, vete. No colectar\u00e1s $200. A-Dios. No obtienes nada. Haz como un \u00e1rbol y p\u00e1rtete. Puede que est\u00e9 mezclando mis met\u00e1foras.<\/span><\/i><span style=\"font-weight: 400\"><\/div><\/span><\/p>\n","protected":false},"excerpt":{"rendered":"<p>Definici\u00f3n Un jugador roba material del torneo, incluyendo pero no limitado a cartas o equipo de torneo. Ejemplos A. Un jugador roba cartas del sideboard de su oponente. B. Un jugador roba un n\u00famero de mesa. C. Un jugador se percata que tiene una carta de un oponente anterior, pero la esconde en lugar de [&hellip;]<\/p>\n","protected":false},"author":13,"featured_media":0,"parent":0,"menu_order":0,"comment_status":"closed","ping_status":"closed","template":"page_width-index.php","meta":{"footnotes":"","_links_to":"","_links_to_target":""},"language":[8],"class_list":["post-4387","page","type-page","status-publish","hentry","language-es"],"_links":{"self":[{"href":"https:\/\/blogs.magicjudges.org\/rules\/wp-json\/wp\/v2\/pages\/4387","targetHints":{"allow":["GET"]}}],"collection":[{"href":"https:\/\/blogs.magicjudges.org\/rules\/wp-json\/wp\/v2\/pages"}],"about":[{"href":"https:\/\/blogs.magicjudges.org\/rules\/wp-json\/wp\/v2\/types\/page"}],"author":[{"embeddable":true,"href":"https:\/\/blogs.magicjudges.org\/rules\/wp-json\/wp\/v2\/users\/13"}],"replies":[{"embeddable":true,"href":"https:\/\/blogs.magicjudges.org\/rules\/wp-json\/wp\/v2\/comments?post=4387"}],"version-history":[{"count":11,"href":"https:\/\/blogs.magicjudges.org\/rules\/wp-json\/wp\/v2\/pages\/4387\/revisions"}],"predecessor-version":[{"id":8246,"href":"https:\/\/blogs.magicjudges.org\/rules\/wp-json\/wp\/v2\/pages\/4387\/revisions\/8246"}],"wp:attachment":[{"href":"https:\/\/blogs.magicjudges.org\/rules\/wp-json\/wp\/v2\/media?parent=4387"}],"wp:term":[{"taxonomy":"language","embeddable":true,"href":"https:\/\/blogs.magicjudges.org\/rules\/wp-json\/wp\/v2\/language?post=4387"}],"curies":[{"name":"wp","href":"https:\/\/api.w.org\/{rel}","templated":true}]}}