{"id":4574,"date":"2016-08-06T08:27:24","date_gmt":"2016-08-06T05:27:24","guid":{"rendered":"http:\/\/blogs.magicjudges.org\/rules\/?page_id=4574"},"modified":"2017-12-26T22:20:42","modified_gmt":"2017-12-26T19:20:42","slug":"ipg4-5-fr","status":"publish","type":"page","link":"https:\/\/blogs.magicjudges.org\/rules\/ipg4-5-fr\/","title":{"rendered":"IPG 4.5 Conduite antisportive \u2014 Comportement agressif"},"content":{"rendered":"<div style=\"padding-right: 20px;float: left;width: 80%;margin-top: 0px\">\n<h2>D\u00e9finition<\/h2>\n<p>Un joueur entreprend des actions violentes \u00e0 l&#8217;\u00e9gard d&#8217;autrui ou de biens ne lui appartenant pas.<\/p>\n<\/div>\n<div style=\"float: right;width: 20%;margin-top: 0px;margin-bottom: -20px;text-align: center\"><div class=\"alert alert-warning\" role=\"alert\"> <\/p>\n<p style=\"text-align: center;margin-top: 10px;margin-left: -10px\"><strong>P\u00e9nalit\u00e9<\/strong><\/p>\n<p style=\"text-align: center;margin-bottom: 10px;margin-left: -12px\">Disqualification<\/p>\n<p><\/div><\/p>\n<\/div>\n<br style=\"clear: both; height: 1px; margin: -1px 0pt 0pt; overflow: hidden;\">\n<p style=\"margin-top: px\"><div class=\"alert alert-info\" role=\"alert\"> <em>La d\u00e9finition de Conduite antisportive \u2014 Comportement agressif (Unsporting Conduct \u2014 Aggressive Behavior ou encore USC-AB) est tr\u00e8s claire. Contrairement aux conduites antisportives <a href=\"http:\/\/blogs.magicjudges.org\/rules\/ipg4-1-fr\/\">mineures<\/a> et <a href=\"http:\/\/blogs.magicjudges.org\/rules\/ipg4-2-fr\/\">majeures<\/a>, o\u00f9 nous assignons des infractions en fonction du fait que des gens peuvent se sentir mal \u00e0 l&#8217;aise, ou d&#8217;un langage blessant \/ insultant (en plus d&#8217;autres \u00e9l\u00e9ments), USC-AB s&#8217;int\u00e9resse \u00e0 des actions physiques ou \u00e0 un language employ\u00e9 pour sugg\u00e9rer l&#8217;intention d&#8217;infliger des dommages physiques.<\/em><\/div><\/p>\n<h2 style=\"text-align: justify\">Exemples<\/h2>\n<ul class=\"list-group\" style=\"text-align: justify;margin-left: 0px;margin-bottom: 5px\">\n<li class=\"list-group-item\"><strong>A.<\/strong> Un joueur menace de frapper un de ses adversaires qui refuse de lui conc\u00e9der la partie.<\/li>\n<li class=\"list-group-item\"><strong>B.<\/strong> Un joueur enl\u00e8ve la chaise sur laquelle un autre joueur allait s&#8217;asseoir, le faisant tomber par terre.<\/li>\n<li class=\"list-group-item\"><strong>C.<\/strong> Un joueur menace un arbitre suite \u00e0 une d\u00e9cision d&#8217;arbitrage.<\/li>\n<li class=\"list-group-item\"><strong>D.<\/strong> Un joueur d\u00e9chire une carte appartenant \u00e0 un autre joueur.<\/li>\n<li class=\"list-group-item\"><strong>E.<\/strong> Un joueur renverse intentionnellement une table.<\/li>\n<\/ul>\n<div class=\"alert alert-info\" role=\"alert\"> <em>Ces exemples montrent tr\u00e8s clairement ce qui peut constituer des USC-AB. Cela inclut notamment les menaces subtiles, comme \u201cje t&#8217;attendrai sur le parking quand tu partiras ce soir\u201d. Vous n&#8217;avez pas besoin de vous raccrocher \u00e0 des mots trop sp\u00e9cifiques \u2014 vous reconnaissez une menace quand vous en entendez une. Il est \u00e9galement important de noter que si un joueur endommage ce qui lui appartient, m\u00eame s&#8217;il est possible que ce soit pour intimider, il est hautement probable que cela ne tombe pas sous le coup de USC-AB mais plut\u00f4t de <a href=\"http:\/\/blogs.magicjudges.org\/rules\/ipg4-1-fr\/\">USC-Minor<\/a> \u2014 \u00e0 moins qu&#8217;il ne le fasse d&#8217;une fa\u00e7on qui constitue une menace.<\/em><\/div>\n<h2 style=\"text-align: justify\">Philosophie<\/h2>\n<p style=\"text-align: justify;margin-bottom: 0px\">La s\u00e9curit\u00e9 de chacun sur le lieu d&#8217;un tournoi est d&#8217;une importance primordiale. Aucun coup ni tentative d&#8217;intimidation physique ne sera tol\u00e9r\u00e9.<\/p>\n<div class=\"alert alert-info\" role=\"alert\"> <em>La raison pour laquelle nous infligeons une disqualification pour ce type d&#8217;infraction est parce que tout le monde devrait se sentir en s\u00e9curit\u00e9 pendant un \u00e9v\u00e9nement homologu\u00e9, or permettre \u00e0 quelqu&#8217;un de continuer \u00e0 participer \u00e0 l&#8217;\u00e9v\u00e9nement apr\u00e8s un tel comportement d\u00e9couragerait les joueurs d&#8217;avoir ne serait-ce que l&#8217;envie de participer de nouveau \u00e0 un autre \u00e9v\u00e9nement.<\/em><\/div>\n<h2 style=\"text-align: justify\">Proc\u00e9dure suppl\u00e9mentaire<\/h2>\n<p style=\"text-align: justify;margin-bottom: 0px\">L&#8217;organisateur doit s&#8217;assurer que l&#8217;agresseur quitte la salle.<\/p>\n<div class=\"alert alert-info\" role=\"alert\"> <em>Gardez \u00e0 l&#8217;esprit que la priorit\u00e9 absolue est de d\u00e9samorcer la situation. Comment y parvenir d\u00e9pend de la situation. Toutefois vous n&#8217;\u00eates pas officier de police et vous n&#8217;\u00eates pas oblig\u00e9 de vous impliquer physiquement. Quand cette infraction se produit, la participation du joueur \u00e0 l&#8217;\u00e9v\u00e9nement prend fin. Il est disqualifi\u00e9. Assurez-vous de recueillir sa version pour les besoins du <a href=\"http:\/\/blogs.magicjudges.org\/o\/spheres\/investigations-committee\/\">Comit\u00e9 d&#8217;Investigations<\/a> si le joueur souhaite en donner une, et prenez soin de r\u00e9diger la v\u00f4tre. Il est \u00e9galement conseill\u00e9 que l&#8217;organisateur du tournoi demande au joueur de quitter les lieux d\u00e8s que possible. Ici il y a une importante distinction : dans les faits c&#8217;est le TO (et pas l&#8217;arbitre) qui devrait prendre cette d\u00e9cision concr\u00e8tement. Nous pouvons encourager le TO \u00e0 prendre cette d\u00e9cision fond\u00e9e, mais notre juridiction ne s&#8217;\u00e9tend pas au-del\u00e0 des limites de l&#8217;\u00e9v\u00e9nement. Une fois que le joueur n&#8217;en fait plus partie, il n&#8217;est plus non plus quelqu&#8217;un avec qui nous, les arbitres, devons continuer \u00e0 traiter.<\/em><\/div>\n","protected":false},"excerpt":{"rendered":"<p>D\u00e9finition Un joueur entreprend des actions violentes \u00e0 l&#8217;\u00e9gard d&#8217;autrui ou de biens ne lui appartenant pas. Exemples A. Un joueur menace de frapper un de ses adversaires qui refuse de lui conc\u00e9der la partie. B. Un joueur enl\u00e8ve la chaise sur laquelle un autre joueur allait s&#8217;asseoir, le faisant tomber par terre. C. Un [&hellip;]<\/p>\n","protected":false},"author":249,"featured_media":0,"parent":0,"menu_order":0,"comment_status":"closed","ping_status":"closed","template":"page_width-index.php","meta":{"footnotes":"","_links_to":"","_links_to_target":""},"language":[9],"class_list":["post-4574","page","type-page","status-publish","hentry","language-fr"],"_links":{"self":[{"href":"https:\/\/blogs.magicjudges.org\/rules\/wp-json\/wp\/v2\/pages\/4574","targetHints":{"allow":["GET"]}}],"collection":[{"href":"https:\/\/blogs.magicjudges.org\/rules\/wp-json\/wp\/v2\/pages"}],"about":[{"href":"https:\/\/blogs.magicjudges.org\/rules\/wp-json\/wp\/v2\/types\/page"}],"author":[{"embeddable":true,"href":"https:\/\/blogs.magicjudges.org\/rules\/wp-json\/wp\/v2\/users\/249"}],"replies":[{"embeddable":true,"href":"https:\/\/blogs.magicjudges.org\/rules\/wp-json\/wp\/v2\/comments?post=4574"}],"version-history":[{"count":3,"href":"https:\/\/blogs.magicjudges.org\/rules\/wp-json\/wp\/v2\/pages\/4574\/revisions"}],"predecessor-version":[{"id":7245,"href":"https:\/\/blogs.magicjudges.org\/rules\/wp-json\/wp\/v2\/pages\/4574\/revisions\/7245"}],"wp:attachment":[{"href":"https:\/\/blogs.magicjudges.org\/rules\/wp-json\/wp\/v2\/media?parent=4574"}],"wp:term":[{"taxonomy":"language","embeddable":true,"href":"https:\/\/blogs.magicjudges.org\/rules\/wp-json\/wp\/v2\/language?post=4574"}],"curies":[{"name":"wp","href":"https:\/\/api.w.org\/{rel}","templated":true}]}}