{"id":4584,"date":"2016-08-06T07:25:16","date_gmt":"2016-08-06T04:25:16","guid":{"rendered":"http:\/\/blogs.magicjudges.org\/rules\/?page_id=4584"},"modified":"2017-12-26T22:21:18","modified_gmt":"2017-12-26T19:21:18","slug":"ipg4-fr","status":"publish","type":"page","link":"https:\/\/blogs.magicjudges.org\/rules\/ipg4-fr\/","title":{"rendered":"IPG 4. Conduite antisportive"},"content":{"rendered":"<table class=\"table table-hover table-condensed\" style=\"width: 100%\">\n<tbody>\n<tr>\n<td style=\"width: 50%;text-align: left\">4.1. <a href=\"http:\/\/blogs.magicjudges.org\/rules\/ipg4-1-fr\/\">Conduite antisportive \u2014 Mineure<\/a><\/td>\n<td style=\"width: 50%;text-align: left\">4.5. <a href=\"http:\/\/blogs.magicjudges.org\/rules\/ipg4-5-fr\/\">Conduite antisportive \u2014 Comportement agressif<\/a><\/td>\n<\/tr>\n<tr>\n<td style=\"width: 50%;text-align: left\">4.2. <a href=\"http:\/\/blogs.magicjudges.org\/rules\/ipg4-2-fr\/\">Conduite antisportive \u2014 Majeure<\/a><\/td>\n<td style=\"width: 50%;text-align: left\">4.6. <a href=\"http:\/\/blogs.magicjudges.org\/rules\/ipg4-6-fr\/\">Conduite antisportive \u2014 Vol de mat\u00e9riel de tournoi<\/a><\/td>\n<\/tr>\n<tr>\n<td style=\"width: 50%;text-align: left\">4.3. <a href=\"http:\/\/blogs.magicjudges.org\/rules\/ipg4-3-fr\/\">Conduite antisportive \u2014 D\u00e9termination inappropri\u00e9e d&#8217;un vainqueur<\/a><\/td>\n<td style=\"width: 50%;text-align: left\">4.7. <a href=\"http:\/\/blogs.magicjudges.org\/rules\/ipg4-7-fr\/\">Conduite antisportive \u2014 Abus de la limite de temps<\/a><\/td>\n<\/tr>\n<tr>\n<td style=\"width: 50%;text-align: left\">4.4. <a href=\"http:\/\/blogs.magicjudges.org\/rules\/ipg4-4-fr\/\">Conduite antisportive \u2014 Corruption et paris<\/a><\/td>\n<td style=\"width: 50%;text-align: left\">4.8. <a href=\"http:\/\/blogs.magicjudges.org\/rules\/ipg4-8-fr\/\">Conduite antisportive \u2014 Triche<\/a><\/td>\n<\/tr>\n<tr>\n<td style=\"width: 50%;text-align: left\"><\/td>\n<td style=\"width: 50%;text-align: left\"><\/td>\n<\/tr>\n<\/tbody>\n<\/table>\n<p style=\"text-align: justify;margin-bottom: 0px\">La conduite antisportive est une attitude g\u00eanante qui peut affecter n\u00e9gativement un tournoi, que ce soit en termes de s\u00e9curit\u00e9, de respect des r\u00e8gles, d&#8217;amusement ou d&#8217;int\u00e9grit\u00e9 du tournoi.<\/p>\n<div class=\"alert alert-info\" role=\"alert\"> <em>Voil\u00e0 une d\u00e9finition globale et assez large de ce qui constitue une \u201cconduite antisportive\u201d (Unsporting Conduct). Certains d&#8217;entre vous pensent peut-\u00eatre qu&#8217;elle recouvre beaucoup plus de choses que ce \u00e0 quoi vous vous attendiez \u2013 mais gardez en t\u00eate que toutes ces choses sont vitales pour procurer une exp\u00e9rience de tournoi agr\u00e9able. En tant qu&#8217;arbitres nous devons \u00eatre attentifs aux choses qui peuvent engendrer des exp\u00e9riences n\u00e9gatives pour les joueurs, et les traiter de la mani\u00e8re appropri\u00e9e.<br \/>\n<\/em><\/div>\n<p style=\"text-align: justify;margin-bottom: 0px\">Il existe une diff\u00e9rence entre \u00eatre antisportif et ne pas \u00eatre fair-play. Il existe une large zone dans laquelle se classent les attitudes \u201ccomp\u00e9titives\u201d qui ne sont ni \u201csympatiques\u201d ni \u201cfair-play\u201d mais qui ne sont pas pour autant \u201cantisportives\u201d.<\/p>\n<div class=\"alert alert-info\" role=\"alert\"> <em>Cette clarification est importante. Si un joueur n&#8217;est pas gentil avec vous, cela ne signifie pas forc\u00e9ment qu&#8217;il est antisportif. Par exemple, rien ne vous oblige \u00e0 dire \u201cBien jou\u00e9\u201d apr\u00e8s avoir \u00e9t\u00e9 \u00e9cras\u00e9, vous n&#8217;\u00eates pas tenu de serrer la main de votre adversaire, lui-m\u00eame n&#8217;est pas contraint de vous dire exactement ce que font ses cartes, etc. Rien de tout cela ne constitue une conduite antisportive. Un joueur est autoris\u00e9 \u00e0 se mettre &#8220;en mode comp\u00e9tition&#8221;.<\/em><\/div>\n<p style=\"text-align: justify;margin-bottom: 0px\">Le Head-Judge est l&#8217;autorit\u00e9 finale d\u00e9cidant de ce qui est ou non antisportif.<\/p>\n<div class=\"alert alert-info\" role=\"alert\"> <em>Un arbitre de salle peut d\u00e9cider d&#8217;infliger une p\u00e9nalit\u00e9 pour conduite antisportive mais le joueur peut faire appel de cette d\u00e9cision. Comme dans beaucoup d&#8217;autres sections de ce document, le Head-Judge est l&#8217;autorit\u00e9 ultime quand il s&#8217;agit de d\u00e9terminer si quelque chose rel\u00e8ve de la conduite antisportive. Il est aussi n\u00e9cessaire d&#8217;obtenir l&#8217;accord \/ l&#8217;approbation du Head-Judge avant d&#8217;attribuer toute infraction dont la p\u00e9nalit\u00e9 est un Game Loss ou pire, et a fortiori s&#8217;il s&#8217;agit d&#8217;une disqualification, car seul le Head-Judge peut en d\u00e9cider et l&#8217;attribuer.<\/em><\/div>\n<p style=\"text-align: justify;margin-bottom: 0px\">Les arbitres doivent d\u00e9crire au joueur incrimin\u00e9 les raisons qui rendent sa conduite antisportive. On attend de ce joueur qu&#8217;il se corrige imm\u00e9diatement. Toutefois, s&#8217;ils doivent s&#8217;assurer qu&#8217;un joueur comprend que ses actes \u00e9taient inappropri\u00e9s, les arbitres doivent en premier lieu essayer de calmer les protagonistes et n&#8217;infliger les p\u00e9nalit\u00e9s qu&#8217;apr\u00e8s.<\/p>\n<div class=\"alert alert-info\" role=\"alert\"> <em>Parfois un joueur ne se rend pas compte que son comportement perturbe l&#8217;\u00e9v\u00e9nement. Il est plong\u00e9 dans ses propres soucis, donc les arbitres doivent lui faire comprendre que ce qu&#8217;il fait pose un vrai probl\u00e8me. Apr\u00e8s qu&#8217;on le lui a signal\u00e9, le joueur doit rectifier son comportement imm\u00e9diatement. Toutefois, afin d&#8217;\u00e9viter que la situation n&#8217;empire, l&#8217;objectif premier des arbitres doit \u00eatre de reprendre le contr\u00f4le de la situation. Au fond, si vous devez g\u00e9rer un joueur qui est en col\u00e8re, lui donner une p\u00e9nalit\u00e9 \u00e0 ce moment-l\u00e0 aggravera probablement les choses. Reprenez le contr\u00f4le de la situation, et ne vous inqui\u00e9tez des infractions qu&#8217;une fois que c&#8217;est fait.<\/em><\/div>\n","protected":false},"excerpt":{"rendered":"<p>4.1. Conduite antisportive \u2014 Mineure 4.5. Conduite antisportive \u2014 Comportement agressif 4.2. Conduite antisportive \u2014 Majeure 4.6. Conduite antisportive \u2014 Vol de mat\u00e9riel de tournoi 4.3. Conduite antisportive \u2014 D\u00e9termination inappropri\u00e9e d&#8217;un vainqueur 4.7. Conduite antisportive \u2014 Abus de la limite de temps 4.4. Conduite antisportive \u2014 Corruption et paris 4.8. Conduite antisportive \u2014 Triche [&hellip;]<\/p>\n","protected":false},"author":249,"featured_media":0,"parent":0,"menu_order":0,"comment_status":"closed","ping_status":"closed","template":"page_width-index.php","meta":{"footnotes":"","_links_to":"","_links_to_target":""},"language":[9],"class_list":["post-4584","page","type-page","status-publish","hentry","language-fr"],"_links":{"self":[{"href":"https:\/\/blogs.magicjudges.org\/rules\/wp-json\/wp\/v2\/pages\/4584","targetHints":{"allow":["GET"]}}],"collection":[{"href":"https:\/\/blogs.magicjudges.org\/rules\/wp-json\/wp\/v2\/pages"}],"about":[{"href":"https:\/\/blogs.magicjudges.org\/rules\/wp-json\/wp\/v2\/types\/page"}],"author":[{"embeddable":true,"href":"https:\/\/blogs.magicjudges.org\/rules\/wp-json\/wp\/v2\/users\/249"}],"replies":[{"embeddable":true,"href":"https:\/\/blogs.magicjudges.org\/rules\/wp-json\/wp\/v2\/comments?post=4584"}],"version-history":[{"count":4,"href":"https:\/\/blogs.magicjudges.org\/rules\/wp-json\/wp\/v2\/pages\/4584\/revisions"}],"predecessor-version":[{"id":7100,"href":"https:\/\/blogs.magicjudges.org\/rules\/wp-json\/wp\/v2\/pages\/4584\/revisions\/7100"}],"wp:attachment":[{"href":"https:\/\/blogs.magicjudges.org\/rules\/wp-json\/wp\/v2\/media?parent=4584"}],"wp:term":[{"taxonomy":"language","embeddable":true,"href":"https:\/\/blogs.magicjudges.org\/rules\/wp-json\/wp\/v2\/language?post=4584"}],"curies":[{"name":"wp","href":"https:\/\/api.w.org\/{rel}","templated":true}]}}