{"id":4590,"date":"2016-08-06T06:59:38","date_gmt":"2016-08-06T03:59:38","guid":{"rendered":"http:\/\/blogs.magicjudges.org\/rules\/?page_id=4590"},"modified":"2018-04-05T19:01:07","modified_gmt":"2018-04-05T16:01:07","slug":"ipg3-6-fr","status":"publish","type":"page","link":"https:\/\/blogs.magicjudges.org\/rules\/ipg3-6-fr\/","title":{"rendered":"IPG 3.6 Erreur de tournoi \u2014 Violation des proc\u00e9dures en format limit\u00e9"},"content":{"rendered":"<div style=\"padding-right: 20px;float: left;width: 80%;margin-top: 0px\">\n<h2>D\u00e9finition<\/h2>\n<p>Un joueur commet une erreur technique pendant un draft.<\/p>\n<\/div>\n<div style=\"float: right;width: 20%;margin-top: 0px;margin-bottom: -20px;text-align: center\">\n<div class=\"alert alert-warning\" role=\"alert\"> <\/p>\n<p style=\"text-align: center;margin-top: 10px;margin-left: -10px\"><strong>P\u00e9nalit\u00e9<\/strong><\/p>\n<p style=\"text-align: center;margin-bottom: 10px;margin-left: -12px\">Warning<\/p>\n<p><\/div>\n<\/div>\n<br style=\"clear: both; height: 1px; margin: -1px 0pt 0pt; overflow: hidden;\">\n<p style=\"margin-top: -10px\"><div class=\"alert alert-info\" role=\"alert\"> <em>Ici l&#8217;expression &#8216;erreur technique&#8217; recouvre toute erreur en rapport avec le processus de draft. Quand cette infraction est constat\u00e9e, le contexte est souvent \u2013 mais pas toujours \u2013 un draft chronom\u00e9tr\u00e9. Cela implique que nous avons des contraintes de temps serr\u00e9es pendant lesquelles il faut finir le draft. De telles erreurs techniques engendrent du retard et, lors d&#8217;un \u00e9v\u00e9nement tel que le draft du Jour 2 d&#8217;un Grand Prix, elles mettent en suspension la salle toute enti\u00e8re.<\/em><\/div><\/p>\n<h2 style=\"text-align: justify\">Exemples<\/h2>\n<ul class=\"list-group\" style=\"text-align: justify;margin-left: 0px\">\n<li class=\"list-group-item\"><strong>A.<\/strong> Un joueur passe le booster \u00e0 sa gauche plut\u00f4t qu&#8217;\u00e0 sa droite.<br \/>\n<div class=\"alert alert-info\" role=\"alert\"> <em>Quand un joueur fait \u00e7a, cela peut avoir des cons\u00e9quences en cascade sur tout le reste du draft \u2013 soit elle est rep\u00e9r\u00e9e imm\u00e9diatement par un joueur de n&#8217;importe quel c\u00f4t\u00e9 du joueur en infraction, soit le booster est ramass\u00e9 et utilis\u00e9 pour prendre des picks, ce qui complique encore davantage le probl\u00e8me.<\/em><\/div><\/li>\n<li class=\"list-group-item\"><strong>B.<\/strong> Un joueur prend plus de temps qu&#8217;il n&#8217;y a droit pour s\u00e9lectionner une carte.<br \/>\n<div class=\"alert alert-info\" role=\"alert\"> <em>La dur\u00e9e d&#8217;un draft chronom\u00e9tr\u00e9 est calcul\u00e9e de sorte que le draft puisse \u00eatre men\u00e9 \u00e0 son terme d&#8217;une mani\u00e8re efficace et ponctuelle, en suppl\u00e9ment des autres avantages de pouvoir coordonner plusieurs drafts en m\u00eame temps. Si un joueur d\u00e9passe la limite de temps, ce joueur met de nouveau en retard le draft, et c&#8217;est quelque chose qu&#8217;il faut absolument remarquer.<\/em><\/div><\/li>\n<li class=\"list-group-item\"><strong>C.<\/strong> Un joueur s\u00e9lectionne une carte, la pose sur sa pile de cartes draft\u00e9es, puis la reprend ensuite.<br \/>\n<div class=\"alert alert-info\" role=\"alert\"> <em>C&#8217;est une pr\u00e9occupation s\u00e9rieuse car lorsqu\u2019un joueur fait \u00e7a, les autres joueurs, les spectateurs et les arbitres peuvent avoir l&#8217;impression que le joueur a pris plus d&#8217;une carte dans le booster. Cela ne peut mener qu&#8217;\u00e0 deux choses \u2013 soit le joueur est \u201cautoris\u00e9\u201d \u00e0 prendre ces deux cartes, soit le temps des officiels du tournoi est gaspill\u00e9 pour un \u201cfaux probl\u00e8me\u201d. Ces deux options nuisent \u00e0 l&#8217;int\u00e9grit\u00e9 du tournoi \u2013 elles peuvent augmenter les risques de m\u00e9langer des cartes du booster avec des cartes qui ont d\u00e9j\u00e0 \u00e9t\u00e9 choisies. Lors des drafts chronom\u00e9tr\u00e9s on demande aux joueurs de choisir une carte \u00e0 un moment pr\u00e9cis \u2013 ne pas le faire \u00e0 ce moment-l\u00e0 peut tombe sous le coup du probl\u00e8me B) ci-dessus.<\/em><\/div><\/li>\n<\/ul>\n<h2 style=\"text-align: justify;margin-top: 20px\">Philosophie<\/h2>\n<p style=\"text-align: justify;margin-bottom: 0px\">Les erreurs commises pendant un draft sont g\u00eanantes et peuvent le devenir encore plus si elles ne sont pas d\u00e9couvertes imm\u00e9diatement.<\/p>\n<div class=\"alert alert-info\" role=\"alert\"> <em>Pendant un draft il y a plusieurs s\u00e9quences qui doivent \u00eatre effectu\u00e9es sans interruption afin d&#8217;assurer une transition en douceur vers les rondes suisses. Les probl\u00e8mes risquent de s&#8217;ajouter les uns aux autres en crescendo s&#8217;ils ne sont pas d\u00e9tect\u00e9s et corrig\u00e9s sur-le-champ. De telles erreurs peuvent se r\u00e9percuter sur des dizaines voire des MILLIERS de joueurs en peu de temps. Il est vital que les joueurs soient attentifs et qu&#8217;ils suivent les instructions pendant ces s\u00e9quences critiques de l&#8217;\u00e9v\u00e9nement.<br \/>\n<\/em><\/div>\n<p style=\"text-align: justify;margin-bottom: 0px\">Les annonces d&#8217;avant-draft ou les r\u00e8gles sp\u00e9cifiques de tournoi du format peuvent sp\u00e9cifier des p\u00e9nalit\u00e9s suppl\u00e9mentaires en cas de Limited Procedure Violation.<\/p>\n<div class=\"alert alert-info\" role=\"alert\"> <em>Des annonces sp\u00e9cifiques au format peuvent modifier la fa\u00e7on dont cette infraction est caract\u00e9ris\u00e9e \u2013 par exemple, il peut y avoir des annonces et des rappels suppl\u00e9mentaires \u00e0 propos du retrait des jetons et des terrains de base dans les boosters. Lors d&#8217;un draft en Modern Masters, il est possible que le draft doit interrompu par la pr\u00e9sence d&#8217;une carte premium dans chaque paquet. Pour les formats de draft en bloc Innistrad ou T\u00e9n\u00e8bres sur Innistrad ou Magic Origines, le Head-Judge peut souhaiter annoncer une mani\u00e8re particuli\u00e8re de g\u00e9rer les cartes \u00e0 double face au regard de cette infraction. Cela permet de donner une certaine marge de man\u0153uvre ou des instructions suppl\u00e9mentaires \u2013 en s&#8217;appuyant sur la d\u00e9cision du Head-Judge. Basiquement cette phrase donne \u00e0 l&#8217;arbitre le pouvoir requis pour que le draft se passe d&#8217;une fa\u00e7on bien sp\u00e9cifique en cas de besoin.<\/em><\/div>\n","protected":false},"excerpt":{"rendered":"<p>D\u00e9finition Un joueur commet une erreur technique pendant un draft. Exemples A. Un joueur passe le booster \u00e0 sa gauche plut\u00f4t qu&#8217;\u00e0 sa droite. B. Un joueur prend plus de temps qu&#8217;il n&#8217;y a droit pour s\u00e9lectionner une carte. C. Un joueur s\u00e9lectionne une carte, la pose sur sa pile de cartes draft\u00e9es, puis la [&hellip;]<\/p>\n","protected":false},"author":249,"featured_media":0,"parent":0,"menu_order":0,"comment_status":"closed","ping_status":"closed","template":"page_width-index.php","meta":{"footnotes":"","_links_to":"","_links_to_target":""},"language":[9],"class_list":["post-4590","page","type-page","status-publish","hentry","language-fr"],"_links":{"self":[{"href":"https:\/\/blogs.magicjudges.org\/rules\/wp-json\/wp\/v2\/pages\/4590","targetHints":{"allow":["GET"]}}],"collection":[{"href":"https:\/\/blogs.magicjudges.org\/rules\/wp-json\/wp\/v2\/pages"}],"about":[{"href":"https:\/\/blogs.magicjudges.org\/rules\/wp-json\/wp\/v2\/types\/page"}],"author":[{"embeddable":true,"href":"https:\/\/blogs.magicjudges.org\/rules\/wp-json\/wp\/v2\/users\/249"}],"replies":[{"embeddable":true,"href":"https:\/\/blogs.magicjudges.org\/rules\/wp-json\/wp\/v2\/comments?post=4590"}],"version-history":[{"count":5,"href":"https:\/\/blogs.magicjudges.org\/rules\/wp-json\/wp\/v2\/pages\/4590\/revisions"}],"predecessor-version":[{"id":7688,"href":"https:\/\/blogs.magicjudges.org\/rules\/wp-json\/wp\/v2\/pages\/4590\/revisions\/7688"}],"wp:attachment":[{"href":"https:\/\/blogs.magicjudges.org\/rules\/wp-json\/wp\/v2\/media?parent=4590"}],"wp:term":[{"taxonomy":"language","embeddable":true,"href":"https:\/\/blogs.magicjudges.org\/rules\/wp-json\/wp\/v2\/language?post=4590"}],"curies":[{"name":"wp","href":"https:\/\/api.w.org\/{rel}","templated":true}]}}