{"id":4625,"date":"2016-08-06T09:12:13","date_gmt":"2016-08-06T06:12:13","guid":{"rendered":"http:\/\/blogs.magicjudges.org\/rules\/?page_id=4625"},"modified":"2018-11-05T20:58:30","modified_gmt":"2018-11-05T17:58:30","slug":"ipg-fr","status":"publish","type":"page","link":"https:\/\/blogs.magicjudges.org\/rules\/ipg-fr\/","title":{"rendered":"Guide des proc\u00e9dures et infractions de Magic"},"content":{"rendered":"<div style=\"float: right;width: 300px;margin-right: 0px;margin-top: -20px;text-align: right\"><em>Applicable au 29 septembre 2017<br \/>\nDerni\u00e8re mise \u00e0 jour le 6 mars 2017<\/em><\/div>\n<p>&nbsp;<\/p>\n<h2 style=\"text-align: justify;margin-top: -20px\">Introduction<\/h2>\n<div style=\"float: right;width: 80%;padding-left: 20px\">\n<p style=\"text-align: justify\">Le guide des proc\u00e9dures et infractions de <strong>Magic\u2122<\/strong> indique aux arbitres les sanctions ad\u00e9quates et les proc\u00e9dures appropri\u00e9es pour g\u00e9rer les infractions aux r\u00e8gles, pouvant se produire lors d\u2019un tournoi tenu \u00e0 un niveau d\u2019application des r\u00e8gles (Rules Enforcement Level, REL) comp\u00e9titif ou professionnel. Il explique \u00e9galement la philosophie sous-jacente ayant men\u00e9 \u00e0 leur mise en place. Ce Guide existe \u00e0 la fois pour prot\u00e9ger les joueurs d\u2019\u00e9ventuels abus et pour pr\u00e9server l\u2019int\u00e9grit\u00e9 du tournoi. Les violations des r\u00e8gles du jeu requi\u00e8rent souvent des p\u00e9nalit\u00e9s, sans quoi les r\u00e8gles seraient impossibles \u00e0 faire respecter. Les tournois en REL convivial sont r\u00e9gis par le document <a href=\"http:\/\/blogs.magicjudges.org\/translatedrules\/2014\/10\/16\/jar-20140926-fr\/\">Judging at Regular REL<\/a>.<\/p>\n<\/div>\n<div style=\"float: left;width: 20%;text-align: center\"><div class=\"alert alert-grey\" role=\"alert\"> <a href=\"http:\/\/blogs.magicjudges.org\/translatedrules\/2016\/04\/17\/ipg-20160408-fr\/\" target=\"_blank\" rel=\"noopener noreferrer\"><img loading=\"lazy\" decoding=\"async\" class=\"wp-image-1294 size-full\" src=\"http:\/\/blogs.magicjudges.org\/rules\/files\/2015\/10\/PDFicon.png\" alt=\"T\u00e9l\u00e9charger l'IPG\" width=\"100\" height=\"100\" \/><\/a> <strong><a style=\"font-size: 13px\" href=\"https:\/\/blogs.magicjudges.org\/translatedrules\/?lang=fr\" target=\"_blank\" rel=\"noopener noreferrer\"><br \/>\nT\u00e9l\u00e9charger l&#8217;IPG<\/a><\/strong><\/div><\/div>\n<h2>Structure de ce document<\/h2>\n<p style=\"text-align: justify\">Ce document est divis\u00e9 en deux grandes parties : <a href=\"http:\/\/blogs.magicjudges.org\/rules\/ipg1-fr\/\">les d\u00e9finitions g\u00e9n\u00e9rales et la philosophie<\/a> (section 1), et les infractions (sections 2 \u00e0 4). Les infractions sont class\u00e9es dans des cat\u00e9gories g\u00e9n\u00e9riques : <a href=\"http:\/\/blogs.magicjudges.org\/rules\/ipg-2-fr\/\">erreurs de jeu<\/a> (Game Play Errors), <a href=\"http:\/\/blogs.magicjudges.org\/rules\/ipg-3-fr\/\">erreurs de tournoi<\/a> (Tournament Errors) et <a href=\"http:\/\/blogs.magicjudges.org\/rules\/ipg-4-fr\/\">conduite antisportive<\/a> (Unsporting Conduct), dans lesquelles les infractions sp\u00e9cifiques sont d\u00e9crites une \u00e0 une.<\/p>\n<p style=\"text-align: justify\">Pour trouver de plus amples d\u00e9finitions des termes utilis\u00e9s dans ce document, veuillez consulter les <a href=\"http:\/\/blogs.magicjudges.org\/translatedrules\/2016\/04\/17\/mtr-20160408-fr\/\"><strong>Magic<\/strong> Tournament Rules<\/a>.<\/p>\n<p>Ce document existe en plusieurs langues. Si une diff\u00e9rence devait exister entre la version anglaise et une version non anglaise de ce document, les joueurs de tournoi doivent suivre les indications donn\u00e9es dans la version anglaise pour r\u00e9gler tout probl\u00e8me d\u2019interpr\u00e9tation de ce guide.<\/p>\n<p>Ce document est r\u00e9guli\u00e8rement mis \u00e0 jour. Pour en obtenir la version la plus r\u00e9cente, veuillez vous rendre sur <a href=\"http:\/\/blogs.magicjudges.org\/translatedrules\/?lang=fr\">http:\/\/blogs.magicjudges.org\/translatedrules\/?lang=fr<\/a>.<\/p>\n<h2>IPG annot\u00e9<\/h2>\n<p style=\"text-align: justify;margin-bottom: 0px\">L&#8217;IPG annot\u00e9 est une d\u00e9construction ligne par ligne de chaque phrase de l&#8217;IPG. L&#8217;IPG est un document tr\u00e8s dense avec tr\u00e8s peu de mots superflus. Chaque phrase a un sens et le but de l&#8217;IPG annot\u00e9 est d&#8217;attirer l&#8217;attention sur les d\u00e9tails subtils que cachent ces phrases. Il peut \u00eatre utilis\u00e9 comme guide d&#8217;apprentissage pour passer le Niveau 2, pour rafra\u00eechir la m\u00e9moire des arbitres qui reprennent du service ou pour trancher un d\u00e9bat de haute vol\u00e9e entre arbitres. Toutefois son objectif principal est l&#8217;\u00e9ducation.<\/p>\n<div class=\"alert alert-info\" role=\"alert\"> <em>Le contenu de l&#8217;IPG annot\u00e9 appara\u00eet sur ce site sous forme de panneaux bleus ins\u00e9r\u00e9s dans l&#8217;IPG comme ceci.<\/em><\/div>\n<p style=\"text-align: justify\">Si vous avez des questions ou des commentaires \u00e0 propos du texte de l&#8217;IPG annot\u00e9, veuillez contacter <a href=\"mailto:MagicJudges.aipg@gmail.com\" target=\"_blank\" rel=\"noopener noreferrer\">MagicJudges.aipg@gmail.com<\/a><\/p>\n<p style=\"text-align: justify;font-size: 24px\">Contenu<\/p>\n<h2 style=\"text-align: justify;font-size: 16px;margin-top: -20px\">1. <a style=\"color: #0000ff\" href=\"http:\/\/blogs.magicjudges.org\/rules\/ipg1-fr\/\">Philosophie g\u00e9n\u00e9rale<\/a><\/h2>\n<p style=\"padding-left: 30px\">1.1. <a href=\"http:\/\/blogs.magicjudges.org\/rules\/ipg1-1-fr\/\">D\u00e9finition des p\u00e9nalit\u00e9s<\/a><br \/>\n1.2. <a href=\"http:\/\/blogs.magicjudges.org\/rules\/ipg1-2-fr\/\">Appliquer une p\u00e9nalit\u00e9<\/a><br \/>\n1.3. <a href=\"http:\/\/blogs.magicjudges.org\/rules\/ipg1-3-fr\/\">Rendre un deck al\u00e9atoire<\/a><br \/>\n1.4. <a href=\"http:\/\/blogs.magicjudges.org\/rules\/ipg1-4-fr\/\">Revenir en arri\u00e8re<\/a><br \/>\n1.5. <a href=\"http:\/\/blogs.magicjudges.org\/rules\/ipg1-5-fr\/\">Ensembles de cartes<\/a><\/p>\n<h2 style=\"text-align: justify;font-size: 16px\">2. <a style=\"color: #0000ff\" href=\"http:\/\/blogs.magicjudges.org\/rules\/ipg2-fr\/\">Erreurs de jeu<\/a> (Game Play Errors)<\/h2>\n<p style=\"padding-left: 30px\">2.1. <a href=\"http:\/\/blogs.magicjudges.org\/rules\/ipg2-1-fr\/\">Erreur de jeu \u2014 Capacit\u00e9 d\u00e9clench\u00e9e manqu\u00e9e<\/a> (Missed Trigger)<br \/>\n2.2. <a href=\"http:\/\/blogs.magicjudges.org\/rules\/ipg2-2-fr\/\">Erreur de jeu \u2014 Observation de cartes suppl\u00e9mentaires<\/a> (Looking at Extra Cards)<br \/>\n2.3. <a href=\"http:\/\/blogs.magicjudges.org\/rules\/ipg2-3-fr\/\">Erreur de jeu \u2014 Erreur li\u00e9e \u00e0 une carte cach\u00e9e<\/a> (Hidden Card Error)<br \/>\n2.4. <a href=\"http:\/\/blogs.magicjudges.org\/rules\/ipg2-4-fr\/\">Erreur de jeu \u2014 Erreur lors de la proc\u00e9dure de mulligan<\/a> (Mulligan Procedure Error)<br \/>\n2.5. <a href=\"http:\/\/blogs.magicjudges.org\/rules\/ipg2-5-fr\/\">Erreur de jeu \u2014 Violation d\u2019une r\u00e8gle du jeu<\/a> (Game Rule Violation)<br \/>\n2.6. <a href=\"http:\/\/blogs.magicjudges.org\/rules\/ipg2-6-fr\/\">Erreur de jeu \u2014 \u00c9chec \u00e0 conserver un \u00e9tat de la partie l\u00e9gal<\/a> (Failure to Maintain Game State)<\/p>\n<h2 style=\"text-align: justify;font-size: 16px\">3. <a style=\"color: #0000ff\" href=\"http:\/\/blogs.magicjudges.org\/rules\/ipg3-fr\/\">Erreurs de tournoi<\/a> (Tournament Errors)<\/h2>\n<p style=\"padding-left: 30px\">3.1. <a href=\"http:\/\/blogs.magicjudges.org\/rules\/ipg3-1-fr\/\">Erreur de tournoi \u2014 Retard<\/a> (Tardiness)<br \/>\n3.2. <a href=\"http:\/\/blogs.magicjudges.org\/rules\/ipg3-2-fr\/\">Erreur de tournoi \u2014 Assistance ext\u00e9rieure<\/a> (Outside Assistance)<br \/>\n3.3. <a href=\"http:\/\/blogs.magicjudges.org\/rules\/ipg3-3-fr\/\">Erreur de tournoi \u2014 Rythme de jeu trop lent<\/a> (Slow Play)<br \/>\n3.4. <a href=\"http:\/\/blogs.magicjudges.org\/rules\/ipg3-4-fr\/\">Erreur de tournoi \u2014 Probl\u00e8me de liste de deck<\/a> (Decklist Problem)<br \/>\n3.5. <a href=\"http:\/\/blogs.magicjudges.org\/rules\/ipg3-5-fr\/\">Erreur de tournoi \u2014 Probl\u00e8me de deck<\/a> (Deck Problem)<br \/>\n3.6. <a href=\"http:\/\/blogs.magicjudges.org\/rules\/ipg3-6-fr\/\">Erreur de tournoi \u2014 Violation des proc\u00e9dures en format limit\u00e9<\/a> (Limited Procedure Violation)<br \/>\n3.7. <a href=\"http:\/\/blogs.magicjudges.org\/rules\/ipg3-7-fr\/\">Erreur de tournoi \u2014 Violation des r\u00e8gles de communication<\/a> (Communication Policy Violation)<br \/>\n3.8. <a href=\"http:\/\/blogs.magicjudges.org\/rules\/ipg3-8-fr\/\">Erreur de tournoi \u2014 Cartes marqu\u00e9es<\/a> (Marked Cards)<br \/>\n3.9. <a href=\"http:\/\/blogs.magicjudges.org\/rules\/ipg3-9-fr\/\">Erreur de tournoi \u2014 M\u00e9lange insuffisant<\/a> (Insufficient Shuffling)<\/p>\n<h2 style=\"text-align: justify;font-size: 16px\">4. <a style=\"color: #0000ff\" href=\"http:\/\/blogs.magicjudges.org\/rules\/ipg4-fr\/\">Conduite antisportive<\/a> (Unsporting Conduct)<\/h2>\n<p style=\"padding-left: 30px\">4.1. <a href=\"http:\/\/blogs.magicjudges.org\/rules\/ipg4-1-fr\/\">Conduite antisportive \u2014 Mineure<\/a> (Minor)<br \/>\n4.2. <a href=\"http:\/\/blogs.magicjudges.org\/rules\/ipg4-2-fr\/\">Conduite antisportive \u2014 Majeure<\/a> (Major)<br \/>\n4.3. <a href=\"http:\/\/blogs.magicjudges.org\/rules\/ipg4-3-fr\/\">Conduite antisportive \u2014 D\u00e9termination inappropri\u00e9e d&#8217;un vainqueur<\/a> (Improperly Determining a Winner)<br \/>\n4.4. <a href=\"http:\/\/blogs.magicjudges.org\/rules\/ipg4-4-fr\/\">Conduite antisportive \u2014 Corruption et paris<\/a> (Bribery and Wagering)<br \/>\n4.5. <a href=\"http:\/\/blogs.magicjudges.org\/rules\/ipg4-5-fr\/\">Conduite antisportive \u2014 Comportement agressif<\/a> (Aggressive Behavior)<br \/>\n4.6. <a href=\"http:\/\/blogs.magicjudges.org\/rules\/ipg4-6-fr\/\">Conduite antisportive \u2014 Vol de mat\u00e9riel de tournoi<\/a> (Theft of Tournament Material)<br \/>\n4.7. <a href=\"http:\/\/blogs.magicjudges.org\/rules\/ipg4-7-fr\/\">Conduite antisportive \u2014 Abus de la limite de temps<\/a> (Stalling)<br \/>\n4.8. <a href=\"http:\/\/blogs.magicjudges.org\/rules\/ipg4-8-fr\/\">Conduite antisportive \u2014 Triche<\/a> (Cheating)<\/p>\n<h2 style=\"text-align: justify;font-size: 16px\">Annexes<\/h2>\n<p style=\"padding-left: 30px\">Annexe A \u2014 <a href=\"http:\/\/blogs.magicjudges.org\/rules\/ipg-appendix-a-fr\/\">R\u00e9f\u00e9rence rapide des p\u00e9nalit\u00e9s<\/a><br \/>\nAnnexe B \u2014 <a href=\"http:\/\/blogs.magicjudges.org\/rules\/ipg-appendix-b-fr\/\">Changements par rapport aux versions pr\u00e9c\u00e9dentes<\/a><\/p>\n<p style=\"text-align: justify;font-size: 12px\">Toutes les marques d\u00e9pos\u00e9es sont la propri\u00e9t\u00e9 de Wizards of the Coast LLC aux U.S.A. et dans les autres pays. \u00a92016 Wizards.<\/p>\n","protected":false},"excerpt":{"rendered":"<p>Applicable au 29 septembre 2017 Derni\u00e8re mise \u00e0 jour le 6 mars 2017 &nbsp; Introduction Le guide des proc\u00e9dures et infractions de Magic\u2122 indique aux arbitres les sanctions ad\u00e9quates et les proc\u00e9dures appropri\u00e9es pour g\u00e9rer les infractions aux r\u00e8gles, pouvant se produire lors d\u2019un tournoi tenu \u00e0 un niveau d\u2019application des r\u00e8gles (Rules Enforcement Level, [&hellip;]<\/p>\n","protected":false},"author":249,"featured_media":0,"parent":0,"menu_order":0,"comment_status":"closed","ping_status":"closed","template":"page_width-index.php","meta":{"footnotes":"","_links_to":"","_links_to_target":""},"language":[9],"class_list":["post-4625","page","type-page","status-publish","hentry","language-fr"],"_links":{"self":[{"href":"https:\/\/blogs.magicjudges.org\/rules\/wp-json\/wp\/v2\/pages\/4625","targetHints":{"allow":["GET"]}}],"collection":[{"href":"https:\/\/blogs.magicjudges.org\/rules\/wp-json\/wp\/v2\/pages"}],"about":[{"href":"https:\/\/blogs.magicjudges.org\/rules\/wp-json\/wp\/v2\/types\/page"}],"author":[{"embeddable":true,"href":"https:\/\/blogs.magicjudges.org\/rules\/wp-json\/wp\/v2\/users\/249"}],"replies":[{"embeddable":true,"href":"https:\/\/blogs.magicjudges.org\/rules\/wp-json\/wp\/v2\/comments?post=4625"}],"version-history":[{"count":16,"href":"https:\/\/blogs.magicjudges.org\/rules\/wp-json\/wp\/v2\/pages\/4625\/revisions"}],"predecessor-version":[{"id":8579,"href":"https:\/\/blogs.magicjudges.org\/rules\/wp-json\/wp\/v2\/pages\/4625\/revisions\/8579"}],"wp:attachment":[{"href":"https:\/\/blogs.magicjudges.org\/rules\/wp-json\/wp\/v2\/media?parent=4625"}],"wp:term":[{"taxonomy":"language","embeddable":true,"href":"https:\/\/blogs.magicjudges.org\/rules\/wp-json\/wp\/v2\/language?post=4625"}],"curies":[{"name":"wp","href":"https:\/\/api.w.org\/{rel}","templated":true}]}}