{"id":4677,"date":"2016-08-09T09:32:10","date_gmt":"2016-08-09T06:32:10","guid":{"rendered":"http:\/\/blogs.magicjudges.org\/rules\/?page_id=4677"},"modified":"2016-08-09T09:32:10","modified_gmt":"2016-08-09T06:32:10","slug":"fr","status":"publish","type":"page","link":"https:\/\/blogs.magicjudges.org\/rules\/fr\/","title":{"rendered":""},"content":{"rendered":"<p style=\"text-align: justify;margin-top: 20px\">Bienvenue sur le site des Ressources sur les R\u00e8gles, qui h\u00e9berge les r\u00e8gles de <strong>Magic: The Gathering\u2122<\/strong> et les documents de son r\u00e8glement sur une plate-forme facile d&#8217;acc\u00e8s, dans laquelle on peut effectuer des recherches et vers laquelle on peut cr\u00e9er des hyperliens. Vous y trouverez \u00e9galement l&#8217;IPG annot\u00e9, les MTR annot\u00e9es et le guide des capacit\u00e9s d\u00e9clench\u00e9es manqu\u00e9es.<\/p>\n","protected":false},"excerpt":{"rendered":"<p>Bienvenue sur le site des Ressources sur les R\u00e8gles, qui h\u00e9berge les r\u00e8gles de Magic: The Gathering\u2122 et les documents de son r\u00e8glement sur une plate-forme facile d&#8217;acc\u00e8s, dans laquelle on peut effectuer des recherches et vers laquelle on peut cr\u00e9er des hyperliens. Vous y trouverez \u00e9galement l&#8217;IPG annot\u00e9, les MTR annot\u00e9es et le guide [&hellip;]<\/p>\n","protected":false},"author":137,"featured_media":0,"parent":0,"menu_order":0,"comment_status":"closed","ping_status":"closed","template":"","meta":{"footnotes":"","_links_to":"","_links_to_target":""},"language":[9],"class_list":["post-4677","page","type-page","status-publish","hentry","language-fr"],"_links":{"self":[{"href":"https:\/\/blogs.magicjudges.org\/rules\/wp-json\/wp\/v2\/pages\/4677","targetHints":{"allow":["GET"]}}],"collection":[{"href":"https:\/\/blogs.magicjudges.org\/rules\/wp-json\/wp\/v2\/pages"}],"about":[{"href":"https:\/\/blogs.magicjudges.org\/rules\/wp-json\/wp\/v2\/types\/page"}],"author":[{"embeddable":true,"href":"https:\/\/blogs.magicjudges.org\/rules\/wp-json\/wp\/v2\/users\/137"}],"replies":[{"embeddable":true,"href":"https:\/\/blogs.magicjudges.org\/rules\/wp-json\/wp\/v2\/comments?post=4677"}],"version-history":[{"count":2,"href":"https:\/\/blogs.magicjudges.org\/rules\/wp-json\/wp\/v2\/pages\/4677\/revisions"}],"predecessor-version":[{"id":4679,"href":"https:\/\/blogs.magicjudges.org\/rules\/wp-json\/wp\/v2\/pages\/4677\/revisions\/4679"}],"wp:attachment":[{"href":"https:\/\/blogs.magicjudges.org\/rules\/wp-json\/wp\/v2\/media?parent=4677"}],"wp:term":[{"taxonomy":"language","embeddable":true,"href":"https:\/\/blogs.magicjudges.org\/rules\/wp-json\/wp\/v2\/language?post=4677"}],"curies":[{"name":"wp","href":"https:\/\/api.w.org\/{rel}","templated":true}]}}