{"id":4866,"date":"2016-09-02T22:25:15","date_gmt":"2016-09-02T19:25:15","guid":{"rendered":"http:\/\/blogs.magicjudges.org\/rules\/?page_id=4866"},"modified":"2016-11-08T09:37:22","modified_gmt":"2016-11-08T06:37:22","slug":"ipg4-de","status":"publish","type":"page","link":"https:\/\/blogs.magicjudges.org\/rules\/ipg4-de\/","title":{"rendered":"IPG 4. Unsportliches Verhalten"},"content":{"rendered":"<table class=\"table table-hover table-condensed\" style=\"width: 100%\">\n<tbody>\n<tr>\n<td style=\"width: 50%;text-align: left\">4.1. <a href=\"http:\/\/blogs.magicjudges.org\/rules\/ipg4-1-de\/\">Unsportliches Verhalten \u2014 Geringf\u00fcgige Unsportlichkeit<\/a><\/td>\n<td style=\"width: 50%;text-align: left\">4.5. <a href=\"http:\/\/blogs.magicjudges.org\/rules\/ipg4-5-de\/\">Unsportliches Verhalten \u2014 Aggressives Verhalten<\/a><\/td>\n<\/tr>\n<tr>\n<td style=\"width: 50%;text-align: left\">4.2. <a href=\"http:\/\/blogs.magicjudges.org\/rules\/ipg4-2-de\/\">Unsportliches Verhalten \u2014 Grobe Unsportlichkeit<\/a><\/td>\n<td style=\"width: 50%;text-align: left\">4.6. <a href=\"http:\/\/blogs.magicjudges.org\/rules\/ipg4-6-de\/\">Unsportliches Verhalten \u2014 Diebstahl von Turniermaterial<\/a><\/td>\n<\/tr>\n<tr>\n<td style=\"width: 50%;text-align: left\">4.3. <a href=\"http:\/\/blogs.magicjudges.org\/rules\/ipg4-3-de\/\">Unsportliches Verhalten \u2014 Unzul\u00e4ssiges Bestimmen eines Gewinners<\/a><\/td>\n<td style=\"width: 50%;text-align: left\">4.7. <a href=\"http:\/\/blogs.magicjudges.org\/rules\/ipg4-7-de\/\">Unsportliches Verhalten \u2014 Zeitspiel<\/a><\/td>\n<\/tr>\n<tr>\n<td style=\"width: 50%;text-align: left\">4.4. <a href=\"http:\/\/blogs.magicjudges.org\/rules\/ipg4-4-de\/\">Unsportliches Verhalten \u2014 Bestechung und Wetten<\/a><\/td>\n<td style=\"width: 50%;text-align: left\">4.8. <a href=\"http:\/\/blogs.magicjudges.org\/rules\/ipg4-8-de\/\">Unsportliches Verhalten \u2014 Betrug<\/a><\/td>\n<\/tr>\n<tr>\n<td style=\"width: 50%;text-align: left\"><\/td>\n<td style=\"width: 50%;text-align: left\"><\/td>\n<\/tr>\n<\/tbody>\n<\/table>\n<p style=\"text-align: justify;margin-bottom: 0px\">Unsportliches Verhalten ist st\u00f6rendes Verhalten, dass die Sicherheit, den Wettbewerbsgedanken, die Freude oder die Integrit\u00e4t eines Turniers auf deutlich negative Weise beeinflusst.<\/p>\n<div class=\"alert alert-info\" role=\"alert\"> <em>Dies ist eine allgemeine Definition dessen, was unter \u201eUnsportliches Verhalten\u201c f\u00e4llt, und sie ist sehr umfassend formuliert. Einige von euch denken jetzt vielleicht, dass sie viel mehr Dinge abdeckt, als ihr erwartet habt \u2013 denkt daran, dass alle diese Dinge f\u00fcr ein tolles Turniererlebnis wichtig sind. Als Judges m\u00fcssen wir auf Dinge achten, die Spielern negative Erfahrungen bescheren k\u00f6nnen, und angemessen damit umgehen.<br \/>\n<\/em><\/div>\n<p style=\"text-align: justify;margin-bottom: 0px\">Unsportliches Verhalten ist nicht gleichzusetzen mit fehlendem Sportsgeist. Es gibt einen gro\u00dfe Grauzone an &#8220;wettbewerbsorientiertem&#8221; Verhalten, dass sicherlich weder &#8220;nett&#8221; noch &#8220;sportlich&#8221; ist, aber dennoch nicht die Kriterien f\u00fcr &#8220;unsportlich&#8221; erf\u00fcllt.<\/p>\n<div class=\"alert alert-info\" role=\"alert\"> <em>Diese Unterscheidung ist wichtig. Falls ein Spieler dir gegen\u00fcber nicht h\u00f6flich ist, hei\u00dft das noch nicht, dass er unsportlich ist. Du musst nicht \u201eGut gespielt\u201c nach einer erdr\u00fcckenden Niederlage sagen; du musst keine H\u00e4nde sch\u00fctteln; dein Gegner muss dir nicht haargenau sagen, was eine Karte macht; usw. Nichts davon f\u00e4llt unter Unsporting Conduct. Ein Spieler darf sein \u201eSpielergesicht\u201c zeigen.<\/em><\/div>\n<p style=\"text-align: justify;margin-bottom: 0px\">Der Head Judge hat die letzte Entscheidung dar\u00fcber, was als unsportliches Verhalten z\u00e4hlt.<\/p>\n<div class=\"alert alert-info\" role=\"alert\"> <em>Ein Floor Judge kann entscheiden, einen Unsporting Conduct Penalty zu geben, aber der Spieler kann diese Entscheidung anfechten. Wie bei vielen anderen Abschnitten dieses Dokuments ist der Head Judge die h\u00f6chste Autorit\u00e4t und entscheidet, ob etwas Unsporting Conduct ist. Es ist auch n\u00f6tig, die Zustimmung des Head Judge einzuholen, bevor du einen Versto\u00df gibst, der als Penalty ein Game Loss oder h\u00f6her hat, und im Falle einer Disqualifikation sollte der Head Judge den Penalty geben.<\/em><\/div>\n<p style=\"text-align: justify;margin-bottom: 0px\">Die Judges sollten den Spieler dar\u00fcber aufkl\u00e4ren, auf welche Weise sein Verhalten st\u00f6rend wirkt. Vom Spieler wird erwartet, dass er sein Verhalten umgehend korrigiert. Auch wenn es wichtig ist sicherzustellen, dass ein Spieler die Schwere seines Vergehens versteht, sollten die Judges immer zuerst die Situation beruhigen und erst im Anschluss daran den Versto\u00df erkl\u00e4ren und den Penalty vergeben.<\/p>\n<div class=\"alert alert-info\" role=\"alert\"> <em>Manchmal bemerken Spieler nicht, dass ihr Verhalten das Turnier st\u00f6rt. Sie sind mit ihren eigenen Sorgen besch\u00e4ftigt; daher m\u00fcssen die Judges sie dar\u00fcber in Kenntnis setzen, dass ihr Verhalten Probleme verursacht. Nachdem er informiert wurde, sollte ein Spieler sein Verhalten augenblicklich korrigieren. Um eine Situation am Eskalieren zu hindern, sollten Judges aber zuerst versuchen, die Situation unter Kontrolle zu kriegen. Wenn du einen w\u00fctenden Spieler vor dir hast, machst du es wahrscheinlich nur noch schlimmer, wenn du ihm in diesem Moment einen Penalty gibst. Nachdem du die Situation unter Kontrolle hast, kannst du dir Sorgen um Verst\u00f6\u00dfe machen.<\/em><\/div>\n","protected":false},"excerpt":{"rendered":"<p>4.1. Unsportliches Verhalten \u2014 Geringf\u00fcgige Unsportlichkeit 4.5. Unsportliches Verhalten \u2014 Aggressives Verhalten 4.2. Unsportliches Verhalten \u2014 Grobe Unsportlichkeit 4.6. Unsportliches Verhalten \u2014 Diebstahl von Turniermaterial 4.3. Unsportliches Verhalten \u2014 Unzul\u00e4ssiges Bestimmen eines Gewinners 4.7. Unsportliches Verhalten \u2014 Zeitspiel 4.4. Unsportliches Verhalten \u2014 Bestechung und Wetten 4.8. Unsportliches Verhalten \u2014 Betrug Unsportliches Verhalten ist st\u00f6rendes Verhalten, [&hellip;]<\/p>\n","protected":false},"author":137,"featured_media":0,"parent":0,"menu_order":0,"comment_status":"closed","ping_status":"closed","template":"page_width-index.php","meta":{"footnotes":"","_links_to":"","_links_to_target":""},"language":[12],"class_list":["post-4866","page","type-page","status-publish","hentry","language-de"],"_links":{"self":[{"href":"https:\/\/blogs.magicjudges.org\/rules\/wp-json\/wp\/v2\/pages\/4866","targetHints":{"allow":["GET"]}}],"collection":[{"href":"https:\/\/blogs.magicjudges.org\/rules\/wp-json\/wp\/v2\/pages"}],"about":[{"href":"https:\/\/blogs.magicjudges.org\/rules\/wp-json\/wp\/v2\/types\/page"}],"author":[{"embeddable":true,"href":"https:\/\/blogs.magicjudges.org\/rules\/wp-json\/wp\/v2\/users\/137"}],"replies":[{"embeddable":true,"href":"https:\/\/blogs.magicjudges.org\/rules\/wp-json\/wp\/v2\/comments?post=4866"}],"version-history":[{"count":6,"href":"https:\/\/blogs.magicjudges.org\/rules\/wp-json\/wp\/v2\/pages\/4866\/revisions"}],"predecessor-version":[{"id":5444,"href":"https:\/\/blogs.magicjudges.org\/rules\/wp-json\/wp\/v2\/pages\/4866\/revisions\/5444"}],"wp:attachment":[{"href":"https:\/\/blogs.magicjudges.org\/rules\/wp-json\/wp\/v2\/media?parent=4866"}],"wp:term":[{"taxonomy":"language","embeddable":true,"href":"https:\/\/blogs.magicjudges.org\/rules\/wp-json\/wp\/v2\/language?post=4866"}],"curies":[{"name":"wp","href":"https:\/\/api.w.org\/{rel}","templated":true}]}}