{"id":4878,"date":"2016-09-02T22:20:19","date_gmt":"2016-09-02T19:20:19","guid":{"rendered":"http:\/\/blogs.magicjudges.org\/rules\/?page_id=4878"},"modified":"2016-11-08T10:25:15","modified_gmt":"2016-11-08T07:25:15","slug":"ipg4-6-de","status":"publish","type":"page","link":"https:\/\/blogs.magicjudges.org\/rules\/ipg4-6-de\/","title":{"rendered":"IPG 4.6 Unsportliches Verhalten \u2014 Diebstahl von Turniermaterial"},"content":{"rendered":"<div style=\"padding-right: 20px;float: left;width: 80%;margin-top: 0px\">\n<h2>Definition<\/h2>\n<p>Ein Spieler stiehlt Material von einem Turnier. Das beinhaltet, beschr\u00e4nkt sich aber nicht auf Karten oder Turnierausr\u00fcstung.<\/p>\n<\/div>\n<div style=\"float: right;width: 20%;margin-top: 0px;margin-bottom: -20px;text-align: center\">\n<div class=\"alert alert-warning\" role=\"alert\"> <\/p>\n<p style=\"text-align: center;margin-top: 10px;margin-left: -10px\"><strong>Penalty<\/strong><\/p>\n<p style=\"text-align: center;margin-bottom: 10px;margin-left: -12px\">Disqualifikation<\/p>\n<p><\/div>\n<\/div>\n<br style=\"clear: both; height: 1px; margin: -1px 0pt 0pt; overflow: hidden;\">\n<p style=\"margin-top: -5px\"><div class=\"alert alert-info\" role=\"alert\"> <em>Egal ob sich dein moralisches Empfinden aus der \u00f6rtlichen Gesetzgebung, den zehn Geboten oder dem Codex Hammurapi ableitet, wei\u00dft du hoffentlich bereits, dass Diebstahl nicht akzeptabel ist. Dieses Verhalten wird auf Magic Turnieren genauso wenig geduldet wie in der Gesellschaft als Ganzes. Es wird eine klare Grenze gezogen: um diesen Penalty zu erhalten, muss Material vom Turnier gestohlen werden. Der Diebstahl eines Commander-Decks aus dem Rucksack eines Teilnehmers ist nicht Unsporting Conduct \u2013 Theft of Tournament Material. Es ist trotzdem inakzeptabel. Hat deine Mutter dir nicht beigebracht, das Stehlen fasch ist?<\/em><\/div><\/p>\n<h2 style=\"text-align: justify\">Beispiele<\/h2>\n<ul class=\"list-group\" style=\"text-align: justify;margin-left: 0px\">\n<li class=\"list-group-item\"><strong>A.<\/strong> Eine Spielerin stiehlt Karten vom Sideboard ihrer Gegnerin.<\/li>\n<li class=\"list-group-item\"><strong>B.<\/strong> Ein Spieler stiehlt die Tischnummer von einem Tisch.<br \/>\n<div class=\"alert alert-info\" role=\"alert\"> <em>Fehlt eine Tischnummer, ist es wahrscheinlich Nummer 69 oder Nummer 420.<\/em><\/div><\/li>\n<li class=\"list-group-item\"><strong>C.<\/strong> Eine Spielerin bemerkt, dass sie eine Karte einer Vorrundengegnerin bei sich hat, und beh\u00e4lt sie, statt es einem Turnier-Offiziellen zu melden.<br \/>\n<div class=\"alert alert-info\" role=\"alert\"> <em>Beispiel C macht deutlich, dass auch ein Spieler, der keinen vors\u00e4tzlichen Diebstahl geplant hatte, diesen Versto\u00df durch sp\u00e4teres Unterlassen einer Handlung begehen kann. Ein Ph\u00e4nomen, das so alt ist wie Magic selbst, sind Spieler, die vergessen, ihrem Gegner eine Kreatur zur\u00fcckzugeben, die sie mit Kontrollzauber \u00fcbernommen haben und die dann mit den anderen Karten in die Bibliothek gemischt wird. Das ist an sich noch kein Problem, solange der Spieler die Karte zur\u00fcckgibt oder einen Judge ruft, sobald er seinen Fehler bemerkt. Eine Spielerin, die bemerkt, dass sie versehentlich den <a href=\"https:\/\/blogs.magicjudges.org\/rules\/wp-content\/plugins\/lems-mtg-helper\/lems-mtg-helper-cardfinder.php?find=Sto%C3%9Fzahn-Thrag&width=223&height=310\" class=\"jTip\" name=\"\">Sto\u00dfzahn-Thrag<\/a> ihrer Vorrundengegnerin in ihrem Deck hat und die Sache verschweigt, ist hingegen ein gro\u00dfes Problem und erf\u00fcllt die Definition dieses Vergehens. Es ist sozusagen \u201epassiver Diebstahl\u201c.<\/em><\/div><\/li>\n<\/ul>\n<h2 style=\"text-align: justify;margin-top: 20px\">Philosophie<\/h2>\n<p style=\"text-align: justify;margin-bottom: 0px\">Die Spieler nehmen an einem Turnier teil in der Annahme, dass ihre Spielmaterialen gesch\u00fctzt sind.<\/p>\n<div class=\"alert alert-info\" role=\"alert\"> <em>Deine Rechte enden dort, wo die Rechte anderer beginnen. Spieler haben ein Anrecht auf ihr Eigentum, und du hast kein Recht, es ihnen zu nehmen. Dieser Satz sollte eigentlich gar nicht im IPG stehen m\u00fcssen.<\/em><\/div>\n<p style=\"text-align: justify;margin-bottom: 0px\">Das befreit sie nicht von ihrer Pflicht auf ihre Sachen aufzupassen, aber sie sollten davon ausgehen k\u00f6nnen, dass sie das Produkt mit dem sie das Turnier begonnen haben bzw. welches sie bekommen haben auch behalten.<\/p>\n<div class=\"alert alert-info\" role=\"alert\"> <em>Diebstahl ist ein allgegenw\u00e4rtiges Problem; daher ist es wichtig, ein Auge auf die eigenen Sachen zu haben. Trotz st\u00e4ndiger Erinnerungen durch Judges, TOs und sogar den IPG selbst kommt es selten vor, dass ein gro\u00dfes Turnier vergeht, ohne, dass einige Spieler den Diebstahl ihrer Taschen melden. Judges sollten nach Dieben Ausschau halten, aber letztendlich sind die Spieler selbst f\u00fcr ihr Eigentum verantwortlich.<\/em><\/div>\n<p style=\"text-align: justify;margin-bottom: 0px\">Andere Arten von Diebstahl, die nicht Turniermaterial betreffen, liegen in der Verantwortung des Turnier-Organisators. Es wird jedoch von den Judges erwartet, dass sie bestm\u00f6gliche Unterst\u00fctzung leisten.<\/p>\n<div class=\"alert alert-info\" role=\"alert\"> <em>Dieser Satz ist etwas knifflig. Was ist, falls ein Spieler eine Tasche mit Tauschordnern klaut, aber nicht das Deck eines Spielers? Technisch gesehen ist es nicht USC \u2013 Theft of Tournament Materials, auch wenn das Ergebnis (der Spieler wird aus dem Turnier entfernt) quasi das gleiche ist. Wird der Diebstahl einem Judge mitgeteilt, sollte der Judge den Turnier-Organisator verst\u00e4ndigen. Dieser k\u00fcmmert sich darum, dass die Person den Laden verl\u00e4sst und um das Hinzuziehen der Polizei. Solche F\u00e4lle solltest du weiterhin dem <a href=\"http:\/\/blogs.magicjudges.org\/o\/spheres\/investigations-committee\/\">Untersuchungskomitee<\/a> durch <a href=\"https:\/\/judge.wizards.com\/investigations.aspx\">den Reiter \u201eUntersuchungen\u201c im Judge Center<\/a> mitteilen. Ein Spieler, der eine Tasche stiehlt, sollte in jeder Hinsicht wie einer behandelt werden, der dieses Vergehen ver\u00fcbt.<br \/>\n<\/em><\/p>\n<p><em>Judges sind aber keine Polizisten \u2013 der Begriff \u201ebestm\u00f6gliche Unterst\u00fctzung\u201c meint nicht, dass wir den T\u00e4ter festhalten, teeren und federn, oder gefesselt auf dem Parkplatz des Gotham City Police Department zur\u00fccklassen. \u00dcberlassen wir die Selbstjustiz lieber den Superhelden.<\/em><\/div>\n<h2 style=\"text-align: justify\">Zus\u00e4tzliche Ma\u00dfnahmen<\/h2>\n<p style=\"text-align: justify;margin-bottom: 0px\">Der T\u00e4ter sollte vom Turnier-Organisator aufgefordert werden, den Veranstaltungsort zu verlassen.<\/p>\n<div class=\"alert alert-info\" role=\"alert\"> <em>Gehe nicht \u00fcber Los. Ziehe keine 200 \u20ac ein. Tsch\u00fcss!<\/em><\/div>\n","protected":false},"excerpt":{"rendered":"<p>Definition Ein Spieler stiehlt Material von einem Turnier. Das beinhaltet, beschr\u00e4nkt sich aber nicht auf Karten oder Turnierausr\u00fcstung. Beispiele A. Eine Spielerin stiehlt Karten vom Sideboard ihrer Gegnerin. B. Ein Spieler stiehlt die Tischnummer von einem Tisch. C. Eine Spielerin bemerkt, dass sie eine Karte einer Vorrundengegnerin bei sich hat, und beh\u00e4lt sie, statt es [&hellip;]<\/p>\n","protected":false},"author":137,"featured_media":0,"parent":0,"menu_order":0,"comment_status":"closed","ping_status":"closed","template":"page_width-index.php","meta":{"footnotes":"","_links_to":"","_links_to_target":""},"language":[12],"class_list":["post-4878","page","type-page","status-publish","hentry","language-de"],"_links":{"self":[{"href":"https:\/\/blogs.magicjudges.org\/rules\/wp-json\/wp\/v2\/pages\/4878","targetHints":{"allow":["GET"]}}],"collection":[{"href":"https:\/\/blogs.magicjudges.org\/rules\/wp-json\/wp\/v2\/pages"}],"about":[{"href":"https:\/\/blogs.magicjudges.org\/rules\/wp-json\/wp\/v2\/types\/page"}],"author":[{"embeddable":true,"href":"https:\/\/blogs.magicjudges.org\/rules\/wp-json\/wp\/v2\/users\/137"}],"replies":[{"embeddable":true,"href":"https:\/\/blogs.magicjudges.org\/rules\/wp-json\/wp\/v2\/comments?post=4878"}],"version-history":[{"count":4,"href":"https:\/\/blogs.magicjudges.org\/rules\/wp-json\/wp\/v2\/pages\/4878\/revisions"}],"predecessor-version":[{"id":5450,"href":"https:\/\/blogs.magicjudges.org\/rules\/wp-json\/wp\/v2\/pages\/4878\/revisions\/5450"}],"wp:attachment":[{"href":"https:\/\/blogs.magicjudges.org\/rules\/wp-json\/wp\/v2\/media?parent=4878"}],"wp:term":[{"taxonomy":"language","embeddable":true,"href":"https:\/\/blogs.magicjudges.org\/rules\/wp-json\/wp\/v2\/language?post=4878"}],"curies":[{"name":"wp","href":"https:\/\/api.w.org\/{rel}","templated":true}]}}