{"id":5683,"date":"2016-11-25T23:15:13","date_gmt":"2016-11-25T20:15:13","guid":{"rendered":"http:\/\/blogs.magicjudges.org\/rules\/?page_id=5683"},"modified":"2017-05-27T04:34:01","modified_gmt":"2017-05-27T01:34:01","slug":"ipg4-5-pt","status":"publish","type":"page","link":"https:\/\/blogs.magicjudges.org\/rules\/ipg4-5-pt\/","title":{"rendered":"IPG 4.5 Condutas Antidesportivas \u2014 Comportamento Agressivo"},"content":{"rendered":"<div style=\"padding-right: 20px;float: left;width: 80%;margin-top: 0px\">\n<h2><b><i>Defini\u00e7\u00e3o<\/i><\/b><\/h2>\n<p><i><span style=\"font-weight: 400\"><br \/>\nUm jogador age de maneira amea\u00e7adora com outros ou sua propriedade.<\/span><\/i><\/p>\n<\/div>\n<div style=\"float: right;width: 20%;margin-top: 0px;margin-bottom: -20px;text-align: center\">\n<div class=\"alert alert-warning\" role=\"alert\"> <\/p>\n<p style=\"text-align: center;margin-top: 10px;margin-left: -10px\"><strong>Penalidade<\/strong><\/p>\n<p style=\"text-align: center;margin-bottom: 10px;margin-left: -12px\">Desqualifica\u00e7\u00e3o<\/p>\n<p><\/div>\n<\/div>\n<br style=\"clear: both; height: 1px; margin: -1px 0pt 0pt; overflow: hidden;\">\n<p><em><div class=\"alert alert-info\" role=\"alert\"> Conduta Antidesportiva &#8211; Comportamento Agressivo \u00e9 algo muito claro. Ao contr\u00e1rio de Conduta Anti-Desportiva Menor e Maior, aonde aplicamos infra\u00e7\u00f5es com base em coisas que deixam pessoas desconfort\u00e1veis ou pessoas usando linguagem que pode insultar\/magoar (al\u00e9m de outras coisas), Conduta Antidesportiva &#8211; Comportamento Agressivo \u00e9 baseado em a\u00e7\u00f5es f\u00edsicas ou linguagem usada para sugerir uma inten\u00e7\u00e3o de causar preju\u00edzo f\u00edsico ou de intimidar fisicamente.<\/div><\/em><\/p>\n<h2><strong><em>Exemplos<\/em><\/strong><\/h2>\n<ol>\n<li><em> Um jogador amea\u00e7a bater em outro que se recusa a conceder para ele.<\/em><\/li>\n<li><em> Um jogador puxa uma cadeira debaixo de outro jogador, fazendo com que ele caia.<\/em><\/li>\n<li><em> Um jogador amea\u00e7a um juiz ap\u00f3s receber uma regra.<\/em><\/li>\n<li><em> Um jogador rasga um card pertencente a outro.<\/em><\/li>\n<li><em> Um jogador intencionalmente derruba uma mesa.<\/em><\/li>\n<\/ol>\n<p><em><div class=\"alert alert-info\" role=\"alert\"> Estes exemplos tornam bastante claro o que \u00e9 Conduta Antidesportiva &#8211; Comportamento Agressivo. Tamb\u00e9m inclui amea\u00e7as sutis, como &#8220;Eu vou estar esperando por voc\u00ea no estacionamento quando sair esta noite&#8221;. Voc\u00ea n\u00e3o precisa ficar muito preso a palavras espec\u00edficas &#8211; voc\u00ea sabe o que \u00e9 uma amea\u00e7a quando voc\u00ea v\u00ea uma. Tamb\u00e9m \u00e9 importante notar que, se um jogador prejudica a sua pr\u00f3pria propriedade, enquanto que isso seja possivelmente assustador, isto muito provavelmente n\u00e3o \u00e9 abrangido por Comportamento Agressivo e preferencialmente se encaixa em Conduta Antidesportiva &#8211; Menor &#8211; a menos que ele esteja fazendo isso de uma maneira que constitui uma amea\u00e7a.<\/div><\/em><\/p>\n<h2><strong><em>Filosofia<\/em><\/strong><\/h2>\n<p><em>A seguran\u00e7a de todas as pessoas num torneio \u00e9 de extrema import\u00e2ncia. N\u00e3o haver\u00e1 toler\u00e2ncia para abuso ou intimida\u00e7\u00e3o f\u00edsica.<\/em><\/p>\n<p><em><div class=\"alert alert-info\" role=\"alert\"> A raz\u00e3o pela qual aplicar uma desqualifica\u00e7\u00e3o para este tipo de infra\u00e7\u00e3o \u00e9 porque todo mundo deve se sentir seguro em qualquer evento sancionado, e permitir que algu\u00e9m continue em um evento ap\u00f3s tal comportamento seria desencorajar os jogadores de querer participar de um evento novamente.<\/div><\/em><\/p>\n<h2><strong><em>Solu\u00e7\u00e3o Adicional<\/em><\/strong><\/h2>\n<p><em>O infrator deve ser pedido para se retirar do local pelo organizador.<\/em><\/p>\n<p><em><div class=\"alert alert-info\" role=\"alert\"> Tenha em mente que a sua primeira prioridade \u00e9 desarmar a situa\u00e7\u00e3o. Como fazer isso depende da situa\u00e7\u00e3o. No entanto, voc\u00ea n\u00e3o \u00e9 um policial, e n\u00e3o \u00e9 obrigado a se envolver fisicamente. Quando esta infra\u00e7\u00e3o ocorre, o dia daquele jogador no evento acabou. Ele ser\u00e1 desclassificado. Certifique-se de recolher uma declara\u00e7\u00e3o para o comit\u00ea de investiga\u00e7\u00e3o se o jogador estiver disposto a dar uma, e n\u00e3o se esque\u00e7a de escrever a sua pr\u00f3pria. \u00c9 tamb\u00e9m aconselh\u00e1vel que o Organizador do Torneio pe\u00e7a ao jogador para deixar o local o mais r\u00e1pido poss\u00edvel. Uma distin\u00e7\u00e3o importante aqui \u00e9 que o Organizador do Torneio deve ser o \u00fanico a realmente tomar esta decis\u00e3o. Podemos incentivar o Organizador do Torneio a tomar essa decis\u00e3o, mas nossa jurisdi\u00e7\u00e3o n\u00e3o alcan\u00e7a al\u00e9m do \u00e2mbito do evento. Uma vez que o jogador n\u00e3o est\u00e1 mais envolvido com o evento ele j\u00e1 n\u00e3o \u00e9 algu\u00e9m que n\u00f3s, como ju\u00edzes, devemos estar lidando.<\/div><\/em><\/p>\n<p>&nbsp;<\/p>\n","protected":false},"excerpt":{"rendered":"<p>Defini\u00e7\u00e3o Um jogador age de maneira amea\u00e7adora com outros ou sua propriedade. Exemplos Um jogador amea\u00e7a bater em outro que se recusa a conceder para ele. Um jogador puxa uma cadeira debaixo de outro jogador, fazendo com que ele caia. Um jogador amea\u00e7a um juiz ap\u00f3s receber uma regra. Um jogador rasga um card pertencente [&hellip;]<\/p>\n","protected":false},"author":28,"featured_media":0,"parent":0,"menu_order":0,"comment_status":"closed","ping_status":"closed","template":"","meta":{"footnotes":"","_links_to":"","_links_to_target":""},"language":[13],"class_list":["post-5683","page","type-page","status-publish","hentry","language-pt_br"],"_links":{"self":[{"href":"https:\/\/blogs.magicjudges.org\/rules\/wp-json\/wp\/v2\/pages\/5683","targetHints":{"allow":["GET"]}}],"collection":[{"href":"https:\/\/blogs.magicjudges.org\/rules\/wp-json\/wp\/v2\/pages"}],"about":[{"href":"https:\/\/blogs.magicjudges.org\/rules\/wp-json\/wp\/v2\/types\/page"}],"author":[{"embeddable":true,"href":"https:\/\/blogs.magicjudges.org\/rules\/wp-json\/wp\/v2\/users\/28"}],"replies":[{"embeddable":true,"href":"https:\/\/blogs.magicjudges.org\/rules\/wp-json\/wp\/v2\/comments?post=5683"}],"version-history":[{"count":3,"href":"https:\/\/blogs.magicjudges.org\/rules\/wp-json\/wp\/v2\/pages\/5683\/revisions"}],"predecessor-version":[{"id":6828,"href":"https:\/\/blogs.magicjudges.org\/rules\/wp-json\/wp\/v2\/pages\/5683\/revisions\/6828"}],"wp:attachment":[{"href":"https:\/\/blogs.magicjudges.org\/rules\/wp-json\/wp\/v2\/media?parent=5683"}],"wp:term":[{"taxonomy":"language","embeddable":true,"href":"https:\/\/blogs.magicjudges.org\/rules\/wp-json\/wp\/v2\/language?post=5683"}],"curies":[{"name":"wp","href":"https:\/\/api.w.org\/{rel}","templated":true}]}}