{"id":5720,"date":"2016-12-15T23:35:18","date_gmt":"2016-12-15T20:35:18","guid":{"rendered":"http:\/\/blogs.magicjudges.org\/rules\/?page_id=5720"},"modified":"2018-10-03T08:25:20","modified_gmt":"2018-10-03T05:25:20","slug":"mtr2-12-es","status":"publish","type":"page","link":"https:\/\/blogs.magicjudges.org\/rules\/mtr2-12-es\/","title":{"rendered":"MTR 2.12 Dispositivos electr\u00f3nicos"},"content":{"rendered":"<p><span style=\"font-weight: 400\">En eventos de Nivel de imposici\u00f3n de reglas Competitivo o Profesional durante un draft, construcci\u00f3n de mazo o jugando partidas, los jugadores no pueden usar dispositivos electr\u00f3nicos capaces de tomar o guardar notas, comunicarse con otras personas o acceder a Internet (excepto para recibir breves llamadas personales con permiso del oponente).<\/span><\/p>\n<p><span style=\"font-weight: 400\"><div class=\"alert alert-info\" role=\"alert\"> <\/span><i><span style=\"font-weight: 400\"> Con los avances en tecnolog\u00eda, no podemos chequear que es lo que potencialmente puede o no estar en los tel\u00e9fonos de los jugadores. Dado que es posible el intercambio de informaci\u00f3n con cualquier persona de manera instant\u00e1nea mediante el uso de dispositivos electr\u00f3nicos, s\u00f3lo qued\u00f3 una soluci\u00f3n: prohibir el uso de cualquier tipo de dispositivos electr\u00f3nicos que puedan comunicarse con otros dispositivos en eventos de NIR Competitivo. As\u00ed es como no se permite a los jugadores la utilizaci\u00f3n de estos dispositivos en eventos de NIR Competitivo o Profesional.<\/span><\/i><\/p>\n<p><i><span style=\"font-weight: 400\">La versi\u00f3n anterior de esta regla prohib\u00eda el uso de todos los dispositivos electr\u00f3nicos, pero se ha disminuido a s\u00f3lo aquellos que puedan tomar y almacenar notas, comunicarse con otros dispositivos, o acceder a Internet. Eso permite el uso de calculadoras sencillas para mantener totales de vida, marcapasos, Brian Kibler puede sentarse y escuchar m\u00fasica mientras mezcla su mazo, etc.<\/span><\/i><span style=\"font-weight: 400\"><\/div><\/span><\/p>\n<p><span style=\"font-weight: 400\">En eventos de Nivel de imposici\u00f3n de reglas Normal se permiten los dispositivos electr\u00f3nicos, pero los jugadores no pueden usarlos para acceder a informaci\u00f3n que contiene consejo estrat\u00e9gico relevante o informaci\u00f3n sobre el mazo del oponente.<\/span><\/p>\n<p><span style=\"font-weight: 400\"><div class=\"alert alert-info\" role=\"alert\"> <\/span><i><span style=\"font-weight: 400\"> NIR Regular tiene una excepci\u00f3n, ya que se trata de una atm\u00f3sfera m\u00e1s relajada, y muchos jugadores utilizan sus tel\u00e9fonos celulares para registrar los totales de vida. De todas maneras no se les permite a los jugadores acceder a ning\u00fan tipo de informaci\u00f3n prohibida (como art\u00edculos sobre estrategia) a trav\u00e9s de dichos dispositivos.<\/span><\/i><span style=\"font-weight: 400\"><\/div><\/span><\/p>\n<p><span style=\"font-weight: 400\">El uso de dispositivos durante una partida m\u00e1s all\u00e1 de breves llamadas personales debe ser visible a todos los jugadores. Los jugadores que deseen ver informaci\u00f3n en forma privada en un dispositivo electr\u00f3nico durante una partida deben solicitar permiso a un juez.<\/span><\/p>\n<p><span style=\"font-weight: 400\"><div class=\"alert alert-info\" role=\"alert\"> <\/span><i><span style=\"font-weight: 400\"> La primera parte de este p\u00e1rrafo s\u00f3lo se aplica a NIR Normal. Si el jugador est\u00e1 registrando los totales de vida en su tel\u00e9fono m\u00f3vil, debe asegurarse de que el mismo permanezca visible para cada uno de los jugadores. El uso de dispositivos en privado se debe realizar solo luego de obtener permiso de un juez.<\/span><\/i><span style=\"font-weight: 400\"><\/div><\/span><\/p>\n<p><span style=\"font-weight: 400\">El Juez principal o el Organizador de un torneo puede restringir o prohibir el uso de dispositivos electr\u00f3nicos durante las partidas.<\/span><\/p>\n<p><span style=\"font-weight: 400\"><div class=\"alert alert-info\" role=\"alert\"> <\/span><i><span style=\"font-weight: 400\"> El Juez Principal, como siempre, es la m\u00e1xima autoridad final sobre qu\u00e9 est\u00e1 permitido, y puede prohibir a los jugadores la posibilidad de usar dispositivos electr\u00f3nicos si es que lo considera adecuado.<\/span><\/i><span style=\"font-weight: 400\"><\/div><\/span><\/p>\n<p style=\"text-align: justify;margin-bottom: 0px\">\n","protected":false},"excerpt":{"rendered":"<p>En eventos de Nivel de imposici\u00f3n de reglas Competitivo o Profesional durante un draft, construcci\u00f3n de mazo o jugando partidas, los jugadores no pueden usar dispositivos electr\u00f3nicos capaces de tomar o guardar notas, comunicarse con otras personas o acceder a Internet (excepto para recibir breves llamadas personales con permiso del oponente). En eventos de Nivel [&hellip;]<\/p>\n","protected":false},"author":243,"featured_media":0,"parent":0,"menu_order":0,"comment_status":"closed","ping_status":"closed","template":"","meta":{"footnotes":"","_links_to":"","_links_to_target":""},"language":[8],"class_list":["post-5720","page","type-page","status-publish","hentry","language-es"],"_links":{"self":[{"href":"https:\/\/blogs.magicjudges.org\/rules\/wp-json\/wp\/v2\/pages\/5720","targetHints":{"allow":["GET"]}}],"collection":[{"href":"https:\/\/blogs.magicjudges.org\/rules\/wp-json\/wp\/v2\/pages"}],"about":[{"href":"https:\/\/blogs.magicjudges.org\/rules\/wp-json\/wp\/v2\/types\/page"}],"author":[{"embeddable":true,"href":"https:\/\/blogs.magicjudges.org\/rules\/wp-json\/wp\/v2\/users\/243"}],"replies":[{"embeddable":true,"href":"https:\/\/blogs.magicjudges.org\/rules\/wp-json\/wp\/v2\/comments?post=5720"}],"version-history":[{"count":6,"href":"https:\/\/blogs.magicjudges.org\/rules\/wp-json\/wp\/v2\/pages\/5720\/revisions"}],"predecessor-version":[{"id":8364,"href":"https:\/\/blogs.magicjudges.org\/rules\/wp-json\/wp\/v2\/pages\/5720\/revisions\/8364"}],"wp:attachment":[{"href":"https:\/\/blogs.magicjudges.org\/rules\/wp-json\/wp\/v2\/media?parent=5720"}],"wp:term":[{"taxonomy":"language","embeddable":true,"href":"https:\/\/blogs.magicjudges.org\/rules\/wp-json\/wp\/v2\/language?post=5720"}],"curies":[{"name":"wp","href":"https:\/\/api.w.org\/{rel}","templated":true}]}}