{"id":5821,"date":"2017-01-08T01:15:26","date_gmt":"2017-01-07T22:15:26","guid":{"rendered":"http:\/\/blogs.magicjudges.org\/rules\/?page_id=5821"},"modified":"2018-10-03T08:31:02","modified_gmt":"2018-10-03T05:31:02","slug":"mtr3-10-es","status":"publish","type":"page","link":"https:\/\/blogs.magicjudges.org\/rules\/mtr3-10-es\/","title":{"rendered":"MTR 3.10 Protectores"},"content":{"rendered":"<p><span style=\"font-weight: 400\">Los jugadores pueden usar protectores pl\u00e1sticos u otros art\u00edculos protectores en las cartas.<\/span><\/p>\n<p><span style=\"font-weight: 400\"><div class=\"alert alert-info\" role=\"alert\"> <\/span><i><span style=\"font-weight: 400\">A menudo los jugadores usar\u00e1n protectores en sus cartas para protegerlas de la suciedad y la fricci\u00f3n a la que son sometidas durante su uso continuo. Siempre que no interfieran con<\/span><\/i><a href=\"http:\/\/blogs.magicjudges.org\/rules\/mtr3-9-es\/\"><i><span style=\"font-weight: 400\"> el barajado<\/span><\/i><\/a><i><span style=\"font-weight: 400\">, o pudieran ser considerados ofensivos, ser\u00e1n permitidos con las siguientes condiciones.<\/span><\/i><span style=\"font-weight: 400\"><\/div><\/span><\/p>\n<p><span style=\"font-weight: 400\">Si un jugador opta por usar protectores de cartas, todos deben ser id\u00e9nticos y todas las cartas en su mazo deben estar en protectores de la misma manera.<\/span><\/p>\n<p><span style=\"font-weight: 400\"><div class=\"alert alert-info\" role=\"alert\"> <\/span><i><span style=\"font-weight: 400\">Los mazos con protectores de diferentes marcas\/tipo\/colores\/estado\/tama\u00f1o, etc. no est\u00e1n permitidos, ya que permite a los jugadores distinguir sus cartas sin la necesidad de verlas por delante. Adicionalmente, la condici\u00f3n de los protectores debe tenerse en cuenta. Si la mayor\u00eda de los protectores se encuentran da\u00f1ados o gastados por su cara visible mientras est\u00e1n en el mazo, pero algunos protectores est\u00e1n en mejor condici\u00f3n, no se consideran id\u00e9nticos. Otra pr\u00e1ctica com\u00fan es utilizar \u201cdoble protector\u201d en el mazo, en este caso todas las cartas deben estar con doble protector para que no exista variaci\u00f3n en la rigidez y grosor de las cartas. Desviaciones considerables sobre la indenticalidad de los protectores deber\u00e1 considerarse como <\/span><\/i><a href=\"http:\/\/blogs.magicjudges.org\/rules\/mtr3-11-es\"><i><span style=\"font-weight: 400\">Cartas Marcadas<\/span><\/i><\/a><span style=\"font-weight: 400\">.<\/div><\/span><\/p>\n<p><span style=\"font-weight: 400\">Si los protectores tienen un holograma u otra marca similar, las cartas deben ser colocadas en los protectores de manera tal que las marcas aparezcan s\u00f3lo en el frente de las cartas.<\/span><\/p>\n<p><span style=\"font-weight: 400\"><div class=\"alert alert-info\" role=\"alert\"> <\/span><i><span style=\"font-weight: 400\">As\u00ed para evitar que se revele informaci\u00f3n porque se refleja una carta en el protector mientras se encuentran en una pila una sobre otra, estos hologramas deben estar solo por la cara visible de la carta.<\/span><\/i><span style=\"font-weight: 400\"><\/div><\/span><\/p>\n<p><span style=\"font-weight: 400\">Durante una partida, un jugador puede pedir a un juez que inspeccione los protectores de cartas de su oponente.<\/span><\/p>\n<p><span style=\"font-weight: 400\"><div class=\"alert alert-info\" role=\"alert\"> <\/span><i><span style=\"font-weight: 400\">Si un jugador encuentra algo sospechoso, puede solicitar a un juez que revise los protectores para identificar<\/span><\/i><a href=\"http:\/\/blogs.magicjudges.org\/rules\/mtr3-11-es\/\"> <i><span style=\"font-weight: 400\">Cartas marcadas<\/span><\/i><\/a><i><span style=\"font-weight: 400\">. El proceso para esto es similar a una revisi\u00f3n de mazo, en donde las cartas son examinadas brevemente en busca de disimilitudes o problemas. Cabe destacar que todos los protectores pueden ser considerados marcados en caso de ser revisados lo suficientemente cerca, y esto debe ser considerado al revisarlos.<\/span><\/i><span style=\"font-weight: 400\"><\/div><\/span><\/p>\n<p><span style=\"font-weight: 400\">El juez puede prohibir los protectores de cartas si cree que est\u00e1n marcados, doblados o tienen alguna condici\u00f3n que de alguna manera interfieran con el barajado o el juego.<\/span><\/p>\n<p><span style=\"font-weight: 400\"><div class=\"alert alert-info\" role=\"alert\"> <\/span><i><span style=\"font-weight: 400\">En el caso que se determine que los protectores est\u00e1n interfiriendo con el desarrollo o la integridad del juego. El juez puede solicitar que sean reemplazados por lo que queda de torneo.<\/span><\/i><span style=\"font-weight: 400\"><\/div><\/span><\/p>\n<p><span style=\"font-weight: 400\">En pos de la eficiencia, el juez puede optar por retrasar un cambio de protectores hasta el final de la partida.<\/span><\/p>\n<p><span style=\"font-weight: 400\"><div class=\"alert alert-info\" role=\"alert\"> <\/span><i><span style=\"font-weight: 400\">El acto de pedirle a un jugador que cambie sus protectores en medio de un encuentro es claramente disruptivo, si el juez considera que no es urgente el cambio, posponerlo hasta finalizar el encuentro se convierte en la alternativa a seguir. De ser necesario, puede darse tiempo adicional para completar el cambio de protectores y permitir que el jugador contin\u00fae en el torneo.<\/span><\/i><span style=\"font-weight: 400\"><\/div><\/span><\/p>\n<p><span style=\"font-weight: 400\">Los torneos de Nivel de Imposici\u00f3n de Reglas Competitivo y Profesional tienen restricciones adicionales sobre los protectores.<\/span><\/p>\n<p><span style=\"font-weight: 400\"><div class=\"alert alert-info\" role=\"alert\"> <\/span><i><span style=\"font-weight: 400\">Debido a la naturaleza de eventos de nivel de reglas competitivo y profesional, restricciones adicionales son puestas para asegurar que la integridad del evento se mantenga. Como tal, en estos eventos, las siguientes observaciones y regulaciones deben ser cumplidas y consideradas.<\/span><\/i><span style=\"font-weight: 400\"><\/div><\/span><\/p>\n<p><span style=\"font-weight: 400\">No se permiten los reversos muy reflectantes. Los protectores con patrones de holograma en parte o todo el frente o reverso del protector no est\u00e1n permitidos.<\/span><\/p>\n<p><span style=\"font-weight: 400\"><div class=\"alert alert-info\" role=\"alert\"> <\/span><i><span style=\"font-weight: 400\">Si la parte posterior de los protectores es altamente reflectante, puede ganarse informaci\u00f3n al tomar una carta del mazo donde algunas caracter\u00edsticas pueden ser observadas como si es o no una carta de tierra, o de que color es. Esto claramente no puede ser permitido debido al riesgo de abuso que puede generar.<\/span><\/i><\/p>\n<p><i><span style=\"font-weight: 400\">La restricci\u00f3n de patrones hologr\u00e1ficos en la parte anterior est\u00e1 para maximizar la claridad de las cartas sobre la mesa. Cabe destacar que dada la naturaleza insignificante del logo Ultra Pro, su posicionamiento y tama\u00f1o no es un factor al evaluar los protectores.<\/span><\/i><span style=\"font-weight: 400\"><\/div><\/span><\/p>\n<p><span style=\"font-weight: 400\">Los protectores con arte en su reverso est\u00e1n sujetos a una revisi\u00f3n adicional, especialmente si no tienen bordes homog\u00e9neos.<\/span><\/p>\n<p><span style=\"font-weight: 400\"><div class=\"alert alert-info\" role=\"alert\"> <\/span><i><span style=\"font-weight: 400\">Con bordes s\u00f3lidos los jugadores no pueden esconder marcas f\u00e1cilmente en los protectores que pueden ser vistas al estar en una pila, mientras que sin bordes s\u00f3lidos, las anormalidades pueden ser m\u00e1s dif\u00edciles de notar, y por esto exigir mayor atenci\u00f3n al evaluar los protectores.<\/span><\/i><span style=\"font-weight: 400\"><\/div><\/span><\/p>\n<p><span style=\"font-weight: 400\">Al usar protectores en cartas de dos caras, los protectores deben ser completamente opacos.<\/span><\/p>\n<p><span style=\"font-weight: 400\"><div class=\"alert alert-info\" role=\"alert\"> <\/span><i><span style=\"font-weight: 400\">En el caso que un jugador est\u00e9 usando cartas de dos caras dentro de su mazo en lugar de usar las checklist, el protector no debe permitir ninguna identificaci\u00f3n de que una carta doble se encuentra ah\u00ed. A menudo la manera m\u00e1s f\u00e1cil de observar esto es mirar a la luz la parte posterior del protector desde varios \u00e1ngulos para determinar que tan opaco es. Si los protectores no son adecuados para usar cartas dobles en ellos el jugador deber\u00e1 utilizar las checklist que correspondan o protectores adecuados. La infracci\u00f3n<\/span><\/i><a href=\"http:\/\/blogs.magicjudges.org\/rules\/mtr3-11-es\/\"> <i><span style=\"font-weight: 400\">Carta marcada<\/span><\/i><\/a><i><span style=\"font-weight: 400\"> puede aplicar.<\/span><\/i><span style=\"font-weight: 400\"><\/div><\/span><\/p>\n<p><span style=\"font-weight: 400\">El juez principal es la autoridad final sobre qu\u00e9 protectores se permiten.<\/span><\/p>\n<p style=\"text-align: justify;margin-bottom: 0px\">\n","protected":false},"excerpt":{"rendered":"<p>Los jugadores pueden usar protectores pl\u00e1sticos u otros art\u00edculos protectores en las cartas. Si un jugador opta por usar protectores de cartas, todos deben ser id\u00e9nticos y todas las cartas en su mazo deben estar en protectores de la misma manera. Si los protectores tienen un holograma u otra marca similar, las cartas deben ser [&hellip;]<\/p>\n","protected":false},"author":190,"featured_media":0,"parent":0,"menu_order":0,"comment_status":"closed","ping_status":"closed","template":"","meta":{"footnotes":"","_links_to":"","_links_to_target":""},"language":[8],"class_list":["post-5821","page","type-page","status-publish","hentry","language-es"],"_links":{"self":[{"href":"https:\/\/blogs.magicjudges.org\/rules\/wp-json\/wp\/v2\/pages\/5821","targetHints":{"allow":["GET"]}}],"collection":[{"href":"https:\/\/blogs.magicjudges.org\/rules\/wp-json\/wp\/v2\/pages"}],"about":[{"href":"https:\/\/blogs.magicjudges.org\/rules\/wp-json\/wp\/v2\/types\/page"}],"author":[{"embeddable":true,"href":"https:\/\/blogs.magicjudges.org\/rules\/wp-json\/wp\/v2\/users\/190"}],"replies":[{"embeddable":true,"href":"https:\/\/blogs.magicjudges.org\/rules\/wp-json\/wp\/v2\/comments?post=5821"}],"version-history":[{"count":2,"href":"https:\/\/blogs.magicjudges.org\/rules\/wp-json\/wp\/v2\/pages\/5821\/revisions"}],"predecessor-version":[{"id":8376,"href":"https:\/\/blogs.magicjudges.org\/rules\/wp-json\/wp\/v2\/pages\/5821\/revisions\/8376"}],"wp:attachment":[{"href":"https:\/\/blogs.magicjudges.org\/rules\/wp-json\/wp\/v2\/media?parent=5821"}],"wp:term":[{"taxonomy":"language","embeddable":true,"href":"https:\/\/blogs.magicjudges.org\/rules\/wp-json\/wp\/v2\/language?post=5821"}],"curies":[{"name":"wp","href":"https:\/\/api.w.org\/{rel}","templated":true}]}}