{"id":5831,"date":"2017-01-08T01:21:40","date_gmt":"2017-01-07T22:21:40","guid":{"rendered":"http:\/\/blogs.magicjudges.org\/rules\/?page_id=5831"},"modified":"2019-03-11T18:08:39","modified_gmt":"2019-03-11T15:08:39","slug":"mtr3-15-es","status":"publish","type":"page","link":"https:\/\/blogs.magicjudges.org\/rules\/mtr3-15-es\/","title":{"rendered":"MTR 3.15 Sideboard"},"content":{"rendered":"<p><span style=\"font-weight: 400\">Un sideboard es un grupo de cartas adicionales que el jugador puede usar para modificar su mazo entre juegos de una partida. El jugador puede usar estas cartas en su mazo principal en todos los juegos despu\u00e9s del primero en una misma partida.<\/span><\/p>\n<p><span style=\"font-weight: 400\"><div class=\"alert alert-info\" role=\"alert\"> <\/span><i><span style=\"font-weight: 400\">Es aconsejable para un jugador tener su sideboard con los mismos protectores que su mazo principal para, as\u00ed, poder cambiar cartas de forma r\u00e1pida.<\/span><\/i><span style=\"font-weight: 400\"><\/div><\/span><\/p>\n<p><span style=\"font-weight: 400\">Antes de comenzar cada juego, los jugadores deben presentar sus sideboards (si tienen) boca abajo. Los oponentes pueden contar la cantidad de cartas en el sideboard de su oponente en cualquier momento. Los jugadores no est\u00e1n obligados a revelar cu\u00e1ntas cartas intercambiaron entre su mazo principal y su sideboard y no necesitan cambiar una por una. Otros objetos (cartas de fichas, cartas de dos caras representadas en el mazo por una carta de listado, etc.) deber\u00edan dejarse separados del sideboard durante el juego.<\/span><\/p>\n<p><span style=\"font-weight: 400\"><div class=\"alert alert-info\" role=\"alert\"> <\/span><i><span style=\"font-weight: 400\">En EE.UU. la mayor\u00eda de los jugadores no presentan su sideboard, sino que lo dejan dentro su porta mazo, separado de su mazo principal. Esto, como solicitar a los oponentes que mezclen su mazo en vez de cortarlo, es requerido pero no estrictamente aplicado. <\/span><\/i><a href=\"http:\/\/blogs.magicjudges.org\/rules\/ipg3-5\/-es\"><i><span style=\"font-weight: 400\">Problema de Mazo\/Lista de Mazo en las IPG<\/span><\/i><\/a><i><span style=\"font-weight: 400\"> tambi\u00e9n nos dice que cualquier carta que se encuentre en el mismo lugar que el sideboard es considerada como parte de \u00e9ste. Esta es una de las ocurrencias m\u00e1s comunes de Problema de Mazo\/Lista de Mazo y por qu\u00e9 es importante para los jugadores el mantener su mazo separado de cualquier otra carta, como por ejemplo, de las raras del draft de la noche anterior. Para evitar una sanci\u00f3n los jugadores pueden presentar su sideboard, lo que es com\u00fan en algunos pa\u00edses.<br \/>\n<\/span><\/i><a href=\"http:\/\/blogs.magicjudges.org\/rules\/ipg3-5\/-es\"><i><span style=\"font-weight: 400\">Problema de Mazo\/Lista de Mazo en las IPG<\/span><\/i><\/a><i><span style=\"font-weight: 400\"> establece que estos \u201cotros objetos\u201d deben estar en protectores diferentes al del mazo\/sideboard.<\/span><\/i><span style=\"font-weight: 400\"><\/div><\/span><\/p>\n<p><span style=\"font-weight: 400\">Durante un juego, los jugadores pueden mirar su propio sideboard, manteni\u00e9ndolo separado de otras cartas en todo momento. Si un jugador gana el control de otro jugador, no puede mirar el sideboard ese jugador, ni puede hacer que ese jugador acceda a su sideboard. <\/span><\/p>\n<p><span style=\"font-weight: 400\"><div class=\"alert alert-info\" role=\"alert\"> <\/span><i><span style=\"font-weight: 400\">Es muy importante que los jugadores mantengan las cartas separadas de su mazo principal. Si en alg\u00fan momento el sideboard se mezcla con el mazo principal, no hay forma de verificar la legalidad del mazo y se pueden aplicar sanciones. Debe tenerse en cuenta un cambio reciente: Ya no permitimos a un jugador mirar el sideboard de otro jugador cuando el primero controla al segundo. Sin embargo, los jugadores pueden ver sus propios sideboards en cualquier momento.<\/span><\/i><span style=\"font-weight: 400\"><\/div><\/span><\/p>\n<p><span style=\"font-weight: 400\">El mazo y el sideboard deben ser regresados a su composici\u00f3n original antes del primer juego de cada partida.<\/span><\/p>\n<p><span style=\"font-weight: 400\"><div class=\"alert alert-info\" role=\"alert\"> <\/span><i><span style=\"font-weight: 400\">Esta regla aplica a todos los eventos de formatos Construidos, inclu\u00eddos aquellos con NIR Regular, no s\u00f3lo en aquellos que soliciten lista de mazos. Esto solo es necesario para eventos de formato Limitado siempre que se est\u00e9 usando una hoja de registro de mazo, de lo contrario los eventos son considerados como de construcci\u00f3n continua.<\/span><\/i><span style=\"font-weight: 400\"><\/div><\/span><\/p>\n<p><span style=\"font-weight: 400\">Las reglas de construcci\u00f3n y uso de mazo de cada formato particular contiene las restricciones sobre la composici\u00f3n de un sideboard.<\/span><\/p>\n<p><span style=\"font-weight: 400\"><div class=\"alert alert-info\" role=\"alert\"> <\/span><i><span style=\"font-weight: 400\">La mayor\u00eda de los formatos Construidos utilizan un m\u00e1ximo de 15 cartas en el sideboard. En eventos de formato Limitado las cartas que fueron abiertas y no est\u00e1n en tu mazo principal son consideradas como sideboard, al igual que un n\u00famero ilimitado de tierras b\u00e1sicas.<\/span><\/i><span style=\"font-weight: 400\"><\/div><\/span><\/p>\n<p><span style=\"font-weight: 400\">Si una penalizaci\u00f3n ocasiona que un jugador pierda el primer juego de una partida antes de haber comenzado dicho juego, o si el primer juego es un empate intencional antes de jugar alguna carta, ning\u00fan jugador puede usar cartas de su sideboard para el siguiente juego de la partida.<\/span><\/p>\n<p><span style=\"font-weight: 400\"><div class=\"alert alert-info\" role=\"alert\"> <\/span><i><span style=\"font-weight: 400\">En este caso no ha habido un \u201cprimer juego\u201d para este encuentro por lo que no se puede utilizar sideboard, ya que el pr\u00f3ximo juego ser\u00e1 el \u201cprimero\u201d. Cabe destacar que esta excepci\u00f3n aplica cuando se ha aplicado una sanci\u00f3n de \u201cp\u00e9rdida de juego\u201d antes de comenzar el primer juego, no el segundo o subsiguientes juegos. Una sanci\u00f3n de p\u00e9rdida de juego por<\/span><\/i><a href=\"http:\/\/blogs.magicjudges.org\/rules\/ipg3-5-es\/\"> <i><span style=\"font-weight: 400\">Problema de Mazo\/Lista de Mazo<\/span><\/i><\/a><i><span style=\"font-weight: 400\"> o<\/span><\/i><a href=\"http:\/\/blogs.magicjudges.org\/rules\/ipg3-8-es\/\"> <i><span style=\"font-weight: 400\">Cartas Marcadas<\/span><\/i><\/a><i><span style=\"font-weight: 400\"> descubierta durante la revisi\u00f3n de mazos es una forma com\u00fan de que esto suceda.<\/span><\/i><span style=\"font-weight: 400\"><\/div><\/span><\/p>\n<p><span style=\"font-weight: 400\">Si los jugadores reinician un juego debido a un efecto dentro del juego, la composici\u00f3n de los mazos debe permanecer igual para el juego reiniciado.<\/span><\/p>\n<p><span style=\"font-weight: 400\"><div class=\"alert alert-info\" role=\"alert\"> <\/span><i><span style=\"font-weight: 400\">Actualmente, la \u00faltima habilidad de Karn liberado(<a href=\"https:\/\/blogs.magicjudges.org\/rules\/wp-content\/plugins\/lems-mtg-helper\/lems-mtg-helper-cardfinder.php?find=Karn+Liberated&width=223&height=310\" class=\"jTip\" name=\"\">Karn Liberated<\/a>) es la \u00fanica habilidad que puede reiniciar el juego. Ver<\/span><\/i><a href=\"http:\/\/blogs.magicjudges.org\/rules\/cr714-es\/\"> <i><span style=\"font-weight: 400\">CR 714<\/span><\/i><\/a><i><span style=\"font-weight: 400\"> para las reglas adicionales sobre reiniciar el juego.<\/span><\/i><span style=\"font-weight: 400\"><\/div><\/span><\/p>\n<p><span style=\"font-weight: 400\">Algunas cartas se refieren a \u201cuna (carta o cartas) que est\u00e9 fuera de juego\u201d. En torneos, esas son cartas en el sideboard de ese jugador.<\/span><\/p>\n<p><span style=\"font-weight: 400\"><div class=\"alert alert-info\" role=\"alert\"> <\/span><i><span style=\"font-weight: 400\">Para evitar debates o resoluciones extra\u00f1as respecto a qu\u00e9 se entiende como \u201ccartas que uno posee\u201d, los torneos se rigen estrictamente por esta regla. Esto es algo que ocurre com\u00fanmente con las cartas de \u201cDeseos\u201d, que nos permiten poner dichas cartas en nuestra mano y que frecuentemente se usan en mazos de Modern y Legacy.<\/span><\/i><span style=\"font-weight: 400\"><\/div><\/span><\/p>\n<p>&nbsp;<\/p>\n","protected":false},"excerpt":{"rendered":"<p>Un sideboard es un grupo de cartas adicionales que el jugador puede usar para modificar su mazo entre juegos de una partida. El jugador puede usar estas cartas en su mazo principal en todos los juegos despu\u00e9s del primero en una misma partida. Antes de comenzar cada juego, los jugadores deben presentar sus sideboards (si [&hellip;]<\/p>\n","protected":false},"author":190,"featured_media":0,"parent":0,"menu_order":0,"comment_status":"closed","ping_status":"closed","template":"","meta":{"footnotes":"","_links_to":"","_links_to_target":""},"language":[8],"class_list":["post-5831","page","type-page","status-publish","hentry","language-es"],"_links":{"self":[{"href":"https:\/\/blogs.magicjudges.org\/rules\/wp-json\/wp\/v2\/pages\/5831","targetHints":{"allow":["GET"]}}],"collection":[{"href":"https:\/\/blogs.magicjudges.org\/rules\/wp-json\/wp\/v2\/pages"}],"about":[{"href":"https:\/\/blogs.magicjudges.org\/rules\/wp-json\/wp\/v2\/types\/page"}],"author":[{"embeddable":true,"href":"https:\/\/blogs.magicjudges.org\/rules\/wp-json\/wp\/v2\/users\/190"}],"replies":[{"embeddable":true,"href":"https:\/\/blogs.magicjudges.org\/rules\/wp-json\/wp\/v2\/comments?post=5831"}],"version-history":[{"count":5,"href":"https:\/\/blogs.magicjudges.org\/rules\/wp-json\/wp\/v2\/pages\/5831\/revisions"}],"predecessor-version":[{"id":8868,"href":"https:\/\/blogs.magicjudges.org\/rules\/wp-json\/wp\/v2\/pages\/5831\/revisions\/8868"}],"wp:attachment":[{"href":"https:\/\/blogs.magicjudges.org\/rules\/wp-json\/wp\/v2\/media?parent=5831"}],"wp:term":[{"taxonomy":"language","embeddable":true,"href":"https:\/\/blogs.magicjudges.org\/rules\/wp-json\/wp\/v2\/language?post=5831"}],"curies":[{"name":"wp","href":"https:\/\/api.w.org\/{rel}","templated":true}]}}