{"id":5865,"date":"2017-01-08T02:15:10","date_gmt":"2017-01-07T23:15:10","guid":{"rendered":"http:\/\/blogs.magicjudges.org\/rules\/?page_id=5865"},"modified":"2017-01-08T02:16:13","modified_gmt":"2017-01-07T23:16:13","slug":"mtr6-7-es","status":"publish","type":"page","link":"https:\/\/blogs.magicjudges.org\/rules\/mtr6-7-es\/","title":{"rendered":"MTR 6.7 Construcci\u00f3n de mazos en Formato Bloque Construido"},"content":{"rendered":"<p style=\"text-align: justify\">Las barajas de Bloque Construido corresponden a cartas que pertenecen a un grupo restringido de expansiones.<\/p>\n<p style=\"text-align: justify\">La DCI sanciona los siguientes formatos de Bloque Construido:<\/p>\n<ul style=\"text-align: justify\">\n<li>Bloque de <em>Kaladesh<\/em> (<em>Kaladesh<\/em> [efectivo desde el 30 de Septiembre de 2016], <em>Aether Revolt<\/em> [Efectivo desde el 20 de Enero de 2017])<\/li>\n<li>Bloque de <em>Sombras sobre Innistrad<\/em> (<em>Sombras sobre Innistrad,<\/em> <em>Luna de horrores<\/em> [efectivo desde el 22 de Julio de 2016])<\/li>\n<li>Bloque de <em>La Batalla por Zendikar<\/em><em> (La Batalla por Zendikar, El juramento de los Guardianes<\/em><\/li>\n<li>Bloque de <em>Kans de Tarkir<\/em><em> (Kans de Tarkir, Destino Reescrito, Dragones de Tarkir)<\/em><\/li>\n<li>Bloque de <em>Theros<\/em><em> (Theros, Nacidos de los dioses, Traves\u00eda hacia Nyx)<\/em><\/li>\n<li>Bloque de <em>Regreso a R\u00e1vnica<\/em><em> (Regreso a  R\u00e1vnica, Intrusi\u00f3n, Laberinto del Drag\u00f3n)<\/em><\/li>\n<li>Bloque de <em>Innistrad-Avacyn restituida<\/em><em> (Innistrad, Ascenso siniestro, Avacyn restituida)<\/em><\/li>\n<li>Bloque de <em>Cicatrices de Mirrodin<\/em><em> (Cicatrices de Mirrodin, Mirrodin sitiado, Nueva Phyrexia)<\/em><\/li>\n<li>Bloque de <em>Zendikar-Levantamiento de los Eldrazi<\/em><em> (Zendikar\u2122, Despertar del mundo, Levantamiento de los Eldrazi)<\/em><\/li>\n<li>Bloque de <em>Fragmentos de Alara<\/em><em> (Fragmentos de Alara, Conflux, Alara renacida)<\/em><\/li>\n<li>Bloque de<em>Lorwyn-P\u00e1ramo Sombr\u00edo<\/em><em> (Lorwyn, Alborada, P\u00e1ramo Sombr\u00edo, Crep\u00fasculo)<\/em><\/li>\n<li>Bloque de <em>Espiral del tiempo<\/em><em> (Espiral del tiempo, Caos Planar, Visi\u00f3n del futuro)<\/em><\/li>\n<li>Bloque de <em>R\u00e1vnica<\/em><em> (R\u00e1vnica: Ciudad de gremios, El Pacto entre Gremios, Discordia)<\/em><\/li>\n<li>Bloque de<em>Kamigawa<\/em><em> (Campeones de Kamigawa, Traidores de Kamigawa, Salvadores de Kamigawa)<\/em><\/li>\n<li>Bloque de <em>Mirrodin<\/em><em> (Mirrodin, Acero Oscuro, Quinto amanecer)<\/em><\/li>\n<li>Bloque de <em>Embestida<\/em><em> (Embestida, Legiones, Azote)<\/em><\/li>\n<li>Bloque de <em>Odisea<\/em>block<em> (Odisea, Tormento, Juicio)<\/em><\/li>\n<li>Bloque de <em>Invasion<\/em><em> (Invasion, Transmigraci\u00f3n, Apocalipsis)<\/em><\/li>\n<li>Bloque de <em>M\u00e1scaras<\/em><em> (M\u00e1scaras de Mercadia, N\u00e9mesis, Profec\u00eda)<\/em><\/li>\n<li>Bloque de <em>Urza<\/em><em> (La Saga de Urza, El Legado de Urza, El Destino de Urza)<\/em><\/li>\n<li>Bloque de <em>Tempestad<\/em><em> (Tempestad, Fortaleza, \u00c9xodo)<\/em><\/li>\n<li>Bloque de <em>Espejismo<\/em><em> (Espejismo, Visiones, El Vientoligero)<\/em><\/li>\n<li>Bloque de <em>Era Glacial<\/em><em> (Era Glacial, Alianzas, Ola de fr\u00edo)<\/em><\/li>\n<\/ul>\n<div class=\"alert alert-info\" role=\"alert\"> <em>Incluso en el formato de Bloque Constru\u00eddo hay cartas que ocasionalmente se trasladan de formato. Estas cartas est\u00e1n prohibidas en estos formatos y est\u00e1n listadas a continuaci\u00f3n.<\/em><br \/>\n<\/div>\n<p style=\"text-align: justify\">Las siguientes cartas est\u00e1n prohibidas en los torneos de Bloque Constru\u00eddo:<\/p>\n<table style=\"border-style: hidden;width: 640px\">\n<tbody>\n<tr>\n<td style=\"width: 320px\">\n<ul>\n<li><a href=\"https:\/\/blogs.magicjudges.org\/rules\/wp-content\/plugins\/lems-mtg-helper\/lems-mtg-helper-cardfinder.php?find=Intangible+Virtue&width=223&height=310\" class=\"jTip\" name=\"\">Intangible Virtue<\/a><\/li>\n<p>(Bloque de <em>Innistrad-Avacyn Restitu\u00edda<\/em>)<\/ul>\n<\/td>\n<td style=\"width: 320px\">\n<ul>\n<li><a href=\"https:\/\/blogs.magicjudges.org\/rules\/wp-content\/plugins\/lems-mtg-helper\/lems-mtg-helper-cardfinder.php?find=Rishadan+Port&width=223&height=310\" class=\"jTip\" name=\"\">Rishadan Port<\/a><\/li>\n<p>(Bloque de <em>M\u00e1scaras<\/em>)\n<\/ul>\n<\/td>\n<\/tr>\n<tr>\n<td style=\"width: 320px\">\n<ul>\n<li><a href=\"https:\/\/blogs.magicjudges.org\/rules\/wp-content\/plugins\/lems-mtg-helper\/lems-mtg-helper-cardfinder.php?find=Lingering+Souls&width=223&height=310\" class=\"jTip\" name=\"\">Lingering Souls<\/a><\/li>\n<p>(Bloque de <em>Innistrad-Avacyn Restitu\u00edda<\/em>)\n<\/ul>\n<\/td>\n<td style=\"width: 320px\">\n<ul>\n<li><a href=\"https:\/\/blogs.magicjudges.org\/rules\/wp-content\/plugins\/lems-mtg-helper\/lems-mtg-helper-cardfinder.php?find=Gaea%26%238217%3Bs+Cradle&width=223&height=310\" class=\"jTip\" name=\"\">Gaea&#8217;s Cradle<\/a><\/li>\n<p>(Bloque de <em>Urza<\/em>)\n<\/ul>\n<\/td>\n<\/tr>\n<tr>\n<td style=\"width: 320px\">\n<ul>\n<li><a href=\"https:\/\/blogs.magicjudges.org\/rules\/wp-content\/plugins\/lems-mtg-helper\/lems-mtg-helper-cardfinder.php?find=%C3%86ther+Vial&width=223&height=310\" class=\"jTip\" name=\"\">\u00c6ther Vial<\/a><\/li>\n<p>(Bloque de <em>Mirrodin<\/em>)\n<\/ul>\n<\/td>\n<td style=\"width: 320px\">\n<ul>\n<li><a href=\"https:\/\/blogs.magicjudges.org\/rules\/wp-content\/plugins\/lems-mtg-helper\/lems-mtg-helper-cardfinder.php?find=Memory+Jar&width=223&height=310\" class=\"jTip\" name=\"\">Memory Jar<\/a><\/li>\n<p>(Bloque de <em>Urza<\/em>)\n<\/ul>\n<\/td>\n<\/tr>\n<tr>\n<td style=\"width: 320px\">\n<ul>\n<li><a href=\"https:\/\/blogs.magicjudges.org\/rules\/wp-content\/plugins\/lems-mtg-helper\/lems-mtg-helper-cardfinder.php?find=Ancient+Den&width=223&height=310\" class=\"jTip\" name=\"\">Ancient Den<\/a><\/li>\n<p>(Bloque de <em>Mirrodin<\/em>)\n<\/ul>\n<\/td>\n<td style=\"width: 320px\">\n<ul>\n<li><a href=\"https:\/\/blogs.magicjudges.org\/rules\/wp-content\/plugins\/lems-mtg-helper\/lems-mtg-helper-cardfinder.php?find=Serra%26%238217%3Bs+Sanctum&width=223&height=310\" class=\"jTip\" name=\"\">Serra&#8217;s Sanctum<\/a><\/li>\n<p>(Bloque de <em>Urza<\/em>)\n<\/ul>\n<\/td>\n<\/tr>\n<tr>\n<td style=\"width: 320px\">\n<ul>\n<li><a href=\"https:\/\/blogs.magicjudges.org\/rules\/wp-content\/plugins\/lems-mtg-helper\/lems-mtg-helper-cardfinder.php?find=Arcbound+Ravager&width=223&height=310\" class=\"jTip\" name=\"\">Arcbound Ravager<\/a><\/li>\n<p>(Bloque de <em>Mirrodin<\/em>)\n<\/ul>\n<\/td>\n<td style=\"width: 320px\">\n<ul>\n<li><a href=\"https:\/\/blogs.magicjudges.org\/rules\/wp-content\/plugins\/lems-mtg-helper\/lems-mtg-helper-cardfinder.php?find=Time+Spiral&width=223&height=310\" class=\"jTip\" name=\"\">Time Spiral<\/a><\/li>\n<p>(Bloque de <em>Urza<\/em>)\n<\/ul>\n<\/td>\n<\/tr>\n<tr>\n<td style=\"width: 320px\">\n<ul>\n<li><a href=\"https:\/\/blogs.magicjudges.org\/rules\/wp-content\/plugins\/lems-mtg-helper\/lems-mtg-helper-cardfinder.php?find=Darksteel+Citadel&width=223&height=310\" class=\"jTip\" name=\"\">Darksteel Citadel<\/a><\/li>\n<p>(Bloque de <em>Mirrodin<\/em>)\n<\/ul>\n<\/td>\n<td style=\"width: 320px\">\n<ul>\n<li><a href=\"https:\/\/blogs.magicjudges.org\/rules\/wp-content\/plugins\/lems-mtg-helper\/lems-mtg-helper-cardfinder.php?find=Tolarian+Academy&width=223&height=310\" class=\"jTip\" name=\"\">Tolarian Academy<\/a><\/li>\n<p>(Bloque de <em>Urza<\/em>)\n<\/ul>\n<\/td>\n<\/tr>\n<tr>\n<td style=\"width: 320px\">\n<ul>\n<li><a href=\"https:\/\/blogs.magicjudges.org\/rules\/wp-content\/plugins\/lems-mtg-helper\/lems-mtg-helper-cardfinder.php?find=Disciple+of+the+Vault&width=223&height=310\" class=\"jTip\" name=\"\">Disciple of the Vault<\/a><\/li>\n<p>(Bloque de <em>Urza<\/em>)\n<\/ul>\n<\/td>\n<td style=\"width: 320px\">\n<ul>\n<li><a href=\"https:\/\/blogs.magicjudges.org\/rules\/wp-content\/plugins\/lems-mtg-helper\/lems-mtg-helper-cardfinder.php?find=Voltaic+Key&width=223&height=310\" class=\"jTip\" name=\"\">Voltaic Key<\/a><\/li>\n<p>(Bloque de <em>Urza<\/em>)\n<\/ul>\n<\/td>\n<\/tr>\n<tr>\n<td style=\"width: 320px\">\n<ul>\n<li><a href=\"https:\/\/blogs.magicjudges.org\/rules\/wp-content\/plugins\/lems-mtg-helper\/lems-mtg-helper-cardfinder.php?find=Great+Furnace&width=223&height=310\" class=\"jTip\" name=\"\">Great Furnace<\/a><\/li>\n<p>(Bloque de <em>Mirrodin<\/em>)\n<\/ul>\n<\/td>\n<td style=\"width: 320px\">\n<ul>\n<li><a href=\"https:\/\/blogs.magicjudges.org\/rules\/wp-content\/plugins\/lems-mtg-helper\/lems-mtg-helper-cardfinder.php?find=Windfall&width=223&height=310\" class=\"jTip\" name=\"\">Windfall<\/a><\/li>\n<p>(Bloque de <em>Urza<\/em>)\n<\/ul>\n<\/td>\n<\/tr>\n<tr>\n<td style=\"width: 320px\">\n<ul>\n<li><a href=\"https:\/\/blogs.magicjudges.org\/rules\/wp-content\/plugins\/lems-mtg-helper\/lems-mtg-helper-cardfinder.php?find=Seat+of+the+Synod&width=223&height=310\" class=\"jTip\" name=\"\">Seat of the Synod<\/a><\/li>\n<p>(Bloque de <em>Mirrodin<\/em>)\n<\/ul>\n<\/td>\n<td style=\"width: 320px\">\n<ul>\n<li><a href=\"https:\/\/blogs.magicjudges.org\/rules\/wp-content\/plugins\/lems-mtg-helper\/lems-mtg-helper-cardfinder.php?find=Cursed+Scroll&width=223&height=310\" class=\"jTip\" name=\"\">Cursed Scroll<\/a><\/li>\n<p>(Bloque de <em>Tempestad<\/em>)\n<\/ul>\n<\/td>\n<\/tr>\n<tr>\n<td style=\"width: 320px\">\n<ul>\n<li><a href=\"https:\/\/blogs.magicjudges.org\/rules\/wp-content\/plugins\/lems-mtg-helper\/lems-mtg-helper-cardfinder.php?find=Tree+of+Tales&width=223&height=310\" class=\"jTip\" name=\"\">Tree of Tales<\/a><\/li>\n<p>(Bloque de <em>Mirrodin<\/em>)\n<\/ul>\n<\/td>\n<td style=\"width: 320px\">\n<ul>\n<li><a href=\"https:\/\/blogs.magicjudges.org\/rules\/wp-content\/plugins\/lems-mtg-helper\/lems-mtg-helper-cardfinder.php?find=Squandered+Resources&width=223&height=310\" class=\"jTip\" name=\"\">Squandered Resources<\/a><\/li>\n<p>(Bloque de <em>Espejismo<\/em>)\n<\/ul>\n<\/td>\n<\/tr>\n<tr>\n<td style=\"width: 320px\">\n<ul>\n<li><a href=\"https:\/\/blogs.magicjudges.org\/rules\/wp-content\/plugins\/lems-mtg-helper\/lems-mtg-helper-cardfinder.php?find=Vault+of+Whispers&width=223&height=310\" class=\"jTip\" name=\"\">Vault of Whispers<\/a><\/li>\n<p>(Bloque de <em>Mirrodin<\/em>)\n<\/ul>\n<\/td>\n<td style=\"width: 320px\">\n<ul>\n<li><a href=\"https:\/\/blogs.magicjudges.org\/rules\/wp-content\/plugins\/lems-mtg-helper\/lems-mtg-helper-cardfinder.php?find=Amulet+of+Quoz&width=223&height=310\" class=\"jTip\" name=\"\">Amulet of Quoz<\/a><\/li>\n<p>(Bloque de <em>Era Glacial<\/em>)\n<\/ul>\n<\/td>\n<\/tr>\n<tr>\n<td style=\"width: 320px\">\n<ul>\n<li><a href=\"https:\/\/blogs.magicjudges.org\/rules\/wp-content\/plugins\/lems-mtg-helper\/lems-mtg-helper-cardfinder.php?find=Skullclamp&width=223&height=310\" class=\"jTip\" name=\"\">Skullclamp<\/a><\/li>\n<p>(Bloque de <em>Mirrodin<\/em>)\n<\/ul>\n<\/td>\n<td style=\"width: 320px\">\n<ul>\n<li><a href=\"https:\/\/blogs.magicjudges.org\/rules\/wp-content\/plugins\/lems-mtg-helper\/lems-mtg-helper-cardfinder.php?find=Thawing+Glaciers&width=223&height=310\" class=\"jTip\" name=\"\">Thawing Glaciers<\/a><\/li>\n<p>(Bloque de <em>Era Glacial<\/em>)\n<\/ul>\n<\/td>\n<\/tr>\n<tr>\n<td style=\"width: 320px\">\n<ul>\n<li><a href=\"https:\/\/blogs.magicjudges.org\/rules\/wp-content\/plugins\/lems-mtg-helper\/lems-mtg-helper-cardfinder.php?find=Lin+Sivvi%2C+Defiant+Hero&width=223&height=310\" class=\"jTip\" name=\"\">Lin Sivvi, Defiant Hero<\/a><\/li>\n<p>(Bloque de <em>M\u00e1scaras<\/em>)\n<\/ul>\n<\/td>\n<td style=\"width: 320px\">\n<ul>\n<li><a href=\"https:\/\/blogs.magicjudges.org\/rules\/wp-content\/plugins\/lems-mtg-helper\/lems-mtg-helper-cardfinder.php?find=Zuran+Orb&width=223&height=310\" class=\"jTip\" name=\"\">Zuran Orb<\/a><\/li>\n<p>(Bloque de <em>Era Glacial<\/em>)\n<\/ul>\n<\/td>\n<\/tr>\n<\/tbody>\n<\/table>\n<p><\/p>\n","protected":false},"excerpt":{"rendered":"<p>Las barajas de Bloque Construido corresponden a cartas que pertenecen a un grupo restringido de expansiones. La DCI sanciona los siguientes formatos de Bloque Construido: Bloque de Kaladesh (Kaladesh [efectivo desde el 30 de Septiembre de 2016], Aether Revolt [Efectivo desde el 20 de Enero de 2017]) Bloque de Sombras sobre Innistrad (Sombras sobre Innistrad, [&hellip;]<\/p>\n","protected":false},"author":190,"featured_media":0,"parent":0,"menu_order":0,"comment_status":"closed","ping_status":"closed","template":"","meta":{"footnotes":"","_links_to":"","_links_to_target":""},"language":[8],"class_list":["post-5865","page","type-page","status-publish","hentry","language-es"],"_links":{"self":[{"href":"https:\/\/blogs.magicjudges.org\/rules\/wp-json\/wp\/v2\/pages\/5865","targetHints":{"allow":["GET"]}}],"collection":[{"href":"https:\/\/blogs.magicjudges.org\/rules\/wp-json\/wp\/v2\/pages"}],"about":[{"href":"https:\/\/blogs.magicjudges.org\/rules\/wp-json\/wp\/v2\/types\/page"}],"author":[{"embeddable":true,"href":"https:\/\/blogs.magicjudges.org\/rules\/wp-json\/wp\/v2\/users\/190"}],"replies":[{"embeddable":true,"href":"https:\/\/blogs.magicjudges.org\/rules\/wp-json\/wp\/v2\/comments?post=5865"}],"version-history":[{"count":1,"href":"https:\/\/blogs.magicjudges.org\/rules\/wp-json\/wp\/v2\/pages\/5865\/revisions"}],"predecessor-version":[{"id":5866,"href":"https:\/\/blogs.magicjudges.org\/rules\/wp-json\/wp\/v2\/pages\/5865\/revisions\/5866"}],"wp:attachment":[{"href":"https:\/\/blogs.magicjudges.org\/rules\/wp-json\/wp\/v2\/media?parent=5865"}],"wp:term":[{"taxonomy":"language","embeddable":true,"href":"https:\/\/blogs.magicjudges.org\/rules\/wp-json\/wp\/v2\/language?post=5865"}],"curies":[{"name":"wp","href":"https:\/\/api.w.org\/{rel}","templated":true}]}}